000
CXUS56 KTFX 011110
CF6CTB
PRELIMINARY LOCAL CLIMATOLOGICAL DATA (WS FORM: F-6)
STATION: CUT BANK MT
MONTH: MAY
YEAR: 2023
LATITUDE: 48 37 N
LONGITUDE: 112 23 W
TEMPERATURE IN F: :PCPN: SNOW: WIND :SUNSHINE: SKY :PK WND
================================================================================
1 2 3 4 5 6A 6B 7 8 9 10 11 12 13 14 15 16 17 18
12Z AVG MX 2MIN
DY MAX MIN AVG DEP HDD CDD WTR SNW DPTH SPD SPD DIR MIN PSBL S-S WX SPD DR
================================================================================
1 75 39 57 13 8 0 0.00 M 0 11.6 21 130 M M 0 30 130
2 76 35 56 11 9 0 0.00 M 0 6.3 12 60 M M 0 17 50
3 81 43 62 17 3 0 0.00 M 0 7.8 18 260 M M 0 3 26 130
4 79 39 59 14 6 0 0.00 M 0 9.6 24 150 M M 2 8 33 70
5 71 47 59 13 6 0 0.00 M 0 10.3 38 170 M M 3 52 170
6 49 41 45 -1 20 0 0.40 M 0 12.3 26 50 M M 9 1 33 60
7 59 41 50 4 15 0 T M 0 8.8 17 330 M M 7 21 330
8 62 35 49 2 16 0 0.00 M 0 9.2 20 250 M M 3 25 260
9 61 35 48 1 17 0 0.00 M 0 8.2 23 40 M M 2 3 27 30
10 63 37 50 2 15 0 0.01 M 0 8.5 17 20 M M 5 21 20
11 63 45 54 6 11 0 0.07 M 0 6.0 23 310 M M 6 1 29 300
12 69 37 53 5 12 0 T M 0 7.1 15 70 M M 3 20 80
13 67 37 52 3 13 0 0.00 M 0 7.2 21 100 M M 4 31 120
14 68 41 55 6 10 0 0.00 M 0 9.7 21 120 M M 8 27 140
15 78 42 60 10 5 0 0.00 M 0 7.3 16 180 M M 1 1 23 110
16 81 49 65 15 0 0 0.00 M 0 18.7 31 330 M M 3 8 42 350
17 68 43 56 6 9 0 0.00 M 0 6.4 15 60 M M 4 8 20 40
18 69 37 53 3 12 0 0.00 M 0 6.2 12 330 M M 2 18 14 190
19 84 38 61 10 4 0 0.00 M 0 8.8 20 270 M M 0 18 26 250
20 84 50 67 16 0 2 0.00 M 0 8.9 20 100 M M 1 8 26 330
21 85 49 67 15 0 2 0.07 M 0 5.8 26 180 M M 1 18 33 190
22 72 44 58 6 7 0 0.00 M 0 16.1 35 270 M M 3 42 260
23 72 44 58 6 7 0 0.00 M 0 12.8 31 230 M M 1 41 240
24 70 49 60 8 5 0 0.04 M 0 9.2 17 280 M M 7 22 320
25 62 48 55 2 10 0 0.00 M 0 11.4 20 10 M M 9 26 20
26 62 50 56 3 9 0 0.03 M 0 6.9 14 130 M M 10 1 17 130
27 54 47 51 -2 14 0 1.03 M 0 7.3 15 330 M M 10 1 19 340
28 73 44 59 5 6 0 0.00 M 0 8.8 18 250 M M 2 24 260
29 76 53 65 11 0 0 0.00 M 0 12.5 31 240 M M 4 41 250
30 77 47 62 8 3 0 0.00 M 0 10.5 21 270 M M 0 29 270
31 77 44 61 7 4 0 0.00 M 0 7.8 21 300 M M 3 26 290
================================================================================
SM 2187 1330 256 4 1.65 M 288.0 M 113
================================================================================
AV 70.5 42.9 9.3 FASTST M M 4 MAX(MPH)
MISC ----> 38 170 52 170
================================================================================
NOTES:
# LAST OF SEVERAL OCCURRENCES
COLUMN 17 PEAK WIND IN M.P.H.
PRELIMINARY LOCAL CLIMATOLOGICAL DATA (WS FORM: F-6) , PAGE 2
STATION: CUT BANK MT
MONTH: MAY
YEAR: 2023
LATITUDE: 48 37 N
LONGITUDE: 112 23 W
[TEMPERATURE DATA] [PRECIPITATION DATA] SYMBOLS USED IN COLUMN 16
AVERAGE MONTHLY: 56.7 TOTAL FOR MONTH: 1.65 1 = FOG OR MIST
DPTR FM NORMAL: 7.1 DPTR FM NORMAL: 0.00 2 = FOG REDUCING VISIBILITY
HIGHEST: 85 ON 21 GRTST 24HR 1.04 ON 26-27 TO 1/4 MILE OR LESS
LOWEST: 35 ON 9, 8 3 = THUNDER
SNOW, ICE PELLETS, HAIL 4 = ICE PELLETS
TOTAL MONTH: M 5 = HAIL
GRTST 24HR M ON M 6 = FREEZING RAIN OR DRIZZLE
GRTST DEPTH: 0 7 = DUSTSTORM OR SANDSTORM:
VSBY 1/2 MILE OR LESS
8 = SMOKE OR HAZE
[NO. OF DAYS WITH] [WEATHER - DAYS WITH] 9 = BLOWING SNOW
X = TORNADO
MAX 32 OR BELOW: 0 0.01 INCH OR MORE: 7
MAX 90 OR ABOVE: 0 0.10 INCH OR MORE: 2
MIN 32 OR BELOW: 0 0.50 INCH OR MORE: 1
MIN 0 OR BELOW: 0 1.00 INCH OR MORE: 1
[HDD (BASE 65) ]
TOTAL THIS MO. 256 CLEAR (SCALE 0-3) 19
DPTR FM NORMAL -221 PTCLDY (SCALE 4-7) 8
TOTAL FM JUL 1 8302 CLOUDY (SCALE 8-10) 4
DPTR FM NORMAL -42
[CDD (BASE 65) ]
TOTAL THIS MO. 4
DPTR FM NORMAL 3 [PRESSURE DATA]
TOTAL FM JAN 1 4 HIGHEST SLP 30.55 ON 14
DPTR FM NORMAL 3 LOWEST SLP 29.62 ON 4
[REMARKS]
#FINAL-05-23#