000
CXUS56 KTFX 011110
CF6CTB
PRELIMINARY LOCAL CLIMATOLOGICAL DATA (WS FORM: F-6)
STATION: CUT BANK MT
MONTH: APRIL
YEAR: 2020
LATITUDE: 48 37 N
LONGITUDE: 112 23 W
TEMPERATURE IN F: :PCPN: SNOW: WIND :SUNSHINE: SKY :PK WND
================================================================================
1 2 3 4 5 6A 6B 7 8 9 10 11 12 13 14 15 16 17 18
12Z AVG MX 2MIN
DY MAX MIN AVG DEP HDD CDD WTR SNW DPTH SPD SPD DIR MIN PSBL S-S WX SPD DR
================================================================================
1 12 7 10 -27 55 0 0.02 M 2 10.1 21 10 M M 10 8 24 10
2 17 5 11 -26 54 0 T M 2 11.1 18 150 M M 9 8 22 150
3 39 5 22 -15 43 0 0.00 M 1 10.7 23 250 M M 3 28 250
4 35 19 27 -11 38 0 T M T 9.2 16 80 M M 9 1 19 90
5 43 22 33 -5 32 0 T M 0 6.8 17 190 M M 8 1 20 190
6 51 27 39 1 26 0 0.00 M 0 15.4 31 250 M M 2 39 250
7 54 27 41 3 24 0 0.00 M 0 18.2 31 270 M M 2 36 270
8 42 25 34 -5 31 0 0.00 M 0 3.6 17 60 M M 6 22 60
9 60 20 40 1 25 0 0.00 M 0 8.3 20 150 M M 0 24 130
10 52 25 39 0 26 0 0.07 M 0 16.0 29 330 M M 5 1 33 330
11 26 7 17 -23 48 0 0.04 M 5 16.6 35 20 M M 9 18 40 10
12 25 2 14 -26 51 0 T M 2 9.7 23 350 M M 4 27 340
13 33 9 21 -19 44 0 T M T 11.1 23 270 M M 5 1 27 320
14 49 27 38 -2 27 0 T M T 13.8 23 270 M M 7 30 290
15 38 20 29 -12 36 0 0.03 M T 16.8 31 20 M M 8 18 36 20
16 47 18 33 -8 32 0 T M T 8.9 17 250 M M 3 1 23 280
17 59 33 46 5 19 0 T M 0 21.7 35 260 M M 3 43 260
18 41 29 35 -7 30 0 0.03 M 0 10.6 22 20 M M 10 1 25 30
19 58 27 43 1 22 0 0.00 M 0 11.2 22 290 M M 4 12 28 250
20 62 33 48 6 17 0 0.00 M 0 14.6 26 250 M M 0 29 250
21 67 37 52 10 13 0 0.00 M 0 19.1 33 260 M M 0 51 250
22 61 34 48 5 17 0 0.00 M 0 19.7 33 260 M M 3 40 250
23 58 38 48 5 17 0 0.13 M 0 13.0 25 270 M M 7 13 30 270
24 58 32 45 2 20 0 T M 0 12.3 26 310 M M 2 32 310
25 59 28 44 0 21 0 T M 0 16.4 37 240 M M 1 44 240
26 62 36 49 5 16 0 0.00 M 0 15.7 28 240 M M 1 38 250
27 62 36 49 5 16 0 0.07 M 0 28.3 52 240 M M 2 1 60 240
28 62 33 48 3 17 0 0.00 M 0 16.0 31 250 M M 0 37 250
29 73 43 58 13 7 0 T M 0 11.0 35 250 M M 2 43 250
30 69 48 59 14 6 0 0.00 M 0 20.0 37 230 M M 1 46 240
================================================================================
SM 1474 752 830 0 0.39 M 415.9 M 126
================================================================================
AV 49.1 25.1 13.9 FASTST M M 4 MAX(MPH)
MISC ----> 52 240 60 240
================================================================================
NOTES:
# LAST OF SEVERAL OCCURRENCES
COLUMN 17 PEAK WIND IN M.P.H.
PRELIMINARY LOCAL CLIMATOLOGICAL DATA (WS FORM: F-6) , PAGE 2
STATION: CUT BANK MT
MONTH: APRIL
YEAR: 2020
LATITUDE: 48 37 N
LONGITUDE: 112 23 W
[TEMPERATURE DATA] [PRECIPITATION DATA] SYMBOLS USED IN COLUMN 16
AVERAGE MONTHLY: 37.1 TOTAL FOR MONTH: 0.39 1 = FOG OR MIST
DPTR FM NORMAL: -3.9 DPTR FM NORMAL: -0.39 2 = FOG REDUCING VISIBILITY
HIGHEST: 73 ON 29 GRTST 24HR 0.13 ON 23-23 TO 1/4 MILE OR LESS
LOWEST: 2 ON 12 3 = THUNDER
SNOW, ICE PELLETS, HAIL 4 = ICE PELLETS
TOTAL MONTH: M 5 = HAIL
GRTST 24HR M ON M 6 = FREEZING RAIN OR DRIZZLE
GRTST DEPTH: 5 ON 11 7 = DUSTSTORM OR SANDSTORM:
VSBY 1/2 MILE OR LESS
8 = SMOKE OR HAZE
[NO. OF DAYS WITH] [WEATHER - DAYS WITH] 9 = BLOWING SNOW
X = TORNADO
MAX 32 OR BELOW: 4 0.01 INCH OR MORE: 7
MAX 90 OR ABOVE: 0 0.10 INCH OR MORE: 1
MIN 32 OR BELOW: 20 0.50 INCH OR MORE: 0
MIN 0 OR BELOW: 0 1.00 INCH OR MORE: 0
[HDD (BASE 65) ]
TOTAL THIS MO. 830 CLEAR (SCALE 0-3) 14
DPTR FM NORMAL 108 PTCLDY (SCALE 4-7) 11
TOTAL FM JUL 1 8222 CLOUDY (SCALE 8-10) 5
DPTR FM NORMAL 404
[CDD (BASE 65) ]
TOTAL THIS MO. 0
DPTR FM NORMAL 0 [PRESSURE DATA]
TOTAL FM JAN 1 0 HIGHEST SLP 30.46 ON 15
DPTR FM NORMAL 0 LOWEST SLP 29.59 ON 6
[REMARKS]
#FINAL-04-20#