000
CXUS52 KCAE 011400
CF6CUB
PRELIMINARY LOCAL CLIMATOLOGICAL DATA (WS FORM: F-6)
STATION: HAMILTON - OWENS AIRPORT SC
MONTH: JUNE
YEAR: 2023
LATITUDE: 33 58 N
LONGITUDE: 80 59 W
TEMPERATURE IN F: :PCPN: SNOW: WIND :SUNSHINE: SKY :PK WND
================================================================================
1 2 3 4 5 6A 6B 7 8 9 10 11 12 13 14 15 16 17 18
12Z AVG MX 2MIN
DY MAX MIN AVG DEP HDD CDD WTR SNW DPTH SPD SPD DIR MIN PSBL S-S WX SPD DR
================================================================================
1 84 63 74 -3 0 9 0.00 M M 2.3 9 70 M M 2 1 16 10
2 85 65 75 -2 0 10 0.00 M M 2.9 12 70 M M 4 16 70
3 90 64 77 -1 0 12 0.00 M M 2.4 10 60 M M 0 15 70
4 76 63 70 -8 0 5 0.00 M M 3.8 10 20 M M 4 18 30
5 78 59 69 -9 0 4 0.00 M M 1.1 9 180 M M 4 12 210
6 89 64 77 -1 0 12 0.34 M M 3.9 13 290 M M 2 13 18 300
7 90 65 78 0 0 13 0.00 M M 4.2 16 270 M M 1 18 22 300
8 81 64 73 -6 0 8 0.15 M M 1.4 10 270 M M 7 18 14 230
9 83 61 72 -7 0 7 0.00 M M 2.5 12 310 M M 3 14 320
10 86 55 71 -8 0 6 0.00 M M 1.9 12 170 M M 1 18 16 180
11 88 63 76 -3 0 11 1.16 M M 4.3 26 270 M M 4 1238 36 270
12 86 67 77 -3 0 12 0.07 M M 7.5 20 260 M M 4 1 28 280
13 86 64 75 -5 0 10 0.00 M M 6.3 20 260 M M 0 27 260
14 84 65 75 -5 0 10 0.01 M M 7.6 18 230 M M 3 1 24 240
15 82 70 76 -4 0 11 0.00 M M 6.4 14 210 M M 5 18 280
16 91 69 80 0 0 15 0.00 M M 6.6 14 270 M M 3 19 280
17 89 66 78 -2 0 13 0.00 M M 2.0 10 300 M M 0 8 17 170
18 92 69 81 0 0 16 0.03 M M 3.6 15 260 M M 3 138 20 260
19 80 71 76 -5 0 11 0.46 M M 4.5 15 270 M M 6 123 20 250
20 82 70 76 -5 0 11 0.75 M M 3.5 13 180 M M 8 13 21 110
21 80 67 74 -7 0 9 1.26 M M 3.7 10 170 M M 10 138 16 70
22 77 68 73 -8 0 8 0.45 M M 3.9 13 170 M M 9 13 16 170
23 83 69 76 -5 0 11 0.12 M M 2.9 10 300 M M 5 1 15 300
24 88 69 79 -3 0 14 0.00 M M 4.4 16 260 M M 2 1 21 270
25 91 67 79 -3 0 14 0.00 M M 3.5 14 270 M M 0 1 18 270
26 93 69 81 -1 0 16 0.58 M M 6.5 16 220 M M 2 13 27 360
27 91 69 80 -2 0 15 0.00 M M 5.8 18 270 M M 2 3 23 260
28 91 70 81 -1 0 16 0.00 M M 1.8 8 290 M M 2 12 60
29 92 70 81 -1 0 16 0.00 M M 1.0 7 150 M M 2 18 9 160
30 91 72 82 0 0 17 0.00 M M 3.4 10 270 M M 2 18 14 280
================================================================================
SM 2579 1987 0 342 5.38 M 115.6 M 100
================================================================================
AV 86.0 66.2 3.9 FASTST M M 3 MAX(MPH)
MISC ----> 26 270 36 270
================================================================================
NOTES:
# LAST OF SEVERAL OCCURRENCES
COLUMN 17 PEAK WIND IN M.P.H.
PRELIMINARY LOCAL CLIMATOLOGICAL DATA (WS FORM: F-6) , PAGE 2
STATION: HAMILTON - OWENS AIRPORT SC
MONTH: JUNE
YEAR: 2023
LATITUDE: 33 58 N
LONGITUDE: 80 59 W
[TEMPERATURE DATA] [PRECIPITATION DATA] SYMBOLS USED IN COLUMN 16
AVERAGE MONTHLY: 76.1 TOTAL FOR MONTH: 5.38 1 = FOG OR MIST
DPTR FM NORMAL: -3.9 DPTR FM NORMAL: 0.61 2 = FOG REDUCING VISIBILITY
HIGHEST: 93 ON 26 GRTST 24HR 1.95 ON 20-21 TO 1/4 MILE OR LESS
LOWEST: 55 ON 10 3 = THUNDER
SNOW, ICE PELLETS, HAIL 4 = ICE PELLETS
TOTAL MONTH: M 5 = HAIL
GRTST 24HR M ON M 6 = FREEZING RAIN OR DRIZZLE
GRTST DEPTH: M ON M 7 = DUSTSTORM OR SANDSTORM:
VSBY 1/2 MILE OR LESS
8 = SMOKE OR HAZE
[NO. OF DAYS WITH] [WEATHER - DAYS WITH] 9 = BLOWING SNOW
X = TORNADO
MAX 32 OR BELOW: 0 0.01 INCH OR MORE: 12
MAX 90 OR ABOVE: 10 0.10 INCH OR MORE: 9
MIN 32 OR BELOW: 0 0.50 INCH OR MORE: 4
MIN 0 OR BELOW: 0 1.00 INCH OR MORE: 2
[HDD (BASE 65) ]
TOTAL THIS MO. 0 CLEAR (SCALE 0-3) 17
DPTR FM NORMAL 0 PTCLDY (SCALE 4-7) 10
TOTAL FM JUL 1 1862 CLOUDY (SCALE 8-10) 3
DPTR FM NORMAL -346
[CDD (BASE 65) ]
TOTAL THIS MO. 342
DPTR FM NORMAL -108 [PRESSURE DATA]
TOTAL FM JAN 1 643 HIGHEST SLP 30.09 ON 30
DPTR FM NORMAL -198 LOWEST SLP 29.63 ON 7
[REMARKS]
#FINAL-06-23#