000
CXUS55 KCYS 012332 CCA
CF6CYS
PRELIMINARY LOCAL CLIMATOLOGICAL DATA (WS FORM: F-6)...CORRECTED
STATION: CHEYENNE WYOMING AIRPORT
MONTH: OCTOBER
YEAR: 2022
LATITUDE: 41 9 N
LONGITUDE: 104 49 W
TEMPERATURE IN F: :PCPN: SNOW: WIND :SUNSHINE: SKY :PK WND
================================================================================
1 2 3 4 5 6A 6B 7 8 9 10 11 12 13 14 15 16 17 18
12Z AVG MX 2MIN
DY MAX MIN AVG DEP HDD CDD WTR SNW DPTH SPD SPD DIR MIN PSBL S-S WX SPD DR
================================================================================
1 66 45 56 3 9 0 0.01 0.0 0 6.0 16 130 M M 5 3 20 140
2 69 43 56 4 9 0 0.00 0.0 0 7.7 22 300 M M 3 31 310
3 70 45 58 6 7 0 0.08 0.0 0 6.1 21 350 M M 6 3 28 330
4 61 41 51 0 14 0 T 0.0 0 5.3 13 20 M M 4 19 350
5 66 38 52 1 13 0 0.00 0.0 0 8.1 14 20 M M 0 22 30
6 68 39 54 4 11 0 0.00 0.0 0 8.5 16 40 M M 2 12 23 80
7 49 35 42 -8 23 0 0.02 0.0 0 7.1 14 210 M M 9 12 17 110
8 64 32 48 -2 17 0 0.00 0.0 0 5.4 12 170 M M 0 16 130
9 71 37 54 5 11 0 0.00 0.0 0 7.4 14 270 M M 0 16 270
10 75 42 59 10 6 0 0.00 0.0 0 8.9 21 250 M M 2 27 270
11 69 36 53 5 12 0 T 0.0 0 16.1 33 270 M M 2 46 270
12 57 32 45 -3 20 0 0.00 0.0 0 10.8 25 20 M M 0 37 320
13 63 34 49 2 16 0 0.00 0.0 0 13.4 31 310 M M 1 50 310
14 68 34 51 4 14 0 0.00 0.0 0 12.6 32 330 M M 0 43 320
15 60 37 49 2 16 0 T 0.0 0 8.8 22 20 M M 4 30 30
16 56 33 45 -1 20 0 0.00 0.0 0 8.3 15 20 M M 1 22 320
17 62 29 46 0 19 0 0.00 0.0 0 5.7 10 280 M M 0 17 30
18 67 30 49 3 16 0 0.00 0.0 0 7.4 16 20 M M 0 23 20
19 70 38 54 9 11 0 0.00 0.0 0 14.2 25 330 M M 0 35 350
20 76 41 59 14 6 0 0.00 0.0 0 13.3 25 280 M M 0 36 270
21 73 46 60 16 5 0 0.00 0.0 0 14.8 36 260 M M 0 49 240
22 72 48 60 16 5 0 0.00 0.0 0 11.0 25 250 M M 0 36 230
23 54 33 44 0 21 0 T T 0 14.9 32 300 M M 7 45 330
24 44 29 37 -6 28 0 0.00 0.0 0 16.3 35 280 M M 2 46 280
25 54 29 42 -1 23 0 0.00 0.0 0 16.7 37 290 M M 2 52 280
26 51 32 42 -1 23 0 T 0.0 0 8.8 22 190 M M 4 8 29 200
27 48 27 38 -4 27 0 T T 0 11.8 22 350 M M 4 31 320
28 57 20 39 -3 26 0 0.00 0.0 0 11.3 22 190 M M 0 28 220
29 61 28 45 3 20 0 0.00 0.0 0 8.0 17 310 M M 0 22 320
30 60 32 46 4 19 0 0.00 0.0 0 6.5 14 200 M M 2 19 290
31 64 32 48 7 17 0 0.00 0.0 0 11.5 23 250 M M 0 31 270
================================================================================
SM 1945 1097 484 0 0.11 T 312.7 M 60
================================================================================
AV 62.7 35.4 10.1 FASTST M M 2 MAX(MPH)
MISC ----> 37 290 52 280
================================================================================
NOTES:
# LAST OF SEVERAL OCCURRENCES
COLUMN 17 PEAK WIND IN M.P.H.
PRELIMINARY LOCAL CLIMATOLOGICAL DATA (WS FORM: F-6) , PAGE 2
STATION: CHEYENNE WYOMING AIRPORT
MONTH: OCTOBER
YEAR: 2022
LATITUDE: 41 9 N
LONGITUDE: 104 49 W
[TEMPERATURE DATA] [PRECIPITATION DATA] SYMBOLS USED IN COLUMN 16
AVERAGE MONTHLY: 49.1 TOTAL FOR MONTH: 0.11 1 = FOG OR MIST
DPTR FM NORMAL: 2.6 DPTR FM NORMAL: -0.89 2 = FOG REDUCING VISIBILITY
HIGHEST: 76 ON 20 GRTST 24HR 0.08 ON 3- 3 TO 1/4 MILE OR LESS
LOWEST: 20 ON 28 3 = THUNDER
SNOW, ICE PELLETS, HAIL 4 = ICE PELLETS
TOTAL MONTH: T 5 = HAIL
GRTST 24HR T ON 23-23 6 = FREEZING RAIN OR DRIZZLE
GRTST DEPTH: 0 7 = DUSTSTORM OR SANDSTORM:
VSBY 1/2 MILE OR LESS
8 = SMOKE OR HAZE
[NO. OF DAYS WITH] [WEATHER - DAYS WITH] 9 = BLOWING SNOW
X = TORNADO
MAX 32 OR BELOW: 0 0.01 INCH OR MORE: 3
MAX 90 OR ABOVE: 0 0.10 INCH OR MORE: 0
MIN 32 OR BELOW: 12 0.50 INCH OR MORE: 0
MIN 0 OR BELOW: 0 1.00 INCH OR MORE: 0
[HDD (BASE 65) ]
TOTAL THIS MO. 484 CLEAR (SCALE 0-3) 23
DPTR FM NORMAL -90 PTCLDY (SCALE 4-7) 7
TOTAL FM JUL 1 601 CLOUDY (SCALE 8-10) 1
DPTR FM NORMAL -219
[CDD (BASE 65) ]
TOTAL THIS MO. 0
DPTR FM NORMAL 0 [PRESSURE DATA]
TOTAL FM JAN 1 701 HIGHEST SLP 30.47 ON 7
DPTR FM NORMAL 304 LOWEST SLP 29.11 ON 23
[REMARKS]
FIRST OCTOBER WITHOUT MEASURABLE SNOW SINCE 2016
DRIEST OCTOBER SINCE 1988
7TH CONSECUTIVE DRIER THAN AVERAGE MONTH
#FINAL-10-22#