536
CXUS56 KSGX 011245
CF6CZZ
PRELIMINARY LOCAL CLIMATOLOGICAL DATA (WS FORM: F-6)
STATION: CAMPO ASOS CA
MONTH: MAY
YEAR: 2020
LATITUDE: 32 37 N
LONGITUDE: 116 28 W
TEMPERATURE IN F: :PCPN: SNOW: WIND :SUNSHINE: SKY :PK WND
================================================================================
1 2 3 4 5 6A 6B 7 8 9 10 11 12 13 14 15 16 17 18
12Z AVG MX 2MIN
DY MAX MIN AVG DEP HDD CDD WTR SNW DPTH SPD SPD DIR MIN PSBL S-S WX SPD DR
================================================================================
1 80 42 61 3 4 0 0.00 0.0 0 8.2 21 220 M M 0 26 250
2 78 39 59 1 6 0 0.00 0.0 0 7.6 20 240 M M 0 27 230
3 79 39 59 0 6 0 0.00 0.0 0 7.8 21 240 M M 0 28 300
4 87 39 63 4 2 0 0.00 0.0 0 7.5 18 80 M M 0 24 70
5 92 46 69 10 0 4 0.00 0.0 0 7.0 17 310 M M 0 22 310
6 93 41 67 8 0 2 0.00 0.0 0 6.8 16 240 M M 0 20 240
7 93 41 67 8 0 2 0.00 0.0 0 7.2 18 220 M M 0 22 240
8 88 42 65 5 0 0 0.00 0.0 0 7.6 18 210 M M 0 23 200
9 85 45 65 5 0 0 0.00 0.0 0 7.4 21 210 M M 0 23 210
10 81 49 65 5 0 0 0.00 0.0 0 6.3 21 220 M M 0 24 220
11 78 47 63 3 2 0 0.00 0.0 0 8.5 21 220 M M 0 27 230
12 70 40 55 -5 10 0 0.02 M 0 10.5 23 260 M M 0 29 240
13 68 44 56 -4 9 0 0.00 0.0 0 8.9 18 250 M M 0 24 240
14 74 43 59 -2 6 0 0.00 0.0 0 7.1 18 220 M M 0 24 240
15 75 44 60 -1 5 0 0.00 0.0 0 7.4 20 220 M M 0 24 220
16 84 46 65 4 0 0 0.00 0.0 0 7.4 18 220 M M 0 23 220
17 80 45 63 2 2 0 0.00 0.0 0 8.1 20 220 M M 0 25 220
18 74 45 60 -1 5 0 0.00 0.0 0 8.9 22 310 M M 0 28 290
19 63 40 52 -9 13 0 0.00 0.0 0 10.4 23 250 M M 0 32 260
20 74 33 54 -7 11 0 0.00 0.0 0 6.1 21 210 M M 0 25 220
21 86 38 62 0 3 0 0.00 0.0 0 7.4 21 230 M M 0 26 230
22 77 37 57 -5 8 0 0.00 0.0 0 7.9 22 220 M M 0 27 220
23 72 42 57 -5 8 0 0.00 0.0 0 8.3 21 210 M M 0 26 220
24 89 39 64 2 1 0 0.00 0.0 0 6.6 22 220 M M 0 27 220
25 92 45 69 7 0 4 0.00 0.0 0 7.7 20 290 M M 0 25 80
26 94 47 71 9 0 6 0.00 0.0 0 6.8 18 250 M M 0 24 300
27 97 48 73 11 0 8 0.00 0.0 0 7.0 21 210 M M 0 27 210
28 89 50 70 8 0 5 0.00 0.0 0 8.2 21 220 M M 0 24 220
29 84 50 67 4 0 2 0.00 0.0 0 6.7 18 220 M M 0 23 200
30 77 43 60 -3 5 0 0.00 0.0 0 6.8 20 230 M M 0 28 260
31 84 45 65 2 0 0 0.00 0.0 0 7.6 18 220 M M 0 24 220
================================================================================
SM 2537 1334 106 33 0.02 0.0 237.7 M 0
================================================================================
AV 81.8 43.0 7.7 FASTST M M 0 MAX(MPH)
MISC ----> # 23 260 # 32 260
================================================================================
NOTES:
# LAST OF SEVERAL OCCURRENCES
COLUMN 17 PEAK WIND IN M.P.H.
PRELIMINARY LOCAL CLIMATOLOGICAL DATA (WS FORM: F-6) , PAGE 2
STATION: CAMPO ASOS CA
MONTH: MAY
YEAR: 2020
LATITUDE: 32 37 N
LONGITUDE: 116 28 W
[TEMPERATURE DATA] [PRECIPITATION DATA] SYMBOLS USED IN COLUMN 16
AVERAGE MONTHLY: 62.4 TOTAL FOR MONTH: 0.02 1 = FOG OR MIST
DPTR FM NORMAL: 1.7 DPTR FM NORMAL: -0.16 2 = FOG REDUCING VISIBILITY
HIGHEST: 97 ON 27 GRTST 24HR 0.02 ON 12-12 TO 1/4 MILE OR LESS
LOWEST: 33 ON 20 3 = THUNDER
SNOW, ICE PELLETS, HAIL 4 = ICE PELLETS
TOTAL MONTH: 0.0 INCH 5 = HAIL
GRTST 24HR 0.0 6 = FREEZING RAIN OR DRIZZLE
GRTST DEPTH: 0 7 = DUSTSTORM OR SANDSTORM:
VSBY 1/2 MILE OR LESS
8 = SMOKE OR HAZE
[NO. OF DAYS WITH] [WEATHER - DAYS WITH] 9 = BLOWING SNOW
X = TORNADO
MAX 32 OR BELOW: 0 0.01 INCH OR MORE: 1
MAX 90 OR ABOVE: 6 0.10 INCH OR MORE: 0
MIN 32 OR BELOW: 0 0.50 INCH OR MORE: 0
MIN 0 OR BELOW: 0 1.00 INCH OR MORE: 0
[HDD (BASE 65) ]
TOTAL THIS MO. 106 CLEAR (SCALE 0-3) 31
DPTR FM NORMAL -53 PTCLDY (SCALE 4-7) 0
TOTAL FM JUL 1 2822 CLOUDY (SCALE 8-10) 0
DPTR FM NORMAL -105
[CDD (BASE 65) ]
TOTAL THIS MO. 33
DPTR FM NORMAL 6 [PRESSURE DATA]
TOTAL FM JAN 1 48 HIGHEST SLP 30.00 ON 2
DPTR FM NORMAL 18 LOWEST SLP 29.76 ON 16
[REMARKS]
#FINAL-05-20#