000
CXUS53 KUNR 010930
CF6D07
PRELIMINARY LOCAL CLIMATOLOGICAL DATA (WS FORM: F-6)
STATION: FAITH SD
MONTH: AUGUST
YEAR: 2022
LATITUDE: 45 1 N
LONGITUDE: 102 1 W
TEMPERATURE IN F: :PCPN: SNOW: WIND :SUNSHINE: SKY :PK WND
================================================================================
1 2 3 4 5 6A 6B 7 8 9 10 11 12 13 14 15 16 17 18
12Z AVG MX 2MIN
DY MAX MIN AVG DEP HDD CDD WTR SNW DPTH SPD SPD DIR MIN PSBL S-S WX SPD DR
================================================================================
1 106 61 84 10 0 19 0.00 M M 15.0 25 180 M M M 37 270
2 102 65 84 10 0 19 0.00 M M 11.1 28 360 M M M 34 360
3 89 59 74 0 0 9 0.00 M M 9.7 21 150 M M M 29 150
4 100 64 82 9 0 17 0.00 M M 17.3 28 130 M M M 37 140
5 102 67 85 12 0 20 0.00 M M 14.6 33 30 M M M 43 30
6 74 60 67 -6 0 2 0.00 M M 14.3 23 40 M M M 29 40
7 74 56 65 -8 0 0 0.10 M M 6.1 15 80 M M M 19 60
8 92 53 73 0 0 8 0.00 M M 9.9 17 150 M M M 24 160
9 100 59 80 7 0 15 0.00 M M 7.1 17 150 M M M 24 160
10 M 59 M M M M 0.00 M M 12.5 21 100 M M M 31 110
11 101 63 82 10 0 17 0.00 M M 17.3 28 130 M M M 37 130
12 94 66 80 8 0 15 0.00 M M 11.6 24 10 M M M 33 360
13 92 63 78 6 0 13 0.00 M M 13.7 23 140 M M M 32 130
14 89 69 79 7 0 14 0.00 M M 7.7 16 270 M M M 20 290
15 83 62 73 1 0 8 0.22 M M 10.5 23 70 M M M 27 70
16 90 57 74 2 0 9 0.00 M M 12.1 17 160 M M M 24 150
17 94 58 76 5 0 11 0.00 M M 8.8 43 270 M M M 60 270
18 87 60 74 3 0 9 0.00 M M 13.1 22 350 M M M 30 10
19 81 54 68 -3 0 3 0.00 M M 11.9 26 360 M M M 35 30
20 85 54 70 -1 0 5 0.00 M M 9.3 18 140 M M M 26 140
21 95 61 78 7 0 13 0.00 M M 13.3 22 170 M M M 30 200
22 99 62 81 11 0 16 0.01 M M 9.1 24 350 M M M 33 350
23 88 59 74 4 0 9 0.00 M M 7.5 25 50 M M M 32 30
24 86 60 73 3 0 8 0.07 M M 9.3 21 60 M M M 30 70
25 70 61 66 -4 0 1 0.57 M M 9.3 18 120 M M M 23 130
26 75 59 67 -2 0 2 0.75 M M 12.0 29 130 M M M 37 130
27 92 60 76 7 0 11 0.00 M M 9.2 24 300 M M M 40 310
28 81 61 71 2 0 6 0.00 M M 15.2 28 310 M M M 37 310
29 83 55 69 0 0 4 0.00 M M 12.2 25 340 M M M 39 340
30 90 55 73 5 0 8 0.00 M M 8.6 14 190 M M M 21 200
31 95 60 78 10 0 13 0.00 M M 8.2 17 130 M M M 23 140
================================================================================
SM 2689 1862 0 304 1.72 M 347.5 M M
================================================================================
AV 89.6 60.1 11.2 FASTST M M M MAX(MPH)
MISC ----> 43 270 60 270
================================================================================
NOTES:
# LAST OF SEVERAL OCCURRENCES
COLUMN 17 PEAK WIND IN M.P.H.
PRELIMINARY LOCAL CLIMATOLOGICAL DATA (WS FORM: F-6) , PAGE 2
STATION: FAITH SD
MONTH: AUGUST
YEAR: 2022
LATITUDE: 45 1 N
LONGITUDE: 102 1 W
[TEMPERATURE DATA] [PRECIPITATION DATA] SYMBOLS USED IN COLUMN 16
AVERAGE MONTHLY: 74.8 TOTAL FOR MONTH: 1.72 1 = FOG OR MIST
DPTR FM NORMAL: 3.5 DPTR FM NORMAL: 0.29 2 = FOG REDUCING VISIBILITY
HIGHEST: 106 ON 1 GRTST 24HR 0.80 ON 25-26 TO 1/4 MILE OR LESS
LOWEST: 53 ON 8 3 = THUNDER
SNOW, ICE PELLETS, HAIL 4 = ICE PELLETS
TOTAL MONTH: M 5 = HAIL
GRTST 24HR M ON M 6 = FREEZING RAIN OR DRIZZLE
GRTST DEPTH: M ON M 7 = DUSTSTORM OR SANDSTORM:
VSBY 1/2 MILE OR LESS
8 = SMOKE OR HAZE
[NO. OF DAYS WITH] [WEATHER - DAYS WITH] 9 = BLOWING SNOW
X = TORNADO
MAX 32 OR BELOW: 0 0.01 INCH OR MORE: 6
MAX 90 OR ABOVE: 16 0.10 INCH OR MORE: 4
MIN 32 OR BELOW: 0 0.50 INCH OR MORE: 2
MIN 0 OR BELOW: 0 1.00 INCH OR MORE: 0
[HDD (BASE 65) ]
TOTAL THIS MO. 0 CLEAR (SCALE 0-3) 0
DPTR FM NORMAL -22 PTCLDY (SCALE 4-7) 0
TOTAL FM JUL 1 0 CLOUDY (SCALE 8-10) 31
DPTR FM NORMAL -27
[CDD (BASE 65) ]
TOTAL THIS MO. 304
DPTR FM NORMAL 86 [PRESSURE DATA]
TOTAL FM JAN 1 762 HIGHEST SLP 30.21 ON 25
DPTR FM NORMAL 182 LOWEST SLP 29.44 ON 27
[REMARKS]
#FINAL-08-22#