000
CXUS52 KMLB 010634
CF6DAB
PRELIMINARY LOCAL CLIMATOLOGICAL DATA (WS FORM: F-6)
STATION: DAYTONA BEACH
MONTH: MAY
YEAR: 2023
LATITUDE: 29 10 N
LONGITUDE: 81 3 W
TEMPERATURE IN F: :PCPN: SNOW: WIND :SUNSHINE: SKY :PK WND
================================================================================
1 2 3 4 5 6A 6B 7 8 9 10 11 12 13 14 15 16 17 18
12Z AVG MX 2MIN
DY MAX MIN AVG DEP HDD CDD WTR SNW DPTH SPD SPD DIR MIN PSBL S-S WX SPD DR
================================================================================
1 85 60 73 0 0 8 0.00 0.0 0 11.4 28 240 M M 1 36 260
2 87 64 76 3 0 11 0.00 0.0 0 12.1 25 250 M M 3 31 260
3 84 61 73 0 0 8 0.00 0.0 0 9.7 25 260 M M 2 32 260
4 82 56 69 -4 0 4 0.00 0.0 0 4.4 14 70 M M 2 1 18 70
5 82 62 72 -2 0 7 0.00 0.0 0 6.5 15 70 M M 6 20 70
6 80 69 75 1 0 10 0.42 0.0 0 8.2 21 60 M M 7 1 27 60
7 80 65 73 -1 0 8 0.00 0.0 0 6.9 16 90 M M 3 22 110
8 84 60 72 -2 0 7 0.00 0.0 0 5.1 13 80 M M 2 1 18 80
9 88 64 76 2 0 11 0.00 0.0 0 5.4 13 260 M M 5 16 270
10 89 68 79 5 0 14 T 0.0 0 4.9 16 70 M M 4 1 21 70
11 88 71 80 5 0 15 0.00 0.0 0 5.7 14 60 M M 6 18 20 100
12 85 71 78 3 0 13 0.00 0.0 0 5.0 15 70 M M 4 1 24 60
13 85 70 78 3 0 13 0.00 0.0 0 5.2 15 80 M M 3 23 90
14 85 67 76 1 0 11 0.00 0.0 0 3.9 15 70 M M 3 21 80
15 84 64 74 -1 0 9 0.00 0.0 0 5.4 14 40 M M 2 21 50
16 86 67 77 1 0 12 0.00 0.0 0 4.4 13 70 M M 3 20 70
17 93 71 82 6 0 17 0.02 0.0 0 6.2 20 240 M M 5 13 27 240
18 87 69 78 2 0 13 0.02 0.0 0 5.4 15 60 M M 5 138 20 70
19 87 70 79 3 0 14 0.00 0.0 0 8.0 17 40 M M 6 12 23 50
20 87 74 81 5 0 16 0.00 0.0 0 9.5 18 40 M M 6 25 50
21 88 71 80 4 0 15 0.03 0.0 0 3.8 14 60 M M 6 1 19 100
22 82 72 77 0 0 12 0.85 0.0 0 4.4 16 60 M M 9 13 20 60
23 84 71 78 1 0 13 0.10 0.0 0 8.3 21 60 M M 7 1 26 60
24 81 70 76 -1 0 11 2.50 0.0 0 10.4 21 350 M M 8 13 29 10
25 83 71 77 0 0 12 0.06 0.0 0 11.9 25 20 M M 8 1 32 20
26 81 69 75 -3 0 10 0.14 0.0 0 12.0 25 350 M M 9 138 38 10
27 81 63 72 -6 0 7 T 0.0 0 9.7 17 300 M M 5 23 340
28 86 58 72 -6 0 7 0.00 0.0 0 8.0 15 220 M M 1 20 220
29 84 64 74 -4 0 9 0.00 0.0 0 4.2 13 70 M M 6 1 17 320
30 87 66 77 -1 0 12 0.00 0.0 0 4.8 14 110 M M 4 1 19 110
31 84 74 79 1 0 14 0.00 0.0 0 9.7 21 60 M M 7 27 60
================================================================================
SM 2629 2072 0 343 4.14 0.0 220.5 M 148
================================================================================
AV 84.8 66.8 7.1 FASTST M M 5 MAX(MPH)
MISC ----> 28 240 38 10
================================================================================
NOTES:
# LAST OF SEVERAL OCCURRENCES
COLUMN 17 PEAK WIND IN M.P.H.
PRELIMINARY LOCAL CLIMATOLOGICAL DATA (WS FORM: F-6) , PAGE 2
STATION: DAYTONA BEACH
MONTH: MAY
YEAR: 2023
LATITUDE: 29 10 N
LONGITUDE: 81 3 W
[TEMPERATURE DATA] [PRECIPITATION DATA] SYMBOLS USED IN COLUMN 16
AVERAGE MONTHLY: 75.8 TOTAL FOR MONTH: 4.14 1 = FOG OR MIST
DPTR FM NORMAL: 0.2 DPTR FM NORMAL: 0.45 2 = FOG REDUCING VISIBILITY
HIGHEST: 93 ON 17 GRTST 24HR 2.56 ON 24-25 TO 1/4 MILE OR LESS
LOWEST: 56 ON 4 3 = THUNDER
SNOW, ICE PELLETS, HAIL 4 = ICE PELLETS
TOTAL MONTH: 0.0 INCH 5 = HAIL
GRTST 24HR 0.0 6 = FREEZING RAIN OR DRIZZLE
GRTST DEPTH: 0 7 = DUSTSTORM OR SANDSTORM:
VSBY 1/2 MILE OR LESS
8 = SMOKE OR HAZE
[NO. OF DAYS WITH] [WEATHER - DAYS WITH] 9 = BLOWING SNOW
X = TORNADO
MAX 32 OR BELOW: 0 0.01 INCH OR MORE: 9
MAX 90 OR ABOVE: 1 0.10 INCH OR MORE: 5
MIN 32 OR BELOW: 0 0.50 INCH OR MORE: 2
MIN 0 OR BELOW: 0 1.00 INCH OR MORE: 1
[HDD (BASE 65) ]
TOTAL THIS MO. 0 CLEAR (SCALE 0-3) 11
DPTR FM NORMAL -1 PTCLDY (SCALE 4-7) 18
TOTAL FM JUL 1 422 CLOUDY (SCALE 8-10) 2
DPTR FM NORMAL -285
[CDD (BASE 65) ]
TOTAL THIS MO. 343
DPTR FM NORMAL 13 [PRESSURE DATA]
TOTAL FM JAN 1 997 HIGHEST SLP M ON M
DPTR FM NORMAL 326 LOWEST SLP 29.76 ON 1
[REMARKS]
#FINAL-05-23#