000
CXUS51 KRNK 012341
CF6DAN
PRELIMINARY LOCAL CLIMATOLOGICAL DATA (WS FORM: F-6)
STATION: DANVILLE VA
MONTH: FEBRUARY
YEAR: 2024
LATITUDE: 36 34 N
LONGITUDE: 79 20 W
TEMPERATURE IN F: :PCPN: SNOW: WIND :SUNSHINE: SKY :PK WND
================================================================================
1 2 3 4 5 6A 6B 7 8 9 10 11 12 13 14 15 16 17 18
12Z AVG MX 2MIN
DY MAX MIN AVG DEP HDD CDD WTR SNW DPTH SPD SPD DIR MIN PSBL S-S WX SPD DR
================================================================================
1 57 29 43 4 22 0 0.00 0.0 0 5.6 12 240 M M 1 16 230
2 62 35 49 10 16 0 0.00 0.0 0 7.0 20 40 M M 1 26 30
3 53 26 40 1 25 0 0.00 0.0 0 2.4 14 40 M M 0 19 40
4 55 25 40 0 25 0 0.00 0.0 0 2.9 14 50 M M 0 18 50
5 57 26 42 2 23 0 0.00 0.0 0 3.0 14 50 M M 0 17 70
6 50 30 40 0 25 0 0.00 0.0 0 10.0 18 40 M M 0 25 40
7 53 23 38 -2 27 0 0.00 0.0 0 3.0 13 40 M M 0 16 30
8 59 25 42 2 23 0 0.00 0.0 0 2.4 9 220 M M 2 15 180
9 60 42 51 11 14 0 0.00 0.0 0 6.6 15 240 M M 8 22 230
10 68 46 57 17 8 0 0.12 0.0 0 6.4 20 310 M M 9 1 32 320
11 57 48 53 12 12 0 0.69 0.0 0 2.6 10 360 M M 9 12 17 120
12 55 49 52 11 13 0 0.18 0.0 0 2.6 10 100 M M 10 12 21 110
13 57 36 47 6 18 0 0.05 0.0 0 10.4 23 330 M M 3 40 300
14 61 29 45 4 20 0 0.00 0.0 0 6.0 17 260 M M 1 26 270
15 65 29 47 6 18 0 0.00 0.0 0 5.9 24 240 M M 0 38 230
16 53 40 47 5 18 0 0.00 0.0 0 4.1 12 240 M M 3 16 240
17 49 28 39 -3 26 0 0.00 0.0 0 8.4 20 320 M M 2 29 270
18 48 23 36 -6 29 0 0.00 0.0 0 5.7 13 230 M M 0 17 240
19 56 23 40 -2 25 0 0.00 0.0 0 1.2 12 60 M M 0 16 60
20 54 25 40 -2 25 0 0.00 0.0 0 2.5 10 50 M M 0 15 40
21 56 26 41 -2 24 0 0.00 0.0 0 2.8 8 260 M M 0 12 260
22 66 29 48 5 17 0 0.00 0.0 0 6.1 22 230 M M 4 32 210
23 57 38 48 5 17 0 0.15 0.0 0 4.5 9 300 M M 7 1 14 290
24 53 33 43 0 22 0 0.01 0.0 0 7.9 20 310 M M 5 31 270
25 52 27 40 -4 25 0 0.00 0.0 0 4.2 13 350 M M 2 18 350
26 65 38 52 8 13 0 0.01 0.0 0 4.8 13 220 M M 4 21 220
27 60 48 54 10 11 0 0.06 0.0 0 6.1 15 220 M M 8 1 28 190
28 68 42 55 11 10 0 0.43 0.0 0 10.6 28 320 M M 10 1 42 290
29 51 30 41 -3 24 0 0.00 0.0 0 4.1 14 310 M M 0 21 290
================================================================================
SM 1657 948 575 0 1.70 0.0 149.8 M 89
================================================================================
AV 57.1 32.7 5.2 FASTST M M 3 MAX(MPH)
MISC ----> 28 320 42 290
================================================================================
NOTES:
# LAST OF SEVERAL OCCURRENCES
COLUMN 17 PEAK WIND IN M.P.H.
PRELIMINARY LOCAL CLIMATOLOGICAL DATA (WS FORM: F-6) , PAGE 2
STATION: DANVILLE VA
MONTH: FEBRUARY
YEAR: 2024
LATITUDE: 36 34 N
LONGITUDE: 79 20 W
[TEMPERATURE DATA] [PRECIPITATION DATA] SYMBOLS USED IN COLUMN 16
AVERAGE MONTHLY: 44.9 TOTAL FOR MONTH: 1.70 1 = FOG OR MIST
DPTR FM NORMAL: 3.4 DPTR FM NORMAL: -1.03 2 = FOG REDUCING VISIBILITY
HIGHEST: 68 ON 28,10 GRTST 24HR 0.81 ON 10-11 TO 1/4 MILE OR LESS
LOWEST: 23 ON 19,18 3 = THUNDER
SNOW, ICE PELLETS, HAIL 4 = ICE PELLETS
TOTAL MONTH: 0.0 INCH 5 = HAIL
GRTST 24HR 0.0 6 = FREEZING RAIN OR DRIZZLE
GRTST DEPTH: 0 7 = DUSTSTORM OR SANDSTORM:
VSBY 1/2 MILE OR LESS
8 = SMOKE OR HAZE
[NO. OF DAYS WITH] [WEATHER - DAYS WITH] 9 = BLOWING SNOW
X = TORNADO
MAX 32 OR BELOW: 0 0.01 INCH OR MORE: 9
MAX 90 OR ABOVE: 0 0.10 INCH OR MORE: 5
MIN 32 OR BELOW: 17 0.50 INCH OR MORE: 1
MIN 0 OR BELOW: 0 1.00 INCH OR MORE: 0
[HDD (BASE 65) ]
TOTAL THIS MO. 575 CLEAR (SCALE 0-3) 19
DPTR FM NORMAL -85 PTCLDY (SCALE 4-7) 4
TOTAL FM JUL 1 2721 CLOUDY (SCALE 8-10) 6
DPTR FM NORMAL -308
[CDD (BASE 65) ]
TOTAL THIS MO. 0
DPTR FM NORMAL -1 [PRESSURE DATA]
TOTAL FM JAN 1 0 HIGHEST SLP 30.46 ON 29
DPTR FM NORMAL -1 LOWEST SLP 29.33 ON 13
[REMARKS]
#FINAL-02-24#