000
CXUS51 KRNK 032209
CF6DAN
PRELIMINARY LOCAL CLIMATOLOGICAL DATA (WS FORM: F-6)
STATION: DANVILLE VA
MONTH: SEPTEMBER
YEAR: 2022
LATITUDE: 36 34 N
LONGITUDE: 79 20 W
TEMPERATURE IN F: :PCPN: SNOW: WIND :SUNSHINE: SKY :PK WND
================================================================================
1 2 3 4 5 6A 6B 7 8 9 10 11 12 13 14 15 16 17 18
12Z AVG MX 2MIN
DY MAX MIN AVG DEP HDD CDD WTR SNW DPTH SPD SPD DIR MIN PSBL S-S WX SPD DR
================================================================================
1 84 58 71 -3 0 6 0.00 0.0 0 1.4 9 30 M M 0 12 40
2 87 59 73 -1 0 8 0.00 0.0 0 1.5 8 50 M M 0 1 12 70
3 87 64 76 2 0 11 T 0.0 0 1.6 7 80 M M 1 11 60
4 84 67 76 2 0 11 0.25 0.0 0 1.1 10 140 M M 6 1 18 130
5 81 69 75 2 0 10 0.03 0.0 0 1.2 7 190 M M 6 1 12 190
6 87 71 79 6 0 14 0.03 0.0 0 3.3 13 330 M M 5 1 15 330
7 86 67 77 4 0 12 0.00 0.0 0 4.9 18 40 M M 3 24 30
8 79 64 72 0 0 7 0.00 0.0 0 5.1 13 30 M M 7 15 50
9 81 63 72 0 0 7 0.00 0.0 0 4.4 15 40 M M 3 20 30
10 72 62 67 -5 0 2 0.24 0.0 0 6.3 13 80 M M 8 1 19 100
11 82 69 76 4 0 11 T 0.0 0 1.1 9 270 M M 7 12 12 270
12 86 68 77 6 0 12 0.00 0.0 0 3.7 12 250 M M 3 1 16 230
13 80 60 70 -1 0 5 T 0.0 0 5.8 15 250 M M 2 18 240
14 78 54 66 -5 0 1 0.00 0.0 0 3.4 12 340 M M 1 15 350
15 82 53 68 -2 0 3 0.00 0.0 0 2.3 12 50 M M 1 1 17 50
16 84 56 70 0 0 5 0.00 0.0 0 1.2 8 360 M M 1 1 14 10
17 82 56 69 -1 0 4 0.00 0.0 0 1.9 8 60 M M 0 1 11 60
18 82 52 67 -2 0 2 0.00 0.0 0 1.6 8 250 M M 0 1 11 280
19 85 56 71 2 0 6 0.00 0.0 0 3.9 13 250 M M 0 1 17 270
20 88 62 75 6 0 10 0.00 0.0 0 3.0 10 360 M M 0 13 360
21 87 58 73 5 0 8 0.00 0.0 0 2.8 9 240 M M 0 12 250
22 90 61 76 8 0 11 T 0.0 0 9.3 23 330 M M 1 33 330
23 72 47 60 -8 5 0 0.00 0.0 0 6.9 16 350 M M 0 24 340
24 73 48 61 -6 4 0 0.00 0.0 0 3.7 16 230 M M 3 20 230
25 82 51 67 0 0 2 0.25 0.0 0 6.0 18 340 M M 2 1 27 340
26 78 52 65 -1 0 0 0.00 0.0 0 6.2 17 270 M M 1 23 290
27 73 46 60 -6 5 0 0.00 0.0 0 4.3 14 250 M M 0 18 230
28 68 40 54 -12 11 0 0.00 0.0 0 4.2 14 40 M M 0 19 30
29 69 52 61 -4 4 0 0.00 0.0 0 13.1 24 40 M M 0 34 50
30 60 54 57 -8 8 0 1.12 0.0 0 M M M M M M 1 M M
================================================================================
SM 2409 1739 37 168 1.92 0.0 115.2 M 61
================================================================================
AV 80.3 58.0 4.0 FASTST M M 2 MAX(MPH)
MISC ----> 24 40 34 50
================================================================================
NOTES:
# LAST OF SEVERAL OCCURRENCES
COLUMN 17 PEAK WIND IN M.P.H.
PRELIMINARY LOCAL CLIMATOLOGICAL DATA (WS FORM: F-6) , PAGE 2
STATION: DANVILLE VA
MONTH: SEPTEMBER
YEAR: 2022
LATITUDE: 36 34 N
LONGITUDE: 79 20 W
[TEMPERATURE DATA] [PRECIPITATION DATA] SYMBOLS USED IN COLUMN 16
AVERAGE MONTHLY: 69.1 TOTAL FOR MONTH: 1.92 1 = FOG OR MIST
DPTR FM NORMAL: -0.9 DPTR FM NORMAL: -2.33 2 = FOG REDUCING VISIBILITY
HIGHEST: 90 ON 22 GRTST 24HR 1.12 ON 30-30 TO 1/4 MILE OR LESS
LOWEST: 40 ON 28 3 = THUNDER
SNOW, ICE PELLETS, HAIL 4 = ICE PELLETS
TOTAL MONTH: 0.0 INCH 5 = HAIL
GRTST 24HR 0.0 6 = FREEZING RAIN OR DRIZZLE
GRTST DEPTH: 0 7 = DUSTSTORM OR SANDSTORM:
VSBY 1/2 MILE OR LESS
8 = SMOKE OR HAZE
[NO. OF DAYS WITH] [WEATHER - DAYS WITH] 9 = BLOWING SNOW
X = TORNADO
MAX 32 OR BELOW: 0 0.01 INCH OR MORE: 6
MAX 90 OR ABOVE: 1 0.10 INCH OR MORE: 4
MIN 32 OR BELOW: 0 0.50 INCH OR MORE: 1
MIN 0 OR BELOW: 0 1.00 INCH OR MORE: 1
[HDD (BASE 65) ]
TOTAL THIS MO. 37 CLEAR (SCALE 0-3) 21
DPTR FM NORMAL 8 PTCLDY (SCALE 4-7) 8
TOTAL FM JUL 1 37 CLOUDY (SCALE 8-10) 1
DPTR FM NORMAL 9
[CDD (BASE 65) ]
TOTAL THIS MO. 168
DPTR FM NORMAL -10 [PRESSURE DATA]
TOTAL FM JAN 1 1452 HIGHEST SLP M ON M
DPTR FM NORMAL 101 LOWEST SLP 29.69 ON 22
[REMARKS]
#FINAL-09-22#
DUE TO A POWER OUTAGE ON SEPTEMBER 30, 2022, ALL WIND DATA IS
MISSING. ALL OTHER INFORMATION WAS OBTAINED FROM A BACKUP SITE.