000
CXUS51 KRNK 010701
CF6DAN
PRELIMINARY LOCAL CLIMATOLOGICAL DATA (WS FORM: F-6)
STATION: DANVILLE VA
MONTH: JANUARY
YEAR: 2024
LATITUDE: 36 34 N
LONGITUDE: 79 20 W
TEMPERATURE IN F: :PCPN: SNOW: WIND :SUNSHINE: SKY :PK WND
================================================================================
1 2 3 4 5 6A 6B 7 8 9 10 11 12 13 14 15 16 17 18
12Z AVG MX 2MIN
DY MAX MIN AVG DEP HDD CDD WTR SNW DPTH SPD SPD DIR MIN PSBL S-S WX SPD DR
================================================================================
1 47 32 40 1 25 0 0.00 0.0 0 7.3 18 320 M M 2 28 330
2 50 24 37 -2 28 0 0.00 0.0 0 5.3 14 350 M M 0 20 300
3 51 22 37 -2 28 0 0.00 0.0 0 2.8 10 230 M M 4 14 230
4 47 26 37 -2 28 0 0.00 0.0 0 7.1 20 330 M M 6 28 340
5 45 19 32 -7 33 0 0.00 0.0 0 1.3 9 230 M M 0 13 230
6 38 28 33 -5 32 0 0.92 T 0 4.3 13 330 M M 10 146 18 20
7 52 36 44 6 21 0 0.01 0.0 0 10.0 21 280 M M 6 1 32 280
8 50 25 38 0 27 0 0.00 0.0 0 3.2 10 50 M M 1 16 290
9 59 35 47 9 18 0 2.34 0.0 0 8.1 28 240 M M 9 123 42 260
10 50 29 40 2 25 0 0.01 0.0 0 12.5 25 260 M M 4 42 280
11 57 24 41 3 24 0 0.00 0.0 0 4.2 20 240 M M 1 1 29 240
12 54 24 39 1 26 0 0.56 0.0 0 2.6 14 280 M M 4 1 18 90
13 49 30 40 2 25 0 0.00 0.0 0 12.9 29 260 M M 4 1 40 250
14 55 25 40 2 25 0 0.00 0.0 0 7.9 26 240 M M 1 39 240
15 37 30 34 -4 31 0 0.01 T 0 5.5 12 60 M M 10 4 14 60
16 37 20 29 -9 36 0 0.14 0.0 0 8.1 21 320 M M 7 146 35 340
17 35 13 24 -14 41 0 0.00 0.0 0 6.0 15 250 M M 0 24 240
18 50 18 34 -4 31 0 0.00 0.0 0 4.0 16 240 M M 3 25 190
19 45 27 36 -2 29 0 0.02 0.0 0 9.1 25 300 M M 7 42 290
20 31 18 25 -13 40 0 0.00 0.0 0 9.8 20 310 M M 2 32 310
21 39 14 27 -11 38 0 0.00 0.0 0 5.6 16 320 M M 0 20 320
22 49 14 32 -6 33 0 0.00 0.0 0 3.4 13 220 M M 0 20 220
23 48 25 37 -1 28 0 T 0.0 0 0.3 5 200 M M 7 8 180
24 68 42 55 17 10 0 0.06 0.0 0 2.3 12 200 M M 10 1 23 210
25 66 62 64 26 1 0 0.46 0.0 0 5.1 9 190 M M 10 1 18 200
26 75 52 64 25 1 0 0.01 0.0 0 5.9 14 240 M M 6 1 24 180
27 64 45 55 16 10 0 1.28 0.0 0 4.2 12 60 M M 7 12 18 80
28 53 42 48 9 17 0 0.28 0.0 0 8.3 21 280 M M 9 1 29 270
29 54 36 45 6 20 0 0.00 0.0 0 9.0 23 320 M M 2 31 320
30 49 26 38 -1 27 0 0.00 0.0 0 1.6 8 240 M M 3 12 220
31 49 38 44 5 21 0 0.05 0.0 0 3.4 9 20 M M 10 12 20
================================================================================
SM 1553 901 779 0 6.15 T 181.1 M 145
================================================================================
AV 50.1 29.1 5.8 FASTST M M 5 MAX(MPH)
MISC ----> 29 260 # 42 260
================================================================================
NOTES:
# LAST OF SEVERAL OCCURRENCES
COLUMN 17 PEAK WIND IN M.P.H.
PRELIMINARY LOCAL CLIMATOLOGICAL DATA (WS FORM: F-6) , PAGE 2
STATION: DANVILLE VA
MONTH: JANUARY
YEAR: 2024
LATITUDE: 36 34 N
LONGITUDE: 79 20 W
[TEMPERATURE DATA] [PRECIPITATION DATA] SYMBOLS USED IN COLUMN 16
AVERAGE MONTHLY: 39.6 TOTAL FOR MONTH: 6.15 1 = FOG OR MIST
DPTR FM NORMAL: 1.1 DPTR FM NORMAL: 2.74 2 = FOG REDUCING VISIBILITY
HIGHEST: 75 ON 26 GRTST 24HR 2.53 ON 9-10 TO 1/4 MILE OR LESS
LOWEST: 13 ON 17 3 = THUNDER
SNOW, ICE PELLETS, HAIL 4 = ICE PELLETS
TOTAL MONTH: T 5 = HAIL
GRTST 24HR T ON 6- 6 6 = FREEZING RAIN OR DRIZZLE
GRTST DEPTH: 0 7 = DUSTSTORM OR SANDSTORM:
VSBY 1/2 MILE OR LESS
8 = SMOKE OR HAZE
[NO. OF DAYS WITH] [WEATHER - DAYS WITH] 9 = BLOWING SNOW
X = TORNADO
MAX 32 OR BELOW: 1 0.01 INCH OR MORE: 14
MAX 90 OR ABOVE: 0 0.10 INCH OR MORE: 7
MIN 32 OR BELOW: 22 0.50 INCH OR MORE: 4
MIN 0 OR BELOW: 0 1.00 INCH OR MORE: 2
[HDD (BASE 65) ]
TOTAL THIS MO. 779 CLEAR (SCALE 0-3) 13
DPTR FM NORMAL -42 PTCLDY (SCALE 4-7) 11
TOTAL FM JUL 1 2146 CLOUDY (SCALE 8-10) 7
DPTR FM NORMAL -181
[CDD (BASE 65) ]
TOTAL THIS MO. 0
DPTR FM NORMAL 0 [PRESSURE DATA]
TOTAL FM JAN 1 0 HIGHEST SLP M ON M
DPTR FM NORMAL 0 LOWEST SLP 29.21 ON 9
[REMARKS]
#FINAL-01-24#