000
CXUS51 KRNK 010822
CF6DAN
PRELIMINARY LOCAL CLIMATOLOGICAL DATA (WS FORM: F-6)
STATION: DANVILLE VA
MONTH: FEBRUARY
YEAR: 2021
LATITUDE: 36 34 N
LONGITUDE: 79 20 W
TEMPERATURE IN F: :PCPN: SNOW: WIND :SUNSHINE: SKY :PK WND
================================================================================
1 2 3 4 5 6A 6B 7 8 9 10 11 12 13 14 15 16 17 18
12Z AVG MX 2MIN
DY MAX MIN AVG DEP HDD CDD WTR SNW DPTH SPD SPD DIR MIN PSBL S-S WX SPD DR
================================================================================
1 43 32 38 -1 27 0 0.00 0.0 0 7.7 16 320 M M 10 22 310
2 41 31 36 -3 29 0 T T 0 10.1 22 290 M M 8 32 310
3 48 27 38 -1 27 0 0.00 0.0 0 8.8 18 270 M M 1 27 280
4 51 19 35 -4 30 0 0.00 0.0 0 4.4 9 210 M M 2 16 210
5 55 34 45 6 20 0 0.03 0.0 0 7.5 21 260 M M 3 1 28 270
6 54 24 39 0 26 0 0.01 0.0 0 3.3 13 250 M M 3 20 180
7 50 30 40 0 25 0 0.46 0.4 0 7.9 20 320 M M 6 14 26 320
8 51 22 37 -3 28 0 0.00 0.0 0 1.9 7 150 M M 1 11 90
9 65 39 52 12 13 0 T 0.0 0 3.4 15 310 M M 6 19 300
10 50 41 46 6 19 0 0.00 0.0 0 4.4 10 70 M M 10 16 70
11 45 33 39 -1 26 0 0.51 T 0 7.9 21 50 M M 10 14 27 50
12 33 30 32 -8 33 0 0.16 T 0 9.2 15 40 M M 10 146 19 40
13 34 31 33 -7 32 0 0.65 0.0 T 8.0 13 40 M M 10 16 15 40
14 36 33 35 -6 30 0 0.26 0.0 0 7.9 16 60 M M 10 1 22 60
15 36 33 35 -6 30 0 0.91 0.0 0 6.3 13 40 M M 10 1 16 30
16 53 29 41 0 24 0 0.01 0.0 0 9.0 22 340 M M 8 1 27 340
17 43 25 34 -7 31 0 0.00 0.0 0 6.6 14 360 M M 2 17 40
18 36 30 33 -9 32 0 0.59 T T 9.4 18 50 M M 10 146 25 60
19 46 30 38 -4 27 0 0.13 0.0 0 6.4 13 320 M M 8 16 19 320
20 39 24 32 -10 33 0 0.00 0.0 0 7.4 21 270 M M 0 27 250
21 44 18 31 -11 34 0 0.00 0.0 0 3.2 9 50 M M 0 13 40
22 48 30 39 -3 26 0 0.24 0.0 0 4.3 15 260 M M 7 1 20 280
23 66 28 47 4 18 0 0.00 0.0 0 7.2 22 250 M M 0 1 29 240
24 70 30 50 7 15 0 0.00 0.0 0 5.9 21 240 M M 0 27 240
25 64 36 50 7 15 0 0.00 0.0 0 4.0 15 350 M M 0 19 350
26 50 38 44 1 21 0 0.46 0.0 0 6.5 13 50 M M 10 1 19 80
27 54 37 46 2 19 0 0.01 0.0 0 5.3 12 240 M M 9 1 15 250
28 60 49 55 11 10 0 T 0.0 0 1.8 8 50 M M 7 12 9 40
================================================================================
SM 1365 863 700 0 4.43 0.4 175.7 M 161
================================================================================
AV 48.8 30.8 6.3 FASTST M M 6 MAX(MPH)
MISC ----> # 22 290 32 310
================================================================================
NOTES:
# LAST OF SEVERAL OCCURRENCES
COLUMN 17 PEAK WIND IN M.P.H.
PRELIMINARY LOCAL CLIMATOLOGICAL DATA (WS FORM: F-6) , PAGE 2
STATION: DANVILLE VA
MONTH: FEBRUARY
YEAR: 2021
LATITUDE: 36 34 N
LONGITUDE: 79 20 W
[TEMPERATURE DATA] [PRECIPITATION DATA] SYMBOLS USED IN COLUMN 16
AVERAGE MONTHLY: 39.8 TOTAL FOR MONTH: 4.43 1 = FOG OR MIST
DPTR FM NORMAL: -1.1 DPTR FM NORMAL: 1.42 2 = FOG REDUCING VISIBILITY
HIGHEST: 70 ON 24 GRTST 24HR 0.92 ON 15-16 TO 1/4 MILE OR LESS
LOWEST: 18 ON 21 3 = THUNDER
SNOW, ICE PELLETS, HAIL 4 = ICE PELLETS
TOTAL MONTH: 1.2 INCHES 5 = HAIL
GRTST 24HR 0.4 ON 7- 7 6 = FREEZING RAIN OR DRIZZLE
GRTST DEPTH: 1 ON M 7 = DUSTSTORM OR SANDSTORM:
VSBY 1/2 MILE OR LESS
8 = SMOKE OR HAZE
[NO. OF DAYS WITH] [WEATHER - DAYS WITH] 9 = BLOWING SNOW
X = TORNADO
MAX 32 OR BELOW: 0 0.01 INCH OR MORE: 14
MAX 90 OR ABOVE: 0 0.10 INCH OR MORE: 10
MIN 32 OR BELOW: 18 0.50 INCH OR MORE: 4
MIN 0 OR BELOW: 0 1.00 INCH OR MORE: 0
[HDD (BASE 65) ]
TOTAL THIS MO. 700 CLEAR (SCALE 0-3) 11
DPTR FM NORMAL 27 PTCLDY (SCALE 4-7) 4
TOTAL FM JUL 1 2789 CLOUDY (SCALE 8-10) 13
DPTR FM NORMAL -213
[CDD (BASE 65) ]
TOTAL THIS MO. 0
DPTR FM NORMAL 0 [PRESSURE DATA]
TOTAL FM JAN 1 0 HIGHEST SLP 30.61 ON 21
DPTR FM NORMAL 0 LOWEST SLP 29.67 ON 2
[REMARKS]
#FINAL-02-21#