486
CXUS51 KRNK 010832
CF6DAN
PRELIMINARY LOCAL CLIMATOLOGICAL DATA (WS FORM: F-6)
STATION: DANVILLE VA
MONTH: JUNE
YEAR: 2020
LATITUDE: 36 34 N
LONGITUDE: 79 20 W
TEMPERATURE IN F: :PCPN: SNOW: WIND :SUNSHINE: SKY :PK WND
================================================================================
1 2 3 4 5 6A 6B 7 8 9 10 11 12 13 14 15 16 17 18
12Z AVG MX 2MIN
DY MAX MIN AVG DEP HDD CDD WTR SNW DPTH SPD SPD DIR MIN PSBL S-S WX SPD DR
================================================================================
1 75 54 65 -6 0 0 0.00 0.0 0 6.6 18 50 M M 0 22 40
2 85 52 69 -2 0 4 0.00 0.0 0 8.0 18 240 M M 1 25 240
3 91 65 78 6 0 13 0.00 0.0 0 8.1 18 240 M M 0 24 220
4 91 67 79 7 0 14 0.00 0.0 0 5.0 15 230 M M 0 1 21 210
5 85 67 76 4 0 11 0.20 0.0 0 4.2 14 240 M M 5 13 18 210
6 89 70 80 8 0 15 0.00 0.0 0 5.5 14 350 M M 2 1 18 330
7 87 65 76 3 0 11 0.00 0.0 0 3.8 12 60 M M 1 15 40
8 87 61 74 1 0 9 0.00 0.0 0 1.7 8 50 M M 3 10 220
9 88 71 80 7 0 15 0.00 0.0 0 2.3 9 130 M M 5 1 14 120
10 91 73 82 8 0 17 0.13 0.0 0 6.1 16 240 M M 5 1 23 230
11 89 72 81 7 0 16 0.03 0.0 0 6.0 13 360 M M 7 1 20 200
12 86 61 74 0 0 9 0.00 0.0 0 5.2 14 330 M M 4 20 320
13 83 59 71 -3 0 6 0.00 0.0 0 6.6 15 40 M M 2 19 70
14 81 59 70 -5 0 5 0.00 0.0 0 5.5 12 40 M M 2 18 70
15 63 57 60 -15 5 0 1.08 0.0 0 9.5 21 50 M M 10 1 28 60
16 61 56 59 -16 6 0 0.49 0.0 0 11.6 21 50 M M 10 1 27 60
17 68 59 64 -12 1 0 0.92 0.0 0 4.5 20 30 M M 10 13 28 20
18 77 62 70 -6 0 5 0.19 0.0 0 2.0 10 200 M M 9 1 16 220
19 84 62 73 -3 0 8 0.11 0.0 0 2.4 12 330 M M 7 13 18 90
20 82 63 73 -3 0 8 0.25 0.0 0 2.1 12 240 M M 5 123 17 230
21 86 65 76 0 0 11 0.00 0.0 0 1.8 6 230 M M 5 12 10 190
22 90 69 80 4 0 15 0.00 0.0 0 4.3 15 240 M M 2 1 19 240
23 88 68 78 1 0 13 T 0.0 0 6.9 17 230 M M 3 24 240
24 85 67 76 -1 0 11 0.00 0.0 0 4.8 13 350 M M 1 12 17 350
25 85 66 76 -1 0 11 T 0.0 0 3.1 10 330 M M 4 14 300
26 87 62 75 -2 0 10 0.00 0.0 0 4.8 13 240 M M 1 17 220
27 89 62 76 -1 0 11 0.00 0.0 0 6.8 16 240 M M 1 21 240
28 84 67 76 -2 0 11 0.01 0.0 0 5.8 14 260 M M 2 19 260
29 90 68 79 1 0 14 0.00 0.0 0 3.9 9 330 M M 2 12 330
30 89 70 80 2 0 15 0.00 0.0 0 3.2 12 50 M M 1 13 50
================================================================================
SM 2516 1919 12 288 3.41 0.0 152.1 M 110
================================================================================
AV 83.9 64.0 5.1 FASTST M M 4 MAX(MPH)
MISC ----> # 21 50 # 28 60
================================================================================
NOTES:
# LAST OF SEVERAL OCCURRENCES
COLUMN 17 PEAK WIND IN M.P.H.
PRELIMINARY LOCAL CLIMATOLOGICAL DATA (WS FORM: F-6) , PAGE 2
STATION: DANVILLE VA
MONTH: JUNE
YEAR: 2020
LATITUDE: 36 34 N
LONGITUDE: 79 20 W
[TEMPERATURE DATA] [PRECIPITATION DATA] SYMBOLS USED IN COLUMN 16
AVERAGE MONTHLY: 73.9 TOTAL FOR MONTH: 3.41 1 = FOG OR MIST
DPTR FM NORMAL: -0.9 DPTR FM NORMAL: -0.44 2 = FOG REDUCING VISIBILITY
HIGHEST: 91 ON 10, 4 GRTST 24HR 1.11 ON 16-17 TO 1/4 MILE OR LESS
LOWEST: 52 ON 2 3 = THUNDER
SNOW, ICE PELLETS, HAIL 4 = ICE PELLETS
TOTAL MONTH: 0.0 INCH 5 = HAIL
GRTST 24HR 0.0 6 = FREEZING RAIN OR DRIZZLE
GRTST DEPTH: 0 7 = DUSTSTORM OR SANDSTORM:
VSBY 1/2 MILE OR LESS
8 = SMOKE OR HAZE
[NO. OF DAYS WITH] [WEATHER - DAYS WITH] 9 = BLOWING SNOW
X = TORNADO
MAX 32 OR BELOW: 0 0.01 INCH OR MORE: 10
MAX 90 OR ABOVE: 5 0.10 INCH OR MORE: 8
MIN 32 OR BELOW: 0 0.50 INCH OR MORE: 2
MIN 0 OR BELOW: 0 1.00 INCH OR MORE: 1
[HDD (BASE 65) ]
TOTAL THIS MO. 12 CLEAR (SCALE 0-3) 15
DPTR FM NORMAL 9 PTCLDY (SCALE 4-7) 11
TOTAL FM JUL 1 3391 CLOUDY (SCALE 8-10) 4
DPTR FM NORMAL -420
[CDD (BASE 65) ]
TOTAL THIS MO. 288
DPTR FM NORMAL -9 [PRESSURE DATA]
TOTAL FM JAN 1 433 HIGHEST SLP 30.32 ON 15
DPTR FM NORMAL -8 LOWEST SLP 29.71 ON 23
[REMARKS]
#FINAL-06-20#