000
CXUS53 KDDC 011558
CF6DDC
PRELIMINARY LOCAL CLIMATOLOGICAL DATA (WS FORM: F-6)
STATION: DODGE CITY KS
MONTH: SEPTEMBER
YEAR: 2020
LATITUDE: 37 46 N
LONGITUDE: 99 58 W
TEMPERATURE IN F: :PCPN: SNOW: WIND :SUNSHINE: SKY :PK WND
================================================================================
1 2 3 4 5 6A 6B 7 8 9 10 11 12 13 14 15 16 17 18
12Z AVG MX 2MIN
DY MAX MIN AVG DEP HDD CDD WTR SNW DPTH SPD SPD DIR MIN PSBL S-S WX SPD DR
================================================================================
1 86 63 75 0 0 10 0.01 0.0 0 7.0 15 90 M M 8 12 21 90
2 91 61 76 1 0 11 0.00 0.0 0 7.2 15 140 M M 1 18 19 140
3 84 57 71 -3 0 6 0.00 0.0 0 13.8 31 30 M M 0 43 10
4 93 52 73 -1 0 8 0.00 0.0 0 7.0 15 150 M M 0 8 25 180
5 96 68 82 8 0 17 0.00 0.0 0 13.1 21 180 M M 0 8 30 190
6 100 69 85 12 0 20 0.00 0.0 0 16.4 30 200 M M 0 42 210
7 98 59 79 6 0 14 0.00 0.0 0 12.1 28 210 M M 0 8 42 190
8 63 39 51 -21 14 0 0.25 0.0 0 24.8 35 30 M M 8 13 48 20
9 44 38 41 -31 24 0 0.35 0.0 0 19.7 30 10 M M 10 1 39 10
10 54 43 49 -23 16 0 0.01 0.0 0 10.8 22 360 M M 10 1 33 350
11 73 50 62 -9 3 0 T 0.0 0 6.9 16 150 M M 6 1 21 170
12 85 53 69 -2 0 4 0.00 0.0 0 9.4 18 360 M M 0 18 27 10
13 87 50 69 -1 0 4 0.00 0.0 0 4.2 10 110 M M 0 18 14 190
14 82 52 67 -3 0 2 0.00 0.0 0 6.0 13 90 M M 0 1 24 70
15 84 51 68 -2 0 3 0.00 0.0 0 9.0 15 200 M M 0 1 20 190
16 88 54 71 2 0 6 0.00 0.0 0 8.7 17 10 M M 0 1 24 40
17 83 50 67 -2 0 2 0.00 0.0 0 5.4 10 160 M M 0 128 14 90
18 81 55 68 0 0 3 0.00 0.0 0 10.6 17 170 M M 0 18 25 140
19 84 52 68 0 0 3 0.00 0.0 0 16.9 26 170 M M 0 18 36 180
20 87 54 71 4 0 6 0.00 0.0 0 18.3 30 170 M M 0 18 40 170
21 84 54 69 2 0 4 0.00 0.0 0 13.8 23 190 M M 0 8 30 200
22 83 48 66 0 0 1 0.00 0.0 0 9.6 18 170 M M 0 18 24 170
23 86 60 73 7 0 8 0.00 0.0 0 8.3 16 180 M M 4 18 21 170
24 97 54 76 10 0 11 0.00 0.0 0 7.7 12 160 M M 0 18 16 160
25 102 58 80 15 0 15 0.00 0.0 0 13.7 24 190 M M 0 8 32 180
26 98 65 82 17 0 17 0.00 0.0 0 13.1 29 210 M M 0 8 38 210
27 74 57 66 2 0 1 0.00 0.0 0 19.0 36 40 M M 5 50 20
28 71 44 58 -6 7 0 0.00 0.0 0 14.8 29 360 M M 0 43 320
29 86 37 62 -1 3 0 0.00 0.0 0 8.4 21 300 M M 0 28 290
30 83 49 66 3 0 1 0.00 0.0 0 12.9 28 30 M M 0 8 36 40
================================================================================
SM 2507 1596 67 177 0.62 0.0 348.6 M 52
================================================================================
AV 83.6 53.2 11.6 FASTST M M 2 MAX(MPH)
MISC ----> 36 40 50 20
================================================================================
NOTES:
# LAST OF SEVERAL OCCURRENCES
COLUMN 17 PEAK WIND IN M.P.H.
PRELIMINARY LOCAL CLIMATOLOGICAL DATA (WS FORM: F-6) , PAGE 2
STATION: DODGE CITY KS
MONTH: SEPTEMBER
YEAR: 2020
LATITUDE: 37 46 N
LONGITUDE: 99 58 W
[TEMPERATURE DATA] [PRECIPITATION DATA] SYMBOLS USED IN COLUMN 16
AVERAGE MONTHLY: 68.4 TOTAL FOR MONTH: 0.62 1 = FOG OR MIST
DPTR FM NORMAL: -0.8 DPTR FM NORMAL: -1.05 2 = FOG REDUCING VISIBILITY
HIGHEST: 102 ON 25 GRTST 24HR 0.45 ON 8- 9 TO 1/4 MILE OR LESS
LOWEST: 37 ON 29 3 = THUNDER
SNOW, ICE PELLETS, HAIL 4 = ICE PELLETS
TOTAL MONTH: 0.0 INCH 5 = HAIL
GRTST 24HR 0.0 6 = FREEZING RAIN OR DRIZZLE
GRTST DEPTH: 0 7 = DUSTSTORM OR SANDSTORM:
VSBY 1/2 MILE OR LESS
8 = SMOKE OR HAZE
[NO. OF DAYS WITH] [WEATHER - DAYS WITH] 9 = BLOWING SNOW
X = TORNADO
MAX 32 OR BELOW: 0 0.01 INCH OR MORE: 4
MAX 90 OR ABOVE: 8 0.10 INCH OR MORE: 2
MIN 32 OR BELOW: 0 0.50 INCH OR MORE: 0
MIN 0 OR BELOW: 0 1.00 INCH OR MORE: 0
[HDD (BASE 65) ]
TOTAL THIS MO. 67 CLEAR (SCALE 0-3) 23
DPTR FM NORMAL 6 PTCLDY (SCALE 4-7) 5
TOTAL FM JUL 1 67 CLOUDY (SCALE 8-10) 2
DPTR FM NORMAL 2
[CDD (BASE 65) ]
TOTAL THIS MO. 177
DPTR FM NORMAL -10 [PRESSURE DATA]
TOTAL FM JAN 1 1529 HIGHEST SLP 30.41 ON 10
DPTR FM NORMAL 96 LOWEST SLP 29.54 ON 26
[REMARKS]
#FINAL-09-20#