000
CXUS55 KALY 011719
CF6DDH
PRELIMINARY LOCAL CLIMATOLOGICAL DATA (WS FORM: F-6)
STATION: BENNINGTON VT
MONTH: MARCH
YEAR: 2020
LATITUDE: 42 53 N
LONGITUDE: 73 15 W
TEMPERATURE IN F: :PCPN: SNOW: WIND :SUNSHINE: SKY :PK WND
================================================================================
1 2 3 4 5 6A 6B 7 8 9 10 11 12 13 14 15 16 17 18
12Z AVG MX 2MIN
DY MAX MIN AVG DEP HDD CDD WTR SNW DPTH SPD SPD DIR MIN PSBL S-S WX SPD DR
================================================================================
1 32 8 20 -8 45 0 T M M 4.4 15 250 M M 3 22 270
2 56 24 40 11 25 0 T M M 6.7 18 180 M M 8 27 180
3 61 42 52 23 13 0 0.13 M M 6.0 23 280 M M 9 32 270
4 46 36 41 12 24 0 T M M 10.5 25 270 M M 9 40 260
5 44 25 35 6 30 0 0.00 M M 6.2 15 220 M M 4 21 220
6 50 23 37 7 28 0 T M M 6.1 16 150 M M 4 21 160
7 38 21 30 0 35 0 T M M 9.9 21 340 M M 2 32 330
8 53 20 37 7 28 0 0.00 M M 4.2 15 240 M M 2 23 230
9 70 31 51 20 14 0 0.00 M M 4.3 18 220 M M 1 28 220
10 62 38 50 19 15 0 0.17 M M 6.0 18 240 M M 6 1 29 270
11 43 28 36 5 29 0 0.00 M M 5.7 17 270 M M 5 24 270
12 52 27 40 8 25 0 T M M 5.3 16 180 M M 9 21 150
13 57 37 47 15 18 0 0.24 M M 17.3 35 140 M M 8 1 44 150
14 45 34 40 8 25 0 0.00 M M 10.1 22 280 M M 3 29 270
15 43 24 34 1 31 0 0.00 M M 5.9 15 340 M M 0 20 340
16 43 14 29 -4 36 0 0.00 M M 6.3 17 180 M M 0 23 180
17 48 33 41 8 24 0 0.03 M M 6.2 15 270 M M 9 21 270
18 50 26 38 4 27 0 0.00 M M 3.7 10 240 M M 1 19 270
19 49 35 42 8 23 0 0.44 M M 6.4 14 100 M M 9 1 21 100
20 68 42 55 21 10 0 0.50 M M 7.7 24 280 M M 7 18 42 270
21 42 25 34 -1 31 0 0.01 M M 8.6 23 290 M M 3 8 29 290
22 41 16 29 -6 36 0 0.00 M M 2.9 13 140 M M 0 8 17 140
23 34 30 32 -4 33 0 0.47 M M 9.8 22 130 M M 8 12 29 120
24 39 24 32 -4 33 0 T M M 4.6 15 270 M M 8 1 17 350
25 45 21 33 -3 32 0 0.00 M M 6.8 15 140 M M 3 1 21 150
26 58 25 42 5 23 0 T M M 3.5 13 230 M M 2 17 220
27 58 31 45 8 20 0 T M M 7.1 15 340 M M 3 23 330
28 53 26 40 2 25 0 0.06 M M 3.2 15 180 M M 5 19 180
29 49 40 45 7 20 0 0.44 M M 11.4 25 130 M M 10 3 36 140
30 44 38 41 2 24 0 0.16 M M 9.8 18 110 M M 9 27 120
31 45 29 37 -2 28 0 0.01 M M 2.5 12 110 M M 8 17 110
================================================================================
SM 1518 873 810 0 2.66 M 209.1 M 158
================================================================================
AV 49.0 28.2 6.7 FASTST M M 5 MAX(MPH)
MISC ----> # 35 140 # 44 150
================================================================================
NOTES:
# LAST OF SEVERAL OCCURRENCES
COLUMN 17 PEAK WIND IN M.P.H.
PRELIMINARY LOCAL CLIMATOLOGICAL DATA (WS FORM: F-6) , PAGE 2
STATION: BENNINGTON VT
MONTH: MARCH
YEAR: 2020
LATITUDE: 42 53 N
LONGITUDE: 73 15 W
[TEMPERATURE DATA] [PRECIPITATION DATA] SYMBOLS USED IN COLUMN 16
AVERAGE MONTHLY: 38.6 TOTAL FOR MONTH: 2.66 1 = FOG OR MIST
DPTR FM NORMAL: 5.3 DPTR FM NORMAL: -0.49 2 = FOG REDUCING VISIBILITY
HIGHEST: 70 ON 9 GRTST 24HR 0.50 ON 20-20 TO 1/4 MILE OR LESS
LOWEST: 8 ON 1 3 = THUNDER
SNOW, ICE PELLETS, HAIL 4 = ICE PELLETS
TOTAL MONTH: M 5 = HAIL
GRTST 24HR M ON M 6 = FREEZING RAIN OR DRIZZLE
GRTST DEPTH: M ON M 7 = DUSTSTORM OR SANDSTORM:
VSBY 1/2 MILE OR LESS
8 = SMOKE OR HAZE
[NO. OF DAYS WITH] [WEATHER - DAYS WITH] 9 = BLOWING SNOW
X = TORNADO
MAX 32 OR BELOW: 1 0.01 INCH OR MORE: 12
MAX 90 OR ABOVE: 0 0.10 INCH OR MORE: 8
MIN 32 OR BELOW: 21 0.50 INCH OR MORE: 1
MIN 0 OR BELOW: 0 1.00 INCH OR MORE: 0
[HDD (BASE 65) ]
TOTAL THIS MO. 810 CLEAR (SCALE 0-3) 13
DPTR FM NORMAL -174 PTCLDY (SCALE 4-7) 10
TOTAL FM JUL 1 5698 CLOUDY (SCALE 8-10) 8
DPTR FM NORMAL -537
[CDD (BASE 65) ]
TOTAL THIS MO. 0
DPTR FM NORMAL 0 [PRESSURE DATA]
TOTAL FM JAN 1 0 HIGHEST SLP 30.71 ON 22
DPTR FM NORMAL 0 LOWEST SLP 29.32 ON 3
[REMARKS]
#FINAL-03-20#