000
CXUS51 KALY 010826
CLMDDH
CLIMATE REPORT
NATIONAL WEATHER SERVICE ALBANY NY
426 AM EDT WED NOV 01 2023
...................................
...THE BENNINGTON VT CLIMATE SUMMARY FOR THE MONTH OF OCTOBER 2023...
CLIMATE NORMAL PERIOD: 1991 TO 2020
CLIMATE RECORD PERIOD: 9999 TO 9999
WEATHER OBSERVED NORMAL DEPART LAST YEAR`S
VALUE DATE(S) VALUE FROM VALUE DATE(S)
NORMAL
................................................................
TEMPERATURE (F)
HIGHEST 86 10/04 78 10/26
LOWEST 29 10/31 25 10/29
AVG. MAXIMUM 63.7 59.9 3.8 63.5
AVG. MINIMUM 43.2 37.8 5.4 36.7
MEAN 53.4 48.9 4.5 50.1
DAYS MAX >= 90 0 0.0 0.0 0
DAYS MAX <= 32 0 0.0 0.0 0
DAYS MIN <= 32 2 8.4 -6.4 11
DAYS MIN <= 0 0 0.0 0.0 0
PRECIPITATION (INCHES)
TOTALS 5.23 3.61 1.62 2.39
DAILY AVG. 0.17 0.08
DAYS >= .01 8 9
DAYS >= .10 5 3
DAYS >= .50 3 2
DAYS >= 1.00 2 1
GREATEST
24 HR. TOTAL 2.07 10/20 TO 10/21
DEGREE DAYS
HEATING TOTAL 357 503 -146 458
SINCE 7/1 526 742 -216 MM
COOLING TOTAL 5 3 2 3
SINCE 1/1 480 371 109 MM
................................................................
WIND (MPH)
AVERAGE WIND SPEED 3.6
HIGHEST WIND SPEED/DIRECTION 22/150 DATE 10/20
HIGHEST GUST SPEED/DIRECTION 29/140 DATE 10/20
SKY COVER
AVERAGE SKY COVER 0.59
AVERAGE RH (PERCENT) 76
WEATHER CONDITIONS. NUMBER OF DAYS WITH
THUNDERSTORM 0 MIXED PRECIP 0
HEAVY RAIN 1 RAIN 5
LIGHT RAIN 13 FREEZING RAIN 0
LT FREEZING RAIN 0 HAIL 0
HEAVY SNOW 0 SNOW 0
LIGHT SNOW 0 SLEET 0
FOG 20 FOG W/VIS <= 1/4 MILE 8
HAZE 4
- INDICATES NEGATIVE NUMBERS.
R INDICATES RECORD WAS SET OR TIED.
MM INDICATES DATA IS MISSING.
T INDICATES TRACE AMOUNT.
$$