000
CXUS55 KBOU 011421 CCA
CF6DEN
PRELIMINARY LOCAL CLIMATOLOGICAL DATA (WS FORM: F-6)
STATION: DENVER CO
MONTH: JANUARY
YEAR: 2024
LATITUDE: 39 52 N
LONGITUDE: 104 40 W
TEMPERATURE IN F: :PCPN: SNOW: WIND :SUNSHINE: SKY :PK WND
================================================================================
1 2 3 4 5 6A 6B 7 8 9 10 11 12 13 14 15 16 17 18
12Z AVG MX 2MIN
DY MAX MIN AVG DEP HDD CDD WTR SNW DPTH SPD SPD DIR MIN PSBL S-S WX SPD DR
================================================================================
1 55 19 37 6 28 0 0.00 0.0 0 7.0 15 330 M M 4 19 340
2 49 23 36 5 29 0 0.00 0.0 0 6.8 13 230 M M 2 17 160
3 47 16 32 1 33 0 0.00 0.0 0 10.3 20 140 M M 3 26 150
4 33 21 27 -4 38 0 0.00 0.0 0 6.0 16 300 M M 8 18 20 300
5 42 22 32 1 33 0 0.00 0.0 0 6.8 15 320 M M 7 23 350
6 41 18 30 -2 35 0 0.00 0.0 0 8.5 17 280 M M 5 22 270
7 35 16 26 -6 39 0 0.00 0.0 0 7.8 14 180 M M 8 17 220
8 29 6 18 -14 47 0 0.02 0.7 1 18.5 30 350 M M 6 1 44 350
9 43 -2 21 -11 44 0 0.00 0.0 T 10.3 22 270 M M 4 32 270
10 40 20 30 -2 35 0 0.00 0.0 0 16.8 37 270 M M 4 49 270
11 30 -1 15 -17 50 0 T T 0 11.3 28 30 M M 6 1 36 30
12 34 0 17 -15 48 0 T T 0 17.3 36 270 M M 5 1 49 280
13 0 -13 -6 -38 71 0 0.09 0.9 1 9.0 15 60 M M 6 8 19 40
14 6 -10 -2 -34 67 0 T T T 4.6 12 150 M M 6 13 290
15 2 -19 -8 -40 73 0 0.09 1.5 T 9.4 22 360 M M 6 31 350
16 38 -19 10 -22 55 0 0.00 0.0 2 10.1 23 290 M M 5 33 290
17 47 22 35 3 30 0 0.00 0.0 2 9.0 29 220 M M 5 36 230
18 49 10 30 -2 35 0 T T 1 13.0 36 30 M M 6 46 20
19 34 10 22 -10 43 0 T M T 6.8 13 110 M M 7 18 110
20 41 16 29 -3 36 0 0.00 0.0 T 3.7 12 50 M M 7 15 40
21 55 24 40 8 25 0 0.00 0.0 T 7.6 17 200 M M 6 23 210
22 55 27 41 9 24 0 0.00 0.0 0 6.8 14 70 M M 7 18 100
23 53 26 40 8 25 0 0.00 0.0 0 8.5 16 110 M M 5 27 110
24 52 26 39 7 26 0 T 0.0 0 7.2 12 240 M M 6 14 60
25 51 24 38 6 27 0 0.04 T 0 6.9 21 70 M M 5 13 25 60
26 43 31 37 5 28 0 0.04 0.5 1 6.1 13 270 M M 9 12 16 280
27 49 24 37 5 28 0 0.00 0.0 0 9.5 15 170 M M 1 18 200
28 60 29 45 13 20 0 0.00 0.0 0 9.3 15 180 M M 1 20 220
29 60 31 46 14 19 0 0.00 0.0 0 7.9 14 220 M M 3 16 220
30 61 28 45 14 20 0 0.00 0.0 0 7.2 14 210 M M 1 18 220
31 61 26 44 13 21 0 0.00 0.0 0 6.0 13 220 M M 4 14 220
================================================================================
SM 1295 451 1132 0 0.28 3.6 276.0 M 158
================================================================================
AV 41.8 14.5 8.9 FASTST M M 5 MAX(MPH)
MISC ----> 37 270 # 49 270
================================================================================
NOTES:
# LAST OF SEVERAL OCCURRENCES
COLUMN 17 PEAK WIND IN M.P.H.
PRELIMINARY LOCAL CLIMATOLOGICAL DATA (WS FORM: F-6) , PAGE 2
STATION: DENVER CO
MONTH: JANUARY
YEAR: 2024
LATITUDE: 39 52 N
LONGITUDE: 104 40 W
[TEMPERATURE DATA] [PRECIPITATION DATA] SYMBOLS USED IN COLUMN 16
AVERAGE MONTHLY: 28.2 TOTAL FOR MONTH: 0.28 1 = FOG OR MIST
DPTR FM NORMAL: -3.5 DPTR FM NORMAL: -0.10 2 = FOG REDUCING VISIBILITY
HIGHEST: 61 ON 30,31 GRTST 24HR 0.09 ON 15-15 TO 1/4 MILE OR LESS
LOWEST: -19 ON 15,16 3 = THUNDER
SNOW, ICE PELLETS, HAIL 4 = ICE PELLETS
TOTAL MONTH: 3.6 INCHES 5 = HAIL
GRTST 24HR 1.5 ON 15-15 6 = FREEZING RAIN OR DRIZZLE
GRTST DEPTH: 2 ON 16,17 7 = DUSTSTORM OR SANDSTORM:
VSBY 1/2 MILE OR LESS
8 = SMOKE OR HAZE
[NO. OF DAYS WITH] [WEATHER - DAYS WITH] 9 = BLOWING SNOW
X = TORNADO
MAX 32 OR BELOW: 5 0.01 INCH OR MORE: 5
MAX 90 OR ABOVE: 0 0.10 INCH OR MORE: 0
MIN 32 OR BELOW: 31 0.50 INCH OR MORE: 0
MIN 0 OR BELOW: 7 1.00 INCH OR MORE: 0
[HDD (BASE 65) ]
TOTAL THIS MO. 1132 CLEAR (SCALE 0-3) 6
DPTR FM NORMAL 98 PTCLDY (SCALE 4-7) 22
TOTAL FM JUL 1 3056 CLOUDY (SCALE 8-10) 3
DPTR FM NORMAL -346
[CDD (BASE 65) ]
TOTAL THIS MO. 0
DPTR FM NORMAL 0 [PRESSURE DATA]
TOTAL FM JAN 1 0 HIGHEST SLP 30.55 ON 15
DPTR FM NORMAL 0 LOWEST SLP 29.30 ON 11
[REMARKS]
#FINAL-01-24#