000
CXUS54 KSHV 180918
CF6DEQ
PRELIMINARY LOCAL CLIMATOLOGICAL DATA (WS FORM: F-6)
STATION: DE QUEEN
MONTH: AUGUST
YEAR: 2022
LATITUDE: 34 2 N
LONGITUDE: 94 24 W
TEMPERATURE IN F: :PCPN: SNOW: WIND :SUNSHINE: SKY :PK WND
================================================================================
1 2 3 4 5 6A 6B 7 8 9 10 11 12 13 14 15 16 17 18
12Z AVG MX 2MIN
DY MAX MIN AVG DEP HDD CDD WTR SNW DPTH SPD SPD DIR MIN PSBL S-S WX SPD DR
================================================================================
1 88 77 83 1 0 18 0.00 0.0 0 M M M M M M M M
2 100 75 88 6 0 23 0.04 0.0 0 4.4 13 150 M M 2 3 17 140
3 102 75 89 7 0 24 0.00 0.0 0 6.1 13 130 M M 0 18 170
4 97 74 86 4 0 21 0.00 0.0 0 4.9 17 110 M M 1 21 120
5 102 76 89 7 0 24 0.00 0.0 0 5.0 14 130 M M 0 1 18 120
6 97 74 86 4 0 21 0.00 0.0 0 4.9 14 160 M M 3 18 170
7 99 73 86 4 0 21 0.00 0.0 0 4.5 15 210 M M 0 19 160
8 102 74 88 6 0 23 0.04 0.0 0 4.4 15 90 M M 1 3 22 350
9 87 73 80 -2 0 15 0.16 0.0 0 2.3 9 300 M M 3 13 13 290
10 99 73 86 4 0 21 0.00 0.0 0 2.8 16 100 M M 2 1 24 60
11 96 70 83 1 0 18 0.00 0.0 0 4.7 17 110 M M 1 1 24 90
12 98 72 85 3 0 20 0.00 0.0 0 5.6 14 70 M M 2 19 110
13 99 65 82 0 0 17 0.00 0.0 0 4.6 14 110 M M 0 1 18 110
14 101 62 82 0 0 17 0.00 0.0 0 2.0 12 180 M M 0 15 140
15 104 72 88 6 0 23 0.00 0.0 0 3.2 13 230 M M 1 1 21 260
16 104 72 88 6 0 23 0.00 0.0 0 4.7 13 240 M M 1 18 260
17 83 74 79 -3 0 14 0.06 0.0 0 6.3 15 110 M M 4 138 21 70
18 90 72 81 -1 0 16 0.01 0.0 0 5.7 14 110 M M 7 8 19 80
19 94 70 82 0 0 17 0.00 0.0 0 3.4 14 140 M M 5 1 19 130
20 97 69 83 1 0 18 0.00 0.0 0 3.5 12 260 M M 1 1 15 220
21 81 74 78 -3 0 13 1.30 0.0 0 1.9 12 320 M M 4 123 15 310
22 77 74 76 -5 0 11 2.06 0.0 0 7.6 13 100 M M 7 1 18 80
23 89 74 82 1 0 17 T 0.0 0 6.8 14 70 M M 8 18 40
24 91 73 82 1 0 17 0.01 0.0 0 5.5 15 100 M M 6 22 110
25 92 71 82 1 0 17 0.00 0.0 0 3.3 12 120 M M 4 17 110
26 94 71 83 2 0 18 0.00 0.0 0 4.0 13 110 M M 1 16 110
27 94 72 83 3 0 18 0.00 0.0 0 4.4 14 80 M M 2 1 17 80
28 94 75 85 5 0 20 0.00 0.0 0 5.7 13 180 M M 2 1 21 210
29 92 74 83 3 0 18 0.17 0.0 0 3.4 22 190 M M 1 13 33 200
30 93 74 84 4 0 19 0.00 0.0 0 2.4 10 190 M M 3 1 14 210
31 94 68 81 1 0 16 0.00 0.0 0 1.8 13 220 M M 0 12 18 240
================================================================================
SM 2930 2242 0 578 3.85 0.0 129.8 M 72
================================================================================
AV 94.5 72.3 4.3 FASTST M M 2 MAX(MPH)
MISC ----> 22 190 33 200
================================================================================
NOTES:
# LAST OF SEVERAL OCCURRENCES
COLUMN 17 PEAK WIND IN M.P.H.
PRELIMINARY LOCAL CLIMATOLOGICAL DATA (WS FORM: F-6) , PAGE 2
STATION: DE QUEEN
MONTH: AUGUST
YEAR: 2022
LATITUDE: 34 2 N
LONGITUDE: 94 24 W
[TEMPERATURE DATA] [PRECIPITATION DATA] SYMBOLS USED IN COLUMN 16
AVERAGE MONTHLY: 83.4 TOTAL FOR MONTH: 3.85 1 = FOG OR MIST
DPTR FM NORMAL: 1.7 DPTR FM NORMAL: 1.26 2 = FOG REDUCING VISIBILITY
HIGHEST: 104 ON 15,16 GRTST 24HR 2.10 ON 21-22 TO 1/4 MILE OR LESS
LOWEST: 62 ON 14 3 = THUNDER
SNOW, ICE PELLETS, HAIL 4 = ICE PELLETS
TOTAL MONTH: 0.0 INCH 5 = HAIL
GRTST 24HR 0.0 6 = FREEZING RAIN OR DRIZZLE
GRTST DEPTH: 0 7 = DUSTSTORM OR SANDSTORM:
VSBY 1/2 MILE OR LESS
8 = SMOKE OR HAZE
[NO. OF DAYS WITH] [WEATHER - DAYS WITH] 9 = BLOWING SNOW
X = TORNADO
MAX 32 OR BELOW: 0 0.01 INCH OR MORE: 9
MAX 90 OR ABOVE: 25 0.10 INCH OR MORE: 4
MIN 32 OR BELOW: 0 0.50 INCH OR MORE: 2
MIN 0 OR BELOW: 0 1.00 INCH OR MORE: 2
[HDD (BASE 65) ]
TOTAL THIS MO. 0 CLEAR (SCALE 0-3) 20
DPTR FM NORMAL 0 PTCLDY (SCALE 4-7) 10
TOTAL FM JUL 1 0 CLOUDY (SCALE 8-10) 1
DPTR FM NORMAL 0
[CDD (BASE 65) ]
TOTAL THIS MO. 578
DPTR FM NORMAL 62 [PRESSURE DATA]
TOTAL FM JAN 1 2098 HIGHEST SLP 30.11 ON 7
DPTR FM NORMAL 376 LOWEST SLP 29.77 ON 28
[REMARKS]
#FINAL-08-22#