000
CXUS54 KSHV 011500
CF6DEQ
PRELIMINARY LOCAL CLIMATOLOGICAL DATA (WS FORM: F-6)
STATION: DE QUEEN
MONTH: FEBRUARY
YEAR: 2020
LATITUDE: 34 2 N
LONGITUDE: 94 24 W
TEMPERATURE IN F: :PCPN: SNOW: WIND :SUNSHINE: SKY :PK WND
================================================================================
1 2 3 4 5 6A 6B 7 8 9 10 11 12 13 14 15 16 17 18
12Z AVG MX 2MIN
DY MAX MIN AVG DEP HDD CDD WTR SNW DPTH SPD SPD DIR MIN PSBL S-S WX SPD DR
================================================================================
1 62 29 46 4 19 0 T 0.0 0 3.3 15 280 M M 4 12 20 260
2 78 30 54 12 11 0 0.00 0.0 0 2.2 10 230 M M 0 1 18 230
3 70 36 53 11 12 0 T 0.0 0 5.0 18 200 M M 5 1 27 220
4 68 45 57 14 8 0 0.17 0.0 0 7.5 17 270 M M 9 1 21 270
5 48 37 43 0 22 0 0.06 0.0 0 5.9 13 330 M M 10 1 18 340
6 37 26 32 -11 33 0 0.04 T 0 5.8 13 310 M M 8 1 17 320
7 50 24 37 -6 28 0 0.00 0.0 0 2.4 7 230 M M 0 1 10 220
8 62 29 46 3 19 0 0.00 0.0 0 3.3 13 150 M M 3 12 16 140
9 68 53 61 17 4 0 0.32 0.0 0 4.9 14 180 M M 10 13 19 180
10 64 49 57 13 8 0 0.51 0.0 0 3.6 13 40 M M 10 138 17 20
11 49 40 45 1 20 0 0.18 0.0 0 6.0 15 60 M M 9 20 50
12 49 39 44 0 21 0 1.88 0.0 0 6.2 13 300 M M 10 1 19 320
13 46 32 39 -6 26 0 0.00 0.0 0 6.0 15 330 M M 6 20 320
14 49 26 38 -7 27 0 0.00 0.0 0 4.4 14 90 M M 0 17 90
15 57 28 43 -2 22 0 0.00 0.0 0 4.9 13 150 M M 5 17 180
16 66 50 58 13 7 0 0.00 0.0 0 4.7 14 170 M M 10 18 18 120
17 65 55 60 14 5 0 T 0.0 0 5.0 12 150 M M 9 12 16 170
18 66 46 56 10 9 0 0.41 0.0 0 4.0 20 40 M M 10 1238 29 30
19 57 36 47 1 18 0 0.16 0.0 0 6.8 15 90 M M 4 21 80
20 49 35 42 -4 23 0 0.22 0.0 0 6.4 16 30 M M 8 1 23 10
21 51 26 39 -8 26 0 0.00 0.0 0 2.3 8 60 M M 0 13 30
22 53 28 41 -6 24 0 0.00 0.0 0 2.9 10 140 M M 2 17 150
23 57 37 47 0 18 0 0.20 0.0 0 4.2 10 180 M M 7 18 17 180
24 63 52 58 10 7 0 0.04 0.0 0 11.6 25 260 M M 9 33 280
25 62 46 54 6 11 0 0.00 0.0 0 5.9 15 330 M M 7 20 330
26 46 28 37 -11 28 0 0.00 0.0 0 8.7 20 340 M M 6 30 310
27 56 22 39 -10 26 0 0.00 0.0 0 3.8 16 240 M M 0 12 22 260
28 64 27 46 -3 19 0 0.00 0.0 0 3.7 17 280 M M 0 1 24 290
29 75 29 52 3 13 0 0.00 0.0 0 3.8 15 220 M M 1 128 20 220
================================================================================
SM 1687 1040 514 0 4.19 T 145.2 M 162
================================================================================
AV 58.2 35.9 5.0 FASTST M M 6 MAX(MPH)
MISC ----> # 25 260 # 33 280
================================================================================
NOTES:
# LAST OF SEVERAL OCCURRENCES
COLUMN 17 PEAK WIND IN M.P.H.
PRELIMINARY LOCAL CLIMATOLOGICAL DATA (WS FORM: F-6) , PAGE 2
STATION: DE QUEEN
MONTH: FEBRUARY
YEAR: 2020
LATITUDE: 34 2 N
LONGITUDE: 94 24 W
[TEMPERATURE DATA] [PRECIPITATION DATA] SYMBOLS USED IN COLUMN 16
AVERAGE MONTHLY: 47.0 TOTAL FOR MONTH: 4.19 1 = FOG OR MIST
DPTR FM NORMAL: 1.8 DPTR FM NORMAL: 0.51 2 = FOG REDUCING VISIBILITY
HIGHEST: 78 ON 2 GRTST 24HR 1.88 ON 12-12 TO 1/4 MILE OR LESS
LOWEST: 22 ON 27 3 = THUNDER
SNOW, ICE PELLETS, HAIL 4 = ICE PELLETS
TOTAL MONTH: T 5 = HAIL
GRTST 24HR T ON 6- 6 6 = FREEZING RAIN OR DRIZZLE
GRTST DEPTH: 0 7 = DUSTSTORM OR SANDSTORM:
VSBY 1/2 MILE OR LESS
8 = SMOKE OR HAZE
[NO. OF DAYS WITH] [WEATHER - DAYS WITH] 9 = BLOWING SNOW
X = TORNADO
MAX 32 OR BELOW: 0 0.01 INCH OR MORE: 12
MAX 90 OR ABOVE: 0 0.10 INCH OR MORE: 9
MIN 32 OR BELOW: 14 0.50 INCH OR MORE: 2
MIN 0 OR BELOW: 0 1.00 INCH OR MORE: 1
[HDD (BASE 65) ]
TOTAL THIS MO. 514 CLEAR (SCALE 0-3) 8
DPTR FM NORMAL -41 PTCLDY (SCALE 4-7) 11
TOTAL FM JUL 1 2277 CLOUDY (SCALE 8-10) 10
DPTR FM NORMAL -230
[CDD (BASE 65) ]
TOTAL THIS MO. 0
DPTR FM NORMAL -1 [PRESSURE DATA]
TOTAL FM JAN 1 0 HIGHEST SLP 30.73 ON 21
DPTR FM NORMAL -2 LOWEST SLP 29.63 ON 24
[REMARKS]
#FINAL-02-20#