000
CXUS52 KTAE 010800
CF6DHN
PRELIMINARY LOCAL CLIMATOLOGICAL DATA (WS FORM: F-6)
STATION: DOTHAN
MONTH: SEPTEMBER
YEAR: 2021
LATITUDE: 31 19 N
LONGITUDE: 85 27 W
TEMPERATURE IN F: :PCPN: SNOW: WIND :SUNSHINE: SKY :PK WND
================================================================================
1 2 3 4 5 6A 6B 7 8 9 10 11 12 13 14 15 16 17 18
12Z AVG MX 2MIN
DY MAX MIN AVG DEP HDD CDD WTR SNW DPTH SPD SPD DIR MIN PSBL S-S WX SPD DR
================================================================================
1 91 73 82 2 0 17 0.29 0.0 M 7.6 21 260 M M 4 13 26 270
2 90 70 80 0 0 15 0.00 0.0 M 3.0 10 350 M M 6 1 14 350
3 90 70 80 0 0 15 0.00 0.0 0 5.9 12 90 M M 1 1 16 90
4 88 67 78 -2 0 13 0.00 0.0 0 4.4 9 40 M M 1 13 100
5 88 66 77 -3 0 12 0.00 0.0 M 2.5 8 200 M M 2 11 200
6 90 70 80 0 0 15 T 0.0 0 2.3 10 140 M M 2 1 12 150
7 91 72 82 2 0 17 0.02 M M 2.7 15 200 M M 5 13 20 180
8 79 72 76 -3 0 11 0.10 M M 4.9 13 180 M M 5 1 16 160
9 86 67 77 -2 0 12 0.00 0.0 0 7.0 17 330 M M 5 1 20 340
10 87 60 74 -5 0 9 0.00 0.0 M 3.9 10 20 M M 1 17 350
11 87 67 77 -2 0 12 T 0.0 0 6.4 14 80 M M 3 17 110
12 89 71 80 1 0 15 T 0.0 0 5.8 15 140 M M 3 1 19 140
13 90 70 80 1 0 15 0.00 0.0 0 3.5 9 120 M M 1 12 150
14 85 72 79 1 0 14 0.00 0.0 0 2.9 8 150 M M 2 18 10 140
15 80 73 77 -1 0 12 0.49 0.0 0 5.4 13 210 M M 8 1 18 230
16 86 73 80 2 0 15 1.10 0.0 0 6.6 22 170 M M 9 12 27 170
17 84 73 79 1 0 14 T 0.0 0 4.7 10 180 M M 7 12 13 160
18 88 73 81 3 0 16 0.30 0.0 0 4.5 16 20 M M 3 1 20 60
19 86 72 79 2 0 14 0.22 0.0 M 4.5 18 80 M M 9 1 23 70
20 88 73 81 4 0 16 T 0.0 M 3.4 20 190 M M 6 13 23 200
21 91 72 82 5 0 17 0.02 0.0 0 2.4 9 200 M M 5 12 11 200
22 85 60 73 -4 0 8 0.00 0.0 0 9.4 22 340 M M 2 26 340
23 78 54 66 -10 0 1 0.00 0.0 0 7.7 16 20 M M 0 22 40
24 82 53 68 -8 0 3 0.00 0.0 0 4.0 9 50 M M 0 1 14 40
25 84 56 70 -6 0 5 0.00 0.0 M 3.0 8 30 M M 1 11 150
26 86 58 72 -4 0 7 0.00 0.0 M 3.4 8 40 M M 0 13 10
27 87 61 74 -1 0 9 0.00 0.0 M 3.1 9 220 M M 1 14 200
28 88 62 75 0 0 10 T 0.0 0 1.1 9 210 M M 2 128 12 200
29 90 64 77 2 0 12 0.00 0.0 0 2.2 8 200 M M 2 12 9 200
30 88 67 78 4 0 13 0.00 M 0 3.8 12 130 M M 0 1 15 140
================================================================================
SM 2602 2011 0 364 2.54 0.0 132.0 M 96
================================================================================
AV 86.7 67.0 4.4 FASTST M M 3 MAX(MPH)
MISC ----> # 22 170 27 170
================================================================================
NOTES:
# LAST OF SEVERAL OCCURRENCES
COLUMN 17 PEAK WIND IN M.P.H.
PRELIMINARY LOCAL CLIMATOLOGICAL DATA (WS FORM: F-6) , PAGE 2
STATION: DOTHAN
MONTH: SEPTEMBER
YEAR: 2021
LATITUDE: 31 19 N
LONGITUDE: 85 27 W
[TEMPERATURE DATA] [PRECIPITATION DATA] SYMBOLS USED IN COLUMN 16
AVERAGE MONTHLY: 76.9 TOTAL FOR MONTH: 2.54 1 = FOG OR MIST
DPTR FM NORMAL: -1.0 DPTR FM NORMAL: -0.73 2 = FOG REDUCING VISIBILITY
HIGHEST: 91 ON 21, 7 GRTST 24HR 1.46 ON 15-16 TO 1/4 MILE OR LESS
LOWEST: 53 ON 24 3 = THUNDER
SNOW, ICE PELLETS, HAIL 4 = ICE PELLETS
TOTAL MONTH: 0.0 INCH 5 = HAIL
GRTST 24HR 0.0 6 = FREEZING RAIN OR DRIZZLE
GRTST DEPTH: 0 7 = DUSTSTORM OR SANDSTORM:
VSBY 1/2 MILE OR LESS
8 = SMOKE OR HAZE
[NO. OF DAYS WITH] [WEATHER - DAYS WITH] 9 = BLOWING SNOW
X = TORNADO
MAX 32 OR BELOW: 0 0.01 INCH OR MORE: 8
MAX 90 OR ABOVE: 8 0.10 INCH OR MORE: 6
MIN 32 OR BELOW: 0 0.50 INCH OR MORE: 1
MIN 0 OR BELOW: 0 1.00 INCH OR MORE: 1
[HDD (BASE 65) ]
TOTAL THIS MO. 0 CLEAR (SCALE 0-3) 17
DPTR FM NORMAL -1 PTCLDY (SCALE 4-7) 11
TOTAL FM JUL 1 0 CLOUDY (SCALE 8-10) 2
DPTR FM NORMAL 0
[CDD (BASE 65) ]
TOTAL THIS MO. 364
DPTR FM NORMAL -23 [PRESSURE DATA]
TOTAL FM JAN 1 2291 HIGHEST SLP M ON M
DPTR FM NORMAL -181 LOWEST SLP 29.79 ON 1
[REMARKS]
#FINAL-09-21#