000
CXUS53 KBIS 010930
CF6DIK
PRELIMINARY LOCAL CLIMATOLOGICAL DATA (WS FORM: F-6)
STATION: DICKINSON ND
MONTH: FEBRUARY
YEAR: 2024
LATITUDE: 46 47 N
LONGITUDE: 102 48 W
TEMPERATURE IN F: :PCPN: SNOW: WIND :SUNSHINE: SKY :PK WND
================================================================================
1 2 3 4 5 6A 6B 7 8 9 10 11 12 13 14 15 16 17 18
12Z AVG MX 2MIN
DY MAX MIN AVG DEP HDD CDD WTR SNW DPTH SPD SPD DIR MIN PSBL S-S WX SPD DR
================================================================================
1 51 27 39 22 26 0 0.00 M M 11.3 22 160 M M 1 1 27 160
2 39 32 36 19 29 0 0.00 M M 17.6 24 150 M M 10 12 32 170
3 42 33 38 21 27 0 T M M 11.2 23 170 M M 10 12 34 170
4 39 33 36 19 29 0 T M M 9.8 16 150 M M 10 12 20 150
5 49 27 38 20 27 0 T M M 7.1 18 200 M M 5 12 23 200
6 34 26 30 12 35 0 T M M 10.3 21 110 M M 8 12 28 90
7 31 28 30 12 35 0 M M M 11.7 23 110 M M 10 12 28 110
8 29 24 27 9 38 0 M M M 18.5 30 300 M M 10 1 39 310
9 24 22 23 5 42 0 M M M 11.5 21 300 M M 10 1 26 310
10 24 12 18 0 47 0 T M M 9.8 21 300 M M 7 18 26 300
11 36 12 24 6 41 0 0.00 M M 14.2 23 280 M M 3 28 290
12 36 16 26 7 39 0 T M M 6.7 13 280 M M 4 1 14 280
13 34 14 24 5 41 0 T M M 12.4 28 290 M M 5 1 34 290
14 25 11 18 -1 47 0 0.00 M M 8.1 15 320 M M 6 20 310
15 22 3 13 -6 52 0 T M M 10.1 18 330 M M 8 26 340
16 17 0 9 -11 56 0 T M M 17.5 30 280 M M 5 39 280
17 33 10 22 2 43 0 0.00 M M 21.4 32 280 M M 0 41 280
18 40 8 24 4 41 0 0.00 M M 7.3 16 280 M M 0 20 270
19 36 15 26 6 39 0 0.00 M M 8.3 21 280 M M 0 24 290
20 47 14 31 10 34 0 0.00 M M 5.4 15 250 M M 1 18 250
21 52 30 41 20 24 0 0.00 M M 10.9 18 270 M M 1 24 270
22 50 26 38 17 27 0 0.00 M M 14.4 26 300 M M 0 38 290
23 49 31 40 18 25 0 0.00 M M 13.7 23 300 M M 0 29 320
24 52 27 40 18 25 0 0.00 M M 16.4 33 290 M M 3 43 280
25 49 24 37 15 28 0 0.04 M M 8.4 23 190 M M 8 1 31 190
26 59 10 35 12 30 0 M M M 18.1 31 320 M M 4 12 43 330
27 11 -5 3 -20 62 0 M M M 15.7 29 320 M M 7 189 38 320
28 34 -7 14 -10 51 0 0.00 M M 7.8 15 190 M M 2 18 140
29 57 25 41 17 24 0 0.00 M M 12.5 18 210 M M 0 22 210
================================================================================
SM 1101 528 1064 0 0.04 M 348.1 M 138
================================================================================
AV 38.0 18.2 12.0 FASTST M M 5 MAX(MPH)
MISC ----> 33 290 # 43 280
================================================================================
NOTES:
# LAST OF SEVERAL OCCURRENCES
COLUMN 17 PEAK WIND IN M.P.H.
PRELIMINARY LOCAL CLIMATOLOGICAL DATA (WS FORM: F-6) , PAGE 2
STATION: DICKINSON ND
MONTH: FEBRUARY
YEAR: 2024
LATITUDE: 46 47 N
LONGITUDE: 102 48 W
[TEMPERATURE DATA] [PRECIPITATION DATA] SYMBOLS USED IN COLUMN 16
AVERAGE MONTHLY: 28.1 TOTAL FOR MONTH: 0.04 1 = FOG OR MIST
DPTR FM NORMAL: 8.5 DPTR FM NORMAL: -0.28 2 = FOG REDUCING VISIBILITY
HIGHEST: 59 ON 26 GRTST 24HR 0.04 ON 25-25 TO 1/4 MILE OR LESS
LOWEST: -7 ON 28 3 = THUNDER
SNOW, ICE PELLETS, HAIL 4 = ICE PELLETS
TOTAL MONTH: M 5 = HAIL
GRTST 24HR M ON M 6 = FREEZING RAIN OR DRIZZLE
GRTST DEPTH: M ON M 7 = DUSTSTORM OR SANDSTORM:
VSBY 1/2 MILE OR LESS
8 = SMOKE OR HAZE
[NO. OF DAYS WITH] [WEATHER - DAYS WITH] 9 = BLOWING SNOW
X = TORNADO
MAX 32 OR BELOW: 8 0.01 INCH OR MORE: 1
MAX 90 OR ABOVE: 0 0.10 INCH OR MORE: 0
MIN 32 OR BELOW: 27 0.50 INCH OR MORE: 0
MIN 0 OR BELOW: 3 1.00 INCH OR MORE: 0
[HDD (BASE 65) ]
TOTAL THIS MO. 1064 CLEAR (SCALE 0-3) 12
DPTR FM NORMAL -207 PTCLDY (SCALE 4-7) 11
TOTAL FM JUL 1 5478 CLOUDY (SCALE 8-10) 6
DPTR FM NORMAL -791
[CDD (BASE 65) ]
TOTAL THIS MO. 0
DPTR FM NORMAL 0 [PRESSURE DATA]
TOTAL FM JAN 1 0 HIGHEST SLP 30.55 ON 16
DPTR FM NORMAL 0 LOWEST SLP 29.25 ON 26
[REMARKS]
#FINAL-02-24#