000
CXUS53 KDLH 010920
CF6DLH
PRELIMINARY LOCAL CLIMATOLOGICAL DATA (WS FORM: F-6)
STATION: DULUTH
MONTH: NOVEMBER
YEAR: 2021
LATITUDE: 46 49 N
LONGITUDE: 92 11 W
TEMPERATURE IN F: :PCPN: SNOW: WIND :SUNSHINE: SKY :PK WND
================================================================================
1 2 3 4 5 6A 6B 7 8 9 10 11 12 13 14 15 16 17 18
12Z AVG MX 2MIN
DY MAX MIN AVG DEP HDD CDD WTR SNW DPTH SPD SPD DIR MIN PSBL S-S WX SPD DR
================================================================================
1 41 30 36 -1 29 0 T 0.5 0 12.7 21 290 M M 8 18 30 290
2 38 27 33 -3 32 0 0.00 0.0 T 9.2 17 300 M M 8 27 310
3 42 28 35 -1 30 0 0.00 0.0 0 5.6 14 270 M M 6 20 260
4 47 26 37 2 28 0 0.00 0.0 0 7.6 17 210 M M 2 18 23 220
5 54 34 44 9 21 0 0.00 0.0 0 14.2 23 210 M M 3 33 190
6 64 41 53 19 12 0 0.11 0.0 0 12.9 23 260 M M 3 18 31 280
7 56 39 48 14 17 0 0.00 0.0 0 5.3 14 190 M M 2 1 17 190
8 52 31 42 8 23 0 0.00 0.0 0 8.5 16 310 M M 1 1 23 310
9 54 28 41 8 24 0 0.00 0.0 0 7.9 18 290 M M 0 8 25 280
10 47 26 37 5 28 0 0.41 0.0 0 12.6 26 100 M M 6 18 36 90
11 42 33 38 6 27 0 1.05 0.6 0 14.2 24 90 M M 10 1 35 90
12 36 30 33 1 32 0 0.02 0.4 T 11.2 24 340 M M 10 1 35 350
13 32 27 30 -1 35 0 0.18 3.0 T 7.1 20 350 M M 10 128 31 20
14 29 17 23 -7 42 0 0.02 0.4 3 9.1 17 340 M M 8 26 350
15 32 8 20 -10 45 0 0.00 0.0 2 2.5 7 160 M M 2 10 160
16 37 26 32 2 33 0 T T 2 13.8 25 110 M M 9 37 120
17 36 27 32 3 33 0 T T 1 17.6 32 260 M M 7 45 230
18 29 24 27 -1 38 0 T T 1 16.9 26 310 M M 9 9 41 300
19 34 18 26 -2 39 0 0.00 0.0 1 10.4 18 150 M M 1 26 180
20 39 23 31 3 34 0 0.00 0.0 T 9.2 21 310 M M 1 29 320
21 33 13 23 -4 42 0 0.01 0.1 T 17.5 33 310 M M 4 189 52 310
22 24 9 17 -10 48 0 0.00 0.0 T 9.1 20 290 M M 6 27 290
23 43 14 29 3 36 0 0.00 0.0 T 9.3 17 180 M M 0 25 160
24 38 21 30 4 35 0 T T T 11.1 23 340 M M 5 33 330
25 21 5 13 -12 52 0 T T T 9.9 21 330 M M 2 29 330
26 26 9 18 -7 47 0 0.00 0.0 T 8.4 16 120 M M 6 21 120
27 33 22 28 4 37 0 0.01 T T 9.3 25 330 M M 8 18 42 310
28 32 19 26 2 39 0 0.00 0.0 T 9.3 24 310 M M 3 34 310
29 32 20 26 3 39 0 0.03 0.5 T 7.4 17 120 M M 8 18 23 140
30 35 24 30 7 35 0 T T T 10.3 21 310 M M 3 33 300
================================================================================
SM 1158 699 1012 0 1.84 5.5 310.1 M 151
================================================================================
AV 38.6 23.3 10.3 FASTST M M 5 MAX(MPH)
MISC ----> 33 310 52 310
================================================================================
NOTES:
# LAST OF SEVERAL OCCURRENCES
COLUMN 17 PEAK WIND IN M.P.H.
PRELIMINARY LOCAL CLIMATOLOGICAL DATA (WS FORM: F-6) , PAGE 2
STATION: DULUTH
MONTH: NOVEMBER
YEAR: 2021
LATITUDE: 46 49 N
LONGITUDE: 92 11 W
[TEMPERATURE DATA] [PRECIPITATION DATA] SYMBOLS USED IN COLUMN 16
AVERAGE MONTHLY: 31.0 TOTAL FOR MONTH: 1.84 1 = FOG OR MIST
DPTR FM NORMAL: 1.1 DPTR FM NORMAL: -0.12 2 = FOG REDUCING VISIBILITY
HIGHEST: 64 ON 6 GRTST 24HR 1.44 ON 10-11 TO 1/4 MILE OR LESS
LOWEST: 5 ON 25 3 = THUNDER
SNOW, ICE PELLETS, HAIL 4 = ICE PELLETS
TOTAL MONTH: 5.5 INCHES 5 = HAIL
GRTST 24HR 3.0 ON 13-13 6 = FREEZING RAIN OR DRIZZLE
GRTST DEPTH: 3 ON 14 7 = DUSTSTORM OR SANDSTORM:
VSBY 1/2 MILE OR LESS
8 = SMOKE OR HAZE
[NO. OF DAYS WITH] [WEATHER - DAYS WITH] 9 = BLOWING SNOW
X = TORNADO
MAX 32 OR BELOW: 9 0.01 INCH OR MORE: 9
MAX 90 OR ABOVE: 0 0.10 INCH OR MORE: 4
MIN 32 OR BELOW: 26 0.50 INCH OR MORE: 1
MIN 0 OR BELOW: 0 1.00 INCH OR MORE: 1
[HDD (BASE 65) ]
TOTAL THIS MO. 1012 CLEAR (SCALE 0-3) 12
DPTR FM NORMAL -44 PTCLDY (SCALE 4-7) 11
TOTAL FM JUL 1 1662 CLOUDY (SCALE 8-10) 7
DPTR FM NORMAL -409
[CDD (BASE 65) ]
TOTAL THIS MO. 0
DPTR FM NORMAL 0 [PRESSURE DATA]
TOTAL FM JAN 1 436 HIGHEST SLP 30.41 ON 25
DPTR FM NORMAL 181 LOWEST SLP 29.25 ON 11
[REMARKS]
#FINAL-11-21#