000
CXUS51 KLWX 010815
CF6DMH
PRELIMINARY LOCAL CLIMATOLOGICAL DATA (WS FORM: F-6)
STATION: BALTIMORE INNER HARBOR
MONTH: MAY
YEAR: 2023
LATITUDE: 39 16 N
LONGITUDE: 76 37 W
TEMPERATURE IN F: :PCPN: SNOW: WIND :SUNSHINE: SKY :PK WND
================================================================================
1 2 3 4 5 6A 6B 7 8 9 10 11 12 13 14 15 16 17 18
12Z AVG MX 2MIN
DY MAX MIN AVG DEP HDD CDD WTR SNW DPTH SPD SPD DIR MIN PSBL S-S WX SPD DR
================================================================================
1 62 50 56 -6 9 0 0.00 M M M M M M M M M M
2 56 49 53 -9 12 0 0.01 M M M M M M M M M M
3 58 46 52 -10 13 0 0.02 0.0 0 M M M M M 0 M M
4 66 44 55 -7 10 0 0.00 M M M M M M M 0 M M
5 68 51 60 -3 5 0 0.00 M M M M M M M 0 M M
6 75 49 62 -1 3 0 0.00 M M M M M M M 0 M M
7 74 53 64 1 1 0 0.01 M M M M M M M 0 M M
8 84 62 73 9 0 8 0.00 M M M M M M M 0 M M
9 71 58 65 1 0 0 0.05 M M M M M M M 0 M M
10 76 55 66 2 0 1 0.00 M M M M M M M 0 M M
11 82 55 69 5 0 4 0.00 M M M M M M M 0 M M
12 87 61 74 9 0 9 0.00 M M M M M M M 0 M M
13 76 66 71 6 0 6 0.21 M M M M M M M M M M
14 80 62 71 6 0 6 0.00 M M M M M M M M M M
15 79 56 68 2 0 3 0.00 M M M M M M M M M M
16 82 60 71 5 0 6 0.00 M M M M M M M 0 M M
17 73 56 65 -1 0 0 0.00 M M M M M M M 0 M M
18 71 48 60 -7 5 0 0.00 M M M M M M M 0 M M
19 76 58 67 0 0 2 0.00 M M M M M M M 0 M M
20 78 60 69 2 0 4 0.07 M M M M M M M 0 M M
21 82 58 70 2 0 5 0.01 M M M M M M M 0 M M
22 83 60 72 4 0 7 0.00 M M M M M M M 0 M M
23 76 61 69 1 0 4 0.00 M M M M M M M 0 M M
24 83 58 71 3 0 6 0.00 M M M M M M M 0 M M
25 74 55 65 -4 0 0 0.00 M M M M M M M 0 M M
26 76 56 66 -3 0 1 0.00 M M M M M M M M M M
27 79 56 68 -2 0 3 0.00 M M M M M M M M M M
28 79 60 70 0 0 5 0.00 M M M M M M M 0 M M
29 82 65 74 4 0 9 0.01 M M M M M M M 0 M M
30 79 60 70 0 0 5 0.00 M M M M M M M 0 M M
31 81 57 69 -2 0 4 0.00 M M M M M M M 0 M M
================================================================================
SM 2348 1745 58 98 0.39 0.0 M M 0
================================================================================
AV 75.7 56.3 M FASTST M M 0 MAX(MPH)
MISC ----> M M M M
================================================================================
NOTES:
# LAST OF SEVERAL OCCURRENCES
COLUMN 17 PEAK WIND IN M.P.H.
PRELIMINARY LOCAL CLIMATOLOGICAL DATA (WS FORM: F-6) , PAGE 2
STATION: BALTIMORE INNER HARBOR
MONTH: MAY
YEAR: 2023
LATITUDE: 39 16 N
LONGITUDE: 76 37 W
[TEMPERATURE DATA] [PRECIPITATION DATA] SYMBOLS USED IN COLUMN 16
AVERAGE MONTHLY: 66.0 TOTAL FOR MONTH: 0.39 1 = FOG OR MIST
DPTR FM NORMAL: -0.1 DPTR FM NORMAL: -3.10 2 = FOG REDUCING VISIBILITY
HIGHEST: 87 ON 12 GRTST 24HR 0.21 ON 13-13 TO 1/4 MILE OR LESS
LOWEST: 44 ON 4 3 = THUNDER
SNOW, ICE PELLETS, HAIL 4 = ICE PELLETS
TOTAL MONTH: 0.0 INCH 5 = HAIL
GRTST 24HR 0.0 6 = FREEZING RAIN OR DRIZZLE
GRTST DEPTH: 0 7 = DUSTSTORM OR SANDSTORM:
VSBY 1/2 MILE OR LESS
8 = SMOKE OR HAZE
[NO. OF DAYS WITH] [WEATHER - DAYS WITH] 9 = BLOWING SNOW
X = TORNADO
MAX 32 OR BELOW: 0 0.01 INCH OR MORE: 8
MAX 90 OR ABOVE: 0 0.10 INCH OR MORE: 1
MIN 32 OR BELOW: 0 0.50 INCH OR MORE: 0
MIN 0 OR BELOW: 0 1.00 INCH OR MORE: 0
[HDD (BASE 65) ]
TOTAL THIS MO. 58 CLEAR (SCALE 0-3) 24
DPTR FM NORMAL -23 PTCLDY (SCALE 4-7) 0
TOTAL FM JUL 1 2808 CLOUDY (SCALE 8-10) 7
DPTR FM NORMAL -1218
[CDD (BASE 65) ]
TOTAL THIS MO. 98
DPTR FM NORMAL -16 [PRESSURE DATA]
TOTAL FM JAN 1 165 HIGHEST SLP 30.34 ON 27
DPTR FM NORMAL 26 LOWEST SLP 29.26 ON 1
[REMARKS]
#FINAL-05-23#