000
CXUS53 KEAX 012045
CLMDMO
CLIMATE REPORT
NATIONAL WEATHER SERVICE KANSAS CITY/PLEASANT HILL MO
238 PM CST MON JAN 01 2024
...................................
...THE SEDALIA MO CLIMATE SUMMARY FOR THE MONTH OF DECEMBER 2023...
CLIMATE NORMAL PERIOD: 1991 TO 2020
CLIMATE RECORD PERIOD: 9999 TO 9999
WEATHER OBSERVED NORMAL DEPART LAST YEAR`S
VALUE DATE(S) VALUE FROM VALUE DATE(S)
NORMAL
................................................................
TEMPERATURE (F)
HIGHEST 68 12/07 65 3 71 12/29
LOWEST 20 12/19 3 17 -6 12/22
12/23
AVG. MAXIMUM 50.6 42.8 7.8 43.2
AVG. MINIMUM 35.5 25.7 9.8 25.9
MEAN 43.1 34.3 8.8 34.5
DAYS MAX >= 90 0 0.0 0.0 0
DAYS MAX <= 32 0 6.0 -6.0 4
DAYS MIN <= 32 12 22.3 -10.3 18
DAYS MIN <= 0 0 0.2 -0.2 2
PRECIPITATION (INCHES)
TOTALS 3.52 1.67 1.85 1.69
DAILY AVG. 0.11 0.05 0.06 0.05
DAYS >= .01 16 6.1 9.9 2
DAYS >= .10 8 3.3 4.7 1
DAYS >= .50 2 0.9 1.1 1
DAYS >= 1.00 0 0.6 -0.6 1
GREATEST
24 HR. TOTAL 1.64 11/30 TO 12/01
DEGREE DAYS
HEATING TOTAL 670 953 -283 936
SINCE 7/1 1415 1929 -514 MM
COOLING TOTAL 0 0 0 0
SINCE 1/1 1653 1266 387 MM
................................................................
WIND (MPH)
AVERAGE WIND SPEED 9.7
HIGHEST WIND SPEED/DIRECTION 31/200 DATE 12/07
HIGHEST GUST SPEED/DIRECTION 43/210 DATE 12/07
SKY COVER
POSSIBLE SUNSHINE (PERCENT) MM
AVERAGE SKY COVER 0.50
NUMBER OF DAYS FAIR 12
NUMBER OF DAYS PC 8
NUMBER OF DAYS CLOUDY 11
AVERAGE RH (PERCENT) 72
WEATHER CONDITIONS. NUMBER OF DAYS WITH
THUNDERSTORM 0 MIXED PRECIP 0
HEAVY RAIN 4 RAIN 8
LIGHT RAIN 14 FREEZING RAIN 0
LT FREEZING RAIN 0 HAIL 0
HEAVY SNOW 0 SNOW 1
LIGHT SNOW 3 SLEET 0
FOG 16 FOG W/VIS <= 1/4 MILE 0
HAZE 5
- INDICATES NEGATIVE NUMBERS.
R INDICATES RECORD WAS SET OR TIED.
MM INDICATES DATA IS MISSING.
T INDICATES TRACE AMOUNT.
$$