000
CXUS54 KFWD 010831
CF6DTO
PRELIMINARY LOCAL CLIMATOLOGICAL DATA (WS FORM: F-6)
STATION: DENTON
MONTH: DECEMBER
YEAR: 2023
LATITUDE: 33 12 N
LONGITUDE: 97 12 W
TEMPERATURE IN F: :PCPN: SNOW: WIND :SUNSHINE: SKY :PK WND
================================================================================
1 2 3 4 5 6A 6B 7 8 9 10 11 12 13 14 15 16 17 18
12Z AVG MX 2MIN
DY MAX MIN AVG DEP HDD CDD WTR SNW DPTH SPD SPD DIR MIN PSBL S-S WX SPD DR
================================================================================
1 59 39 49 0 16 0 0.00 M M 6.6 17 300 M M 0 25 300
2 66 35 51 2 14 0 T M M 4.4 13 180 M M 2 1 16 180
3 73 28 51 3 14 0 0.00 M M 7.2 23 240 M M 0 8 32 250
4 62 33 48 0 17 0 0.00 M M 5.4 12 300 M M 0 15 340
5 69 29 49 1 16 0 0.00 M M 3.5 13 10 M M 0 8 16 10
6 65 32 49 1 16 0 0.00 M M 6.2 14 150 M M 0 17 140
7 70 43 57 10 8 0 0.00 M M 15.1 28 190 M M 1 37 190
8 79 49 64 17 1 0 0.00 M M 10.7 24 200 M M 3 34 210
9 63 38 51 4 14 0 0.00 M M 12.7 23 340 M M 2 33 10
10 53 30 42 -4 23 0 0.00 M M 8.1 15 310 M M 0 20 300
11 63 27 45 -1 20 0 0.00 M M 4.2 12 160 M M 0 13 130
12 63 30 47 1 18 0 0.00 M M 6.0 14 130 M M 2 19 130
13 62 47 55 9 10 0 0.00 M M 9.0 20 120 M M 6 28 110
14 61 37 49 3 16 0 0.00 M M 7.9 20 130 M M 5 26 130
15 59 41 50 5 15 0 0.54 M M 9.3 21 160 M M 7 13 28 130
16 58 31 45 0 20 0 0.00 M M 7.8 17 330 M M 0 22 300
17 69 29 49 4 16 0 0.00 M M 2.5 9 260 M M 0 14 260
18 62 32 47 2 18 0 0.00 M M 6.2 16 30 M M 0 21 40
19 58 27 43 -1 22 0 0.00 M M 6.9 17 150 M M 0 21 140
20 64 45 55 11 10 0 0.00 M M 9.0 17 160 M M 5 23 160
21 60 56 58 14 7 0 0.95 M M 9.1 14 160 M M 10 1 20 160
22 67 55 61 17 4 0 0.13 M M 7.2 14 140 M M 7 1 18 150
23 64 58 61 17 4 0 0.80 M M 9.7 20 150 M M 10 1 25 150
24 66 45 56 12 9 0 0.81 M M 13.4 25 310 M M 8 1 35 310
25 49 31 40 -4 25 0 0.00 M M 11.2 25 330 M M 1 41 320
26 56 23 40 -4 25 0 0.00 M M 7.6 25 200 M M 0 32 170
27 49 30 40 -4 25 0 0.00 M M 8.9 24 330 M M 0 30 300
28 48 29 39 -4 26 0 T M M 8.1 17 340 M M 5 24 330
29 55 30 43 0 22 0 0.00 M M 8.7 18 290 M M 0 26 310
30 63 25 44 1 21 0 0.00 M M 4.1 13 230 M M 0 17 250
31 62 30 46 3 19 0 0.00 M M 6.2 20 10 M M 0 25 10
================================================================================
SM 1917 1114 491 0 3.23 M 242.9 M 74
================================================================================
AV 61.8 35.9 7.8 FASTST M M 2 MAX(MPH)
MISC ----> 28 190 41 320
================================================================================
NOTES:
# LAST OF SEVERAL OCCURRENCES
COLUMN 17 PEAK WIND IN M.P.H.
PRELIMINARY LOCAL CLIMATOLOGICAL DATA (WS FORM: F-6) , PAGE 2
STATION: DENTON
MONTH: DECEMBER
YEAR: 2023
LATITUDE: 33 12 N
LONGITUDE: 97 12 W
[TEMPERATURE DATA] [PRECIPITATION DATA] SYMBOLS USED IN COLUMN 16
AVERAGE MONTHLY: 48.9 TOTAL FOR MONTH: 3.23 1 = FOG OR MIST
DPTR FM NORMAL: 3.4 DPTR FM NORMAL: 0.47 2 = FOG REDUCING VISIBILITY
HIGHEST: 79 ON 8 GRTST 24HR 1.61 ON 23-24 TO 1/4 MILE OR LESS
LOWEST: 23 ON 26 3 = THUNDER
SNOW, ICE PELLETS, HAIL 4 = ICE PELLETS
TOTAL MONTH: M 5 = HAIL
GRTST 24HR M ON M 6 = FREEZING RAIN OR DRIZZLE
GRTST DEPTH: M ON M 7 = DUSTSTORM OR SANDSTORM:
VSBY 1/2 MILE OR LESS
8 = SMOKE OR HAZE
[NO. OF DAYS WITH] [WEATHER - DAYS WITH] 9 = BLOWING SNOW
X = TORNADO
MAX 32 OR BELOW: 0 0.01 INCH OR MORE: 5
MAX 90 OR ABOVE: 0 0.10 INCH OR MORE: 5
MIN 32 OR BELOW: 17 0.50 INCH OR MORE: 4
MIN 0 OR BELOW: 0 1.00 INCH OR MORE: 0
[HDD (BASE 65) ]
TOTAL THIS MO. 491 CLEAR (SCALE 0-3) 22
DPTR FM NORMAL -116 PTCLDY (SCALE 4-7) 7
TOTAL FM JUL 1 935 CLOUDY (SCALE 8-10) 2
DPTR FM NORMAL -128
[CDD (BASE 65) ]
TOTAL THIS MO. 0
DPTR FM NORMAL -3 [PRESSURE DATA]
TOTAL FM JAN 1 3163 HIGHEST SLP 30.51 ON 13
DPTR FM NORMAL 689 LOWEST SLP 29.63 ON 8
[REMARKS]
#FINAL-12-23#