000
CXUS54 KFWD 010730
CF6DTO
PRELIMINARY LOCAL CLIMATOLOGICAL DATA (WS FORM: F-6)
STATION: DENTON
MONTH: OCTOBER
YEAR: 2023
LATITUDE: 33 12 N
LONGITUDE: 97 12 W
TEMPERATURE IN F: :PCPN: SNOW: WIND :SUNSHINE: SKY :PK WND
================================================================================
1 2 3 4 5 6A 6B 7 8 9 10 11 12 13 14 15 16 17 18
12Z AVG MX 2MIN
DY MAX MIN AVG DEP HDD CDD WTR SNW DPTH SPD SPD DIR MIN PSBL S-S WX SPD DR
================================================================================
1 92 61 77 6 0 12 0.00 M M 4.5 13 210 M M 1 17 110
2 92 61 77 7 0 12 0.00 M M 5.2 16 130 M M 1 24 120
3 91 67 79 9 0 14 0.00 M M 10.2 21 160 M M 0 28 170
4 95 70 83 13 0 18 0.60 M M 14.1 38 330 M M 6 13 53 330
5 84 64 74 5 0 9 0.06 M M 6.5 17 30 M M 5 1 22 40
6 87 58 73 4 0 8 0.00 M M 9.1 24 30 M M 0 34 40
7 71 49 60 -9 5 0 0.00 M M 7.1 23 20 M M 1 29 20
8 80 45 63 -5 2 0 0.00 M M 5.9 14 160 M M 0 22 170
9 89 53 71 3 0 6 0.00 M M 8.1 15 200 M M 0 20 170
10 86 57 72 5 0 7 0.00 M M 9.7 22 160 M M 0 28 160
11 77 66 72 5 0 7 0.00 M M 14.7 24 170 M M 6 34 170
12 81 63 72 5 0 7 0.00 M M 15.7 25 160 M M 6 1 35 190
13 78 54 66 0 0 1 0.00 M M 11.7 26 330 M M 2 35 320
14 71 49 60 -6 5 0 0.00 M M 9.7 20 320 M M 0 26 340
15 67 42 55 -11 10 0 0.00 M M 11.1 24 10 M M 2 33 10
16 67 39 53 -12 12 0 0.00 M M 6.6 18 10 M M 0 25 360
17 74 34 54 -11 11 0 0.00 M M 4.7 13 170 M M 0 18 150
18 82 50 66 2 0 1 0.00 M M 10.4 24 170 M M 0 31 160
19 87 48 68 4 0 3 0.00 M M 4.7 17 310 M M 0 31 320
20 93 48 71 7 0 6 0.00 M M 3.1 13 30 M M 0 17 10
21 92 50 71 8 0 6 0.00 M M 5.8 17 190 M M 0 23 220
22 88 56 72 9 0 7 0.00 M M 6.9 16 150 M M 0 22 180
23 81 68 75 13 0 10 0.67 M M 11.3 18 170 M M 6 1 25 170
24 75 69 72 10 0 7 0.56 M M 11.7 23 170 M M 10 1 32 150
25 78 66 72 10 0 7 2.43 M M 9.9 23 260 M M 9 1 32 270
26 83 67 75 14 0 10 0.49 M M 10.2 21 150 M M 5 1 29 140
27 86 60 73 12 0 8 0.15 M M 11.2 21 340 M M 9 1 27 340
28 60 51 56 -5 9 0 1.18 M M 8.7 17 360 M M 10 1 21 10
29 51 39 45 -15 20 0 0.52 M M 15.5 23 360 M M 10 1 31 350
30 50 35 43 -17 22 0 0.21 M M 13.1 25 10 M M 2 1 36 10
31 61 30 46 -14 19 0 0.00 M M 7.8 18 350 M M 0 24 10
================================================================================
SM 2449 1669 115 166 6.87 M 284.9 M 91
================================================================================
AV 79.0 53.8 9.2 FASTST M M 3 MAX(MPH)
MISC ----> 38 330 53 330
================================================================================
NOTES:
# LAST OF SEVERAL OCCURRENCES
COLUMN 17 PEAK WIND IN M.P.H.
PRELIMINARY LOCAL CLIMATOLOGICAL DATA (WS FORM: F-6) , PAGE 2
STATION: DENTON
MONTH: OCTOBER
YEAR: 2023
LATITUDE: 33 12 N
LONGITUDE: 97 12 W
[TEMPERATURE DATA] [PRECIPITATION DATA] SYMBOLS USED IN COLUMN 16
AVERAGE MONTHLY: 66.4 TOTAL FOR MONTH: 6.87 1 = FOG OR MIST
DPTR FM NORMAL: 1.2 DPTR FM NORMAL: 2.70 2 = FOG REDUCING VISIBILITY
HIGHEST: 95 ON 4 GRTST 24HR 2.92 ON 25-26 TO 1/4 MILE OR LESS
LOWEST: 30 ON 31 3 = THUNDER
SNOW, ICE PELLETS, HAIL 4 = ICE PELLETS
TOTAL MONTH: M 5 = HAIL
GRTST 24HR M ON M 6 = FREEZING RAIN OR DRIZZLE
GRTST DEPTH: M ON M 7 = DUSTSTORM OR SANDSTORM:
VSBY 1/2 MILE OR LESS
8 = SMOKE OR HAZE
[NO. OF DAYS WITH] [WEATHER - DAYS WITH] 9 = BLOWING SNOW
X = TORNADO
MAX 32 OR BELOW: 0 0.01 INCH OR MORE: 10
MAX 90 OR ABOVE: 6 0.10 INCH OR MORE: 9
MIN 32 OR BELOW: 1 0.50 INCH OR MORE: 6
MIN 0 OR BELOW: 0 1.00 INCH OR MORE: 2
[HDD (BASE 65) ]
TOTAL THIS MO. 115 CLEAR (SCALE 0-3) 20
DPTR FM NORMAL 8 PTCLDY (SCALE 4-7) 6
TOTAL FM JUL 1 115 CLOUDY (SCALE 8-10) 5
DPTR FM NORMAL 1
[CDD (BASE 65) ]
TOTAL THIS MO. 166
DPTR FM NORMAL 54 [PRESSURE DATA]
TOTAL FM JAN 1 3131 HIGHEST SLP M ON M
DPTR FM NORMAL 677 LOWEST SLP 29.53 ON 12
[REMARKS]
#FINAL-10-23#