000
CXUS53 KFGF 010815
CF6DVL
PRELIMINARY LOCAL CLIMATOLOGICAL DATA (WS FORM: F-6)
STATION: DEVILS LAKE ND
MONTH: JULY
YEAR: 2022
LATITUDE: 48 7 N
LONGITUDE: 98 54 W
TEMPERATURE IN F: :PCPN: SNOW: WIND :SUNSHINE: SKY :PK WND
================================================================================
1 2 3 4 5 6A 6B 7 8 9 10 11 12 13 14 15 16 17 18
12Z AVG MX 2MIN
DY MAX MIN AVG DEP HDD CDD WTR SNW DPTH SPD SPD DIR MIN PSBL S-S WX SPD DR
================================================================================
1 77 54 66 0 0 1 0.00 M M 9.2 16 320 M M 2 20 320
2 73 53 63 -3 2 0 0.00 M M 9.5 14 70 M M 2 M M
3 81 56 69 3 0 4 T M M 10.5 15 150 M M 2 20 140
4 83 68 76 10 0 11 T M M 6.8 17 40 M M 2 22 40
5 75 64 70 3 0 5 0.00 M M 8.3 13 40 M M 9 21 50
6 81 64 73 6 0 8 0.00 M M 4.3 10 270 M M 1 M M
7 74 61 68 1 0 3 T M M 9.5 17 60 M M 3 23 60
8 84 53 69 2 0 4 0.00 M M 5.6 9 110 M M 0 M M
9 85 65 75 8 0 10 T M M 10.7 18 220 M M 2 21 230
10 83 64 74 6 0 9 0.41 M M 8.0 37 280 M M 3 13 55 260
11 78 62 70 2 0 5 0.02 M M 13.8 22 310 M M 2 28 280
12 80 62 71 3 0 6 0.00 M M 9.9 16 340 M M 3 22 340
13 81 57 69 1 0 4 0.00 M M 6.0 12 150 M M 0 M M
14 75 65 70 2 0 5 0.21 M M 12.9 21 110 M M 3 138 28 110
15 84 64 74 6 0 9 0.21 M M 4.8 8 140 M M 5 1 M M
16 84 64 74 5 0 9 0.02 M M 10.3 18 350 M M 1 1 35 350
17 95 72 84 15 0 19 0.00 M M 6.8 10 200 M M 0 M M
18 90 71 81 12 0 16 T M M 7.5 13 80 M M 0 M M
19 81 63 72 3 0 7 0.12 M M 16.0 25 270 M M 5 1 38 330
20 85 64 75 6 0 10 0.01 M M 13.1 21 300 M M 0 21 320
21 82 64 73 4 0 8 0.00 M M 12.2 17 290 M M 0 21 290
22 85 60 73 3 0 8 0.61 M M 8.9 38 320 M M 1 13 61 340
23 76 59 68 -2 0 3 0.04 M M 11.0 17 310 M M 3 M M
24 69 55 62 -8 3 0 0.00 M M 7.4 15 340 M M 4 20 340
25 79 54 67 -3 0 2 0.00 M M 9.4 15 200 M M 1 M M
26 75 62 69 -1 0 4 0.02 M M 11.7 20 340 M M 5 3 32 300
27 72 57 65 -5 0 0 0.02 M M 14.1 25 300 M M 3 32 310
28 74 54 64 -6 1 0 0.02 M M 11.5 20 320 M M 3 24 320
29 81 53 67 -3 0 2 0.00 M M 5.5 12 180 M M 0 1 M M
30 87 63 75 5 0 10 0.00 M M 8.6 16 210 M M 1 33 280
31 74 59 67 -3 0 2 0.01 M M 12.4 25 340 M M 7 33 280
================================================================================
SM 2483 1886 6 184 1.72 M 296.3 M 73
================================================================================
AV 80.1 60.8 9.6 FASTST M M 2 MAX(MPH)
MISC ----> 38 320 61 340
================================================================================
NOTES:
# LAST OF SEVERAL OCCURRENCES
COLUMN 17 PEAK WIND IN M.P.H.
PRELIMINARY LOCAL CLIMATOLOGICAL DATA (WS FORM: F-6) , PAGE 2
STATION: DEVILS LAKE ND
MONTH: JULY
YEAR: 2022
LATITUDE: 48 7 N
LONGITUDE: 98 54 W
[TEMPERATURE DATA] [PRECIPITATION DATA] SYMBOLS USED IN COLUMN 16
AVERAGE MONTHLY: 70.5 TOTAL FOR MONTH: 1.72 1 = FOG OR MIST
DPTR FM NORMAL: 2.1 DPTR FM NORMAL: -2.10 2 = FOG REDUCING VISIBILITY
HIGHEST: 95 ON 17 GRTST 24HR 0.61 ON 22-22 TO 1/4 MILE OR LESS
LOWEST: 53 ON 29, 8 3 = THUNDER
SNOW, ICE PELLETS, HAIL 4 = ICE PELLETS
TOTAL MONTH: M 5 = HAIL
GRTST 24HR M ON M 6 = FREEZING RAIN OR DRIZZLE
GRTST DEPTH: M ON M 7 = DUSTSTORM OR SANDSTORM:
VSBY 1/2 MILE OR LESS
8 = SMOKE OR HAZE
[NO. OF DAYS WITH] [WEATHER - DAYS WITH] 9 = BLOWING SNOW
X = TORNADO
MAX 32 OR BELOW: 0 0.01 INCH OR MORE: 13
MAX 90 OR ABOVE: 2 0.10 INCH OR MORE: 5
MIN 32 OR BELOW: 0 0.50 INCH OR MORE: 1
MIN 0 OR BELOW: 0 1.00 INCH OR MORE: 0
[HDD (BASE 65) ]
TOTAL THIS MO. 6 CLEAR (SCALE 0-3) 22
DPTR FM NORMAL -4 PTCLDY (SCALE 4-7) 8
TOTAL FM JUL 1 6 CLOUDY (SCALE 8-10) 1
DPTR FM NORMAL -3
[CDD (BASE 65) ]
TOTAL THIS MO. 184
DPTR FM NORMAL 69 [PRESSURE DATA]
TOTAL FM JAN 1 285 HIGHEST SLP M ON M
DPTR FM NORMAL 137 LOWEST SLP M ON M
[REMARKS]
#FINAL-07-22#