000
CXUS55 KPSR 011005
CF6DVT
PRELIMINARY LOCAL CLIMATOLOGICAL DATA (WS FORM: F-6)
STATION: DEER VLY/PHOENIX AZ
MONTH: OCTOBER
YEAR: 2021
LATITUDE: 33 41 N
LONGITUDE: 112 4 W
TEMPERATURE IN F: :PCPN: SNOW: WIND :SUNSHINE: SKY :PK WND
================================================================================
1 2 3 4 5 6A 6B 7 8 9 10 11 12 13 14 15 16 17 18
12Z AVG MX 2MIN
DY MAX MIN AVG DEP HDD CDD WTR SNW DPTH SPD SPD DIR MIN PSBL S-S WX SPD DR
================================================================================
1 88 63 76 -4 0 11 0.00 M M 3.0 13 50 M M 0 17 40
2 90 65 78 -2 0 13 0.00 M M 5.7 15 50 M M 0 18 50
3 94 69 82 2 0 17 0.00 0.0 M 5.7 12 40 M M 0 17 110
4 95 70 83 4 0 18 T M M 5.9 21 280 M M 0 3 29 270
5 85 68 77 -2 0 12 0.11 0.0 M 9.3 23 10 M M 3 3 32 20
6 87 65 76 -2 0 11 0.00 M M 4.4 13 170 M M 0 17 130
7 89 67 78 0 0 13 0.00 M M 5.0 13 210 M M 0 18 200
8 88 68 78 0 0 13 0.00 0.0 M 6.9 18 220 M M 0 23 230
9 82 65 74 -3 0 9 0.00 M M 6.5 17 270 M M 1 24 270
10 81 58 70 -7 0 5 0.00 M M 4.1 14 360 M M 0 19 20
11 84 56 70 -6 0 5 0.02 M M 11.2 37 280 M M 0 8 51 260
12 67 52 60 -16 5 0 0.00 0.0 M 7.1 20 280 M M 4 8 27 280
13 73 50 62 -14 3 0 0.00 M M 4.2 13 40 M M 0 18 60
14 76 50 63 -12 2 0 0.00 0.0 M 4.3 10 40 M M 0 15 230
15 83 55 69 -6 0 4 0.00 0.0 M 7.2 13 70 M M 0 22 20
16 90 59 75 1 0 10 0.00 M M 6.5 15 70 M M 0 8 21 80
17 88 64 76 2 0 11 0.00 M M 4.7 15 250 M M 0 18 250
18 82 61 72 -2 0 7 0.00 M M 9.4 24 240 M M 1 31 240
19 77 53 65 -8 0 0 0.00 M M 4.5 12 40 M M 0 15 200
20 83 58 71 -2 0 6 0.00 M M 4.8 10 40 M M 0 15 70
21 87 58 73 0 0 8 0.00 M M 4.6 12 30 M M 0 15 30
22 87 58 73 1 0 8 0.00 M M 3.0 13 50 M M 0 16 50
23 83 57 70 -2 0 5 0.00 M M 4.6 12 190 M M 0 17 200
24 83 60 72 0 0 7 0.00 M M 4.7 13 50 M M 0 17 140
25 86 59 73 2 0 8 0.00 M M 8.9 22 230 M M 0 30 220
26 75 58 67 -4 0 2 0.00 M M 12.5 23 270 M M 1 29 280
27 76 52 64 -6 1 0 0.00 M M 4.2 13 210 M M 0 20 210
28 89 53 71 1 0 6 0.00 M M 2.4 12 260 M M 0 16 260
29 90 59 75 5 0 10 0.00 M M 5.0 12 130 M M 0 8 17 130
30 86 57 72 3 0 7 0.00 M M 3.5 12 50 M M 0 16 50
31 84 58 71 2 0 6 0.00 M M 3.5 13 50 M M 0 17 170
================================================================================
SM 2608 1845 11 232 0.13 0.0 177.3 M 10
================================================================================
AV 84.1 59.5 5.7 FASTST M M 0 MAX(MPH)
MISC ----> 37 280 51 260
================================================================================
NOTES:
# LAST OF SEVERAL OCCURRENCES
COLUMN 17 PEAK WIND IN M.P.H.
PRELIMINARY LOCAL CLIMATOLOGICAL DATA (WS FORM: F-6) , PAGE 2
STATION: DEER VLY/PHOENIX AZ
MONTH: OCTOBER
YEAR: 2021
LATITUDE: 33 41 N
LONGITUDE: 112 4 W
[TEMPERATURE DATA] [PRECIPITATION DATA] SYMBOLS USED IN COLUMN 16
AVERAGE MONTHLY: 71.8 TOTAL FOR MONTH: 0.13 1 = FOG OR MIST
DPTR FM NORMAL: -2.7 DPTR FM NORMAL: -0.54 2 = FOG REDUCING VISIBILITY
HIGHEST: 95 ON 4 GRTST 24HR 0.11 ON 4- 5 TO 1/4 MILE OR LESS
LOWEST: 50 ON 13,14 3 = THUNDER
SNOW, ICE PELLETS, HAIL 4 = ICE PELLETS
TOTAL MONTH: 0.0 INCH 5 = HAIL
GRTST 24HR 0.0 6 = FREEZING RAIN OR DRIZZLE
GRTST DEPTH: M ON M 7 = DUSTSTORM OR SANDSTORM:
VSBY 1/2 MILE OR LESS
8 = SMOKE OR HAZE
[NO. OF DAYS WITH] [WEATHER - DAYS WITH] 9 = BLOWING SNOW
X = TORNADO
MAX 32 OR BELOW: 0 0.01 INCH OR MORE: 2
MAX 90 OR ABOVE: 5 0.10 INCH OR MORE: 1
MIN 32 OR BELOW: 0 0.50 INCH OR MORE: 0
MIN 0 OR BELOW: 0 1.00 INCH OR MORE: 0
[HDD (BASE 65) ]
TOTAL THIS MO. 11 CLEAR (SCALE 0-3) 29
DPTR FM NORMAL 1 PTCLDY (SCALE 4-7) 2
TOTAL FM JUL 1 11 CLOUDY (SCALE 8-10) 0
DPTR FM NORMAL 3
[CDD (BASE 65) ]
TOTAL THIS MO. 232
DPTR FM NORMAL -73 [PRESSURE DATA]
TOTAL FM JAN 1 3987 HIGHEST SLP 30.16 ON 27
DPTR FM NORMAL 82 LOWEST SLP 29.39 ON 11
[REMARKS]
#FINAL-10-21#