000
CXUS54 KHGX 221410
CF6DWH
PRELIMINARY LOCAL CLIMATOLOGICAL DATA (WS FORM: F-6)
STATION: HOUSTON/D.W._HOOKS
MONTH: APRIL
YEAR: 2024
LATITUDE: 30 4 N
LONGITUDE: 95 33 W
TEMPERATURE IN F: :PCPN: SNOW: WIND :SUNSHINE: SKY :PK WND
================================================================================
1 2 3 4 5 6A 6B 7 8 9 10 11 12 13 14 15 16 17 18
12Z AVG MX 2MIN
DY MAX MIN AVG DEP HDD CDD WTR SNW DPTH SPD SPD DIR MIN PSBL S-S WX SPD DR
================================================================================
1 82 73 78 11 0 13 0.00 0.0 0 8.9 21 190 M M 6 35 170
2 83 57 70 3 0 5 0.01 0.0 0 9.2 18 320 M M 5 3 30 330
3 78 49 64 -3 1 0 0.00 0.0 0 6.1 17 280 M M 0 26 260
4 83 48 66 -1 0 1 0.00 0.0 0 3.0 12 300 M M 0 18 270
5 86 59 73 6 0 8 0.00 0.0 0 6.2 15 190 M M 0 22 180
6 80 60 70 2 0 5 0.00 0.0 0 8.2 18 150 M M 4 1 34 150
7 86 69 78 10 0 13 0.11 0.0 0 4.6 13 200 M M 6 18 18 200
8 81 71 76 8 0 11 0.12 0.0 0 6.1 15 140 M M 9 138 24 160
9 81 72 77 9 0 12 0.05 0.0 0 5.9 18 150 M M 9 18 35 130
10 75 60 68 0 0 3 2.65 0.0 0 11.0 37 280 M M 6 123 62 300
11 81 56 69 1 0 4 0.00 0.0 0 7.0 18 320 M M 0 34 320
12 84 52 68 -1 0 3 0.00 0.0 0 4.2 12 180 M M 0 20 180
13 84 53 69 0 0 4 0.00 0.0 0 5.0 16 140 M M 0 26 170
14 84 61 73 4 0 8 0.00 0.0 0 6.5 14 190 M M 4 1 23 130
15 83 69 76 7 0 11 0.00 0.0 0 7.9 23 120 M M 9 34 120
16 84 70 77 8 0 12 0.00 0.0 0 8.0 17 120 M M 9 8 26 170
17 83 73 78 8 0 13 T 0.0 0 7.1 14 120 M M 7 18 21 110
18 89 72 81 11 0 16 T 0.0 0 5.9 14 120 M M 5 18 22 120
19 85 67 76 6 0 11 0.00 0.0 0 3.7 12 130 M M 6 18 17 130
20 82 59 71 1 0 6 0.55 0.0 0 6.3 18 360 M M 8 13 27 360
21 71 53 62 -8 3 0 0.17 0.0 0 10.3 20 360 M M 5 1 31 10
================================================================================
SM 1725 1303 4 159 3.66 0.0 141.1 M 98
================================================================================
AV 82.1 62.0 6.7 FASTST M M 5 MAX(MPH)
MISC ----> 37 280 62 300
================================================================================
NOTES:
# LAST OF SEVERAL OCCURRENCES
COLUMN 17 PEAK WIND IN M.P.H.
PRELIMINARY LOCAL CLIMATOLOGICAL DATA (WS FORM: F-6) , PAGE 2
STATION: HOUSTON/D.W._HOOKS
MONTH: APRIL
YEAR: 2024
LATITUDE: 30 4 N
LONGITUDE: 95 33 W
[TEMPERATURE DATA] [PRECIPITATION DATA] SYMBOLS USED IN COLUMN 16
AVERAGE MONTHLY: 72.1 TOTAL FOR MONTH: 3.66 1 = FOG OR MIST
DPTR FM NORMAL: 3.6 DPTR FM NORMAL: 1.12 2 = FOG REDUCING VISIBILITY
HIGHEST: 89 ON 18 GRTST 24HR 2.70 ON 9-10 TO 1/4 MILE OR LESS
LOWEST: 48 ON 4 3 = THUNDER
SNOW, ICE PELLETS, HAIL 4 = ICE PELLETS
TOTAL MONTH: 0.0 INCH 5 = HAIL
GRTST 24HR 0.0 6 = FREEZING RAIN OR DRIZZLE
GRTST DEPTH: 0 7 = DUSTSTORM OR SANDSTORM:
VSBY 1/2 MILE OR LESS
8 = SMOKE OR HAZE
[NO. OF DAYS WITH] [WEATHER - DAYS WITH] 9 = BLOWING SNOW
X = TORNADO
MAX 32 OR BELOW: 0 0.01 INCH OR MORE: 7
MAX 90 OR ABOVE: 0 0.10 INCH OR MORE: 5
MIN 32 OR BELOW: 0 0.50 INCH OR MORE: 2
MIN 0 OR BELOW: 0 1.00 INCH OR MORE: 1
[HDD (BASE 65) ]
TOTAL THIS MO. 4 CLEAR (SCALE 0-3) 6
DPTR FM NORMAL -29 PTCLDY (SCALE 4-7) 11
TOTAL FM JUL 1 1127 CLOUDY (SCALE 8-10) 4
DPTR FM NORMAL -236
[CDD (BASE 65) ]
TOTAL THIS MO. 159
DPTR FM NORMAL 55 [PRESSURE DATA]
TOTAL FM JAN 1 330 HIGHEST SLP M ON M
DPTR FM NORMAL 96 LOWEST SLP 29.50 ON 10
[REMARKS]