000
CXUS54 KHGX 152048
CF6DWH
PRELIMINARY LOCAL CLIMATOLOGICAL DATA (WS FORM: F-6)
STATION: HOUSTON/D.W._HOOKS
MONTH: SEPTEMBER
YEAR: 2023
LATITUDE: 30 4 N
LONGITUDE: 95 33 W
TEMPERATURE IN F: :PCPN: SNOW: WIND :SUNSHINE: SKY :PK WND
================================================================================
1 2 3 4 5 6A 6B 7 8 9 10 11 12 13 14 15 16 17 18
12Z AVG MX 2MIN
DY MAX MIN AVG DEP HDD CDD WTR SNW DPTH SPD SPD DIR MIN PSBL S-S WX SPD DR
================================================================================
1 102 70 86 3 0 21 0.00 0.0 0 3.5 12 30 M M 1 19 70
2 103 71 87 4 0 22 0.00 0.0 0 1.3 7 360 M M 1 10 360
3 102 77 90 7 0 25 0.00 0.0 0 5.6 16 120 M M 1 25 140
4 100 80 90 8 0 25 T 0.0 0 6.6 17 180 M M 2 32 170
5 103 82 93 11 0 28 0.00 0.0 0 6.8 21 130 M M 2 29 120
6 104 76 90 8 0 25 0.00 0.0 0 3.9 12 200 M M 2 1 18 180
7 106 80 93 11 0 28 0.00 0.0 0 5.8 12 200 M M 0 19 190
8 108 78 93 11 0 28 T 0.0 0 7.0 31 90 M M 1 3 43 90
9 101 73 87 5 0 22 0.01 0.0 0 5.9 26 10 M M 3 3 44 20
10 99 70 85 4 0 20 0.00 0.0 0 6.4 14 60 M M 2 21 20
11 98 66 82 1 0 17 0.00 0.0 0 3.7 10 90 M M 0 17 80
12 100 71 86 5 0 21 0.00 0.0 0 3.3 10 190 M M 1 19 270
13 96 75 86 5 0 21 0.01 0.0 0 4.4 12 330 M M 2 18 300
14 89 76 83 3 0 18 0.07 0.0 0 6.3 15 70 M M 6 138 22 80
15 94 72 83 3 0 18 0.01 0.0 0 5.4 21 310 M M 5 13 34 290
16 95 70 83 3 0 18 0.16 0.0 0 2.3 18 340 M M 3 13 31 360
17 96 70 83 3 0 18 0.00 0.0 0 3.9 12 290 M M 1 1 20 30
18 97 67 82 2 0 17 0.00 0.0 0 2.8 12 10 M M 2 18 110
19 97 65 81 2 0 16 0.00 0.0 0 4.2 14 110 M M 0 22 120
20 98 68 83 4 0 18 0.00 0.0 0 5.1 16 120 M M 1 1 22 120
21 100 72 86 7 0 21 0.00 0.0 0 4.9 15 100 M M 2 1 21 110
22 101 73 87 8 0 22 T 0.0 0 3.9 17 120 M M 2 1 26 130
23 100 73 87 9 0 22 0.00 0.0 0 5.8 14 200 M M 2 1 22 210
24 103 77 90 12 0 25 0.00 0.0 0 8.1 20 110 M M 1 27 180
25 99 73 86 8 0 21 0.28 0.0 0 4.4 26 290 M M 4 13 40 300
26 96 72 84 6 0 19 T 0.0 M 2.6 12 130 M M 4 123 21 130
27 98 71 85 8 0 20 0.00 0.0 M 3.1 12 80 M M 1 3 18 90
28 98 73 86 9 0 21 0.00 0.0 0 2.5 13 100 M M 1 1 20 110
29 97 71 84 7 0 19 0.00 0.0 0 4.5 14 80 M M 1 18 21 70
30 99 71 85 9 0 20 0.00 0.0 0 5.8 16 80 M M 0 24 120
================================================================================
SM 2979 2183 0 636 0.54 0.0 139.8 M 54
================================================================================
AV 99.3 72.8 4.7 FASTST M M 2 MAX(MPH)
MISC ----> 31 90 44 20
================================================================================
NOTES:
# LAST OF SEVERAL OCCURRENCES
COLUMN 17 PEAK WIND IN M.P.H.
PRELIMINARY LOCAL CLIMATOLOGICAL DATA (WS FORM: F-6) , PAGE 2
STATION: HOUSTON/D.W._HOOKS
MONTH: SEPTEMBER
YEAR: 2023
LATITUDE: 30 4 N
LONGITUDE: 95 33 W
[TEMPERATURE DATA] [PRECIPITATION DATA] SYMBOLS USED IN COLUMN 16
AVERAGE MONTHLY: 86.0 TOTAL FOR MONTH: 0.54 1 = FOG OR MIST
DPTR FM NORMAL: 6.0 DPTR FM NORMAL: -4.65 2 = FOG REDUCING VISIBILITY
HIGHEST: 108 ON 8 GRTST 24HR 0.28 ON 25-25 TO 1/4 MILE OR LESS
LOWEST: 65 ON 19 3 = THUNDER
SNOW, ICE PELLETS, HAIL 4 = ICE PELLETS
TOTAL MONTH: 0.0 INCH 5 = HAIL
GRTST 24HR 0.0 6 = FREEZING RAIN OR DRIZZLE
GRTST DEPTH: 0 7 = DUSTSTORM OR SANDSTORM:
VSBY 1/2 MILE OR LESS
8 = SMOKE OR HAZE
[NO. OF DAYS WITH] [WEATHER - DAYS WITH] 9 = BLOWING SNOW
X = TORNADO
MAX 32 OR BELOW: 0 0.01 INCH OR MORE: 6
MAX 90 OR ABOVE: 29 0.10 INCH OR MORE: 2
MIN 32 OR BELOW: 0 0.50 INCH OR MORE: 0
MIN 0 OR BELOW: 0 1.00 INCH OR MORE: 0
[HDD (BASE 65) ]
TOTAL THIS MO. 0 CLEAR (SCALE 0-3) 25
DPTR FM NORMAL 0 PTCLDY (SCALE 4-7) 5
TOTAL FM JUL 1 0 CLOUDY (SCALE 8-10) 0
DPTR FM NORMAL 0
[CDD (BASE 65) ]
TOTAL THIS MO. 636
DPTR FM NORMAL 186 [PRESSURE DATA]
TOTAL FM JAN 1 3592 HIGHEST SLP 30.09 ON 10
DPTR FM NORMAL 745 LOWEST SLP 29.79 ON 4
[REMARKS]
#FINAL-09-23#