000
CXUS54 KEWX 011110
CF6DZB
PRELIMINARY LOCAL CLIMATOLOGICAL DATA (WS FORM: F-6)
STATION: HORSESHOE BAY
MONTH: JANUARY
YEAR: 2022
LATITUDE: 30 31 N
LONGITUDE: 98 22 W
TEMPERATURE IN F: :PCPN: SNOW: WIND :SUNSHINE: SKY :PK WND
================================================================================
1 2 3 4 5 6A 6B 7 8 9 10 11 12 13 14 15 16 17 18
12Z AVG MX 2MIN
DY MAX MIN AVG DEP HDD CDD WTR SNW DPTH SPD SPD DIR MIN PSBL S-S WX SPD DR
================================================================================
1 81 34 58 M 7 0 0.00 M M 4.3 15 340 M M 4 25 350
2 46 23 35 M 30 0 0.00 M M 12.5 21 320 M M 0 35 330
3 60 20 40 M 25 0 0.00 M M 2.8 9 180 M M 0 M M
4 68 29 49 M 16 0 0.00 M M 7.2 16 210 M M 0 23 210
5 71 32 52 M 13 0 0.00 M M 2.2 5 200 M M 0 M M
6 51 31 41 M 24 0 0.00 M M 5.8 14 350 M M 0 21 360
7 M M M M M M 0.00 M M M M M M M 0 M M
8 M M M M M M 0.00 M M M M M M M M M M
9 M M M M M M 0.00 M M M M M M M M M M
10 47 39 43 M 22 0 0.00 M M 0.0 M M M M 0 M M
11 44 37 41 M 24 0 0.20 M M 0.4 4 320 M M 6 M M
12 63 37 50 M 15 0 0.00 M M 0.8 5 20 M M 3 M M
13 74 32 53 M 12 0 0.00 M M 2.1 6 280 M M 0 M M
14 79 32 56 M 9 0 0.00 M M 4.1 16 180 M M 0 24 200
15 64 38 51 M 14 0 0.00 M M 19.2 27 330 M M 0 38 340
16 64 31 48 M 17 0 0.00 M M 4.2 10 320 M M 0 M M
17 73 27 50 M 15 0 0.00 M M 3.3 10 150 M M 0 16 150
18 76 44 60 M 5 0 0.00 M M 8.3 16 200 M M 0 24 170
19 80 39 60 M 5 0 0.00 M M 5.8 17 350 M M 3 28 350
20 39 30 35 M 30 0 0.00 M M 11.9 16 360 M M 9 26 10
21 50 24 37 M 28 0 0.00 M M 4.0 10 360 M M 2 M M
22 55 21 38 M 27 0 0.00 M M 1.6 7 70 M M 2 M M
23 58 42 50 M 15 0 0.00 M M 1.8 6 230 M M 10 M M
24 52 45 49 M 16 0 0.07 M M 0.9 6 110 M M 10 1 M M
25 49 43 46 M 19 0 0.00 M M 1.4 6 320 M M 10 12 M M
26 55 39 47 M 18 0 0.00 M M 2.9 7 80 M M 8 M M
27 58 33 46 M 19 0 0.00 M M 0.8 8 40 M M 6 16 40
28 57 32 45 M 20 0 0.00 M M 7.9 16 340 M M 2 21 340
29 67 25 46 M 19 0 0.00 M M 4.1 10 210 M M 0 16 210
30 71 28 50 M 15 0 0.00 M M 4.5 10 210 M M 0 18 190
31 62 52 57 M 8 0 0.48 M M 3.2 10 170 M M 9 16 170
================================================================================
SM 1714 939 487 0 0.75 M 127.9 M 84
================================================================================
AV 61.2 33.5 4.6 FASTST M M 3 MAX(MPH)
MISC ----> 27 330 38 340
================================================================================
NOTES:
# LAST OF SEVERAL OCCURRENCES
COLUMN 17 PEAK WIND IN M.P.H.
PRELIMINARY LOCAL CLIMATOLOGICAL DATA (WS FORM: F-6) , PAGE 2
STATION: HORSESHOE BAY
MONTH: JANUARY
YEAR: 2022
LATITUDE: 30 31 N
LONGITUDE: 98 22 W
[TEMPERATURE DATA] [PRECIPITATION DATA] SYMBOLS USED IN COLUMN 16
AVERAGE MONTHLY: 47.4 TOTAL FOR MONTH: 0.75 1 = FOG OR MIST
DPTR FM NORMAL: 0.0 DPTR FM NORMAL: M 2 = FOG REDUCING VISIBILITY
HIGHEST: 81 ON 1 GRTST 24HR 0.48 ON 31-31 TO 1/4 MILE OR LESS
LOWEST: 20 ON 3 3 = THUNDER
SNOW, ICE PELLETS, HAIL 4 = ICE PELLETS
TOTAL MONTH: M 5 = HAIL
GRTST 24HR M ON M 6 = FREEZING RAIN OR DRIZZLE
GRTST DEPTH: M ON M 7 = DUSTSTORM OR SANDSTORM:
VSBY 1/2 MILE OR LESS
8 = SMOKE OR HAZE
[NO. OF DAYS WITH] [WEATHER - DAYS WITH] 9 = BLOWING SNOW
X = TORNADO
MAX 32 OR BELOW: 0 0.01 INCH OR MORE: 3
MAX 90 OR ABOVE: 0 0.10 INCH OR MORE: 2
MIN 32 OR BELOW: 15 0.50 INCH OR MORE: 0
MIN 0 OR BELOW: 0 1.00 INCH OR MORE: 0
[HDD (BASE 65) ]
TOTAL THIS MO. 487 CLEAR (SCALE 0-3) 19
DPTR FM NORMAL M PTCLDY (SCALE 4-7) 5
TOTAL FM JUL 1 840 CLOUDY (SCALE 8-10) 7
DPTR FM NORMAL M
[CDD (BASE 65) ]
TOTAL THIS MO. 0
DPTR FM NORMAL M [PRESSURE DATA]
TOTAL FM JAN 1 0 HIGHEST SLP M ON M
DPTR FM NORMAL M LOWEST SLP M ON M
[REMARKS]
#FINAL-01-22#