000
CXUS54 KEWX 011010
CF6DZB
PRELIMINARY LOCAL CLIMATOLOGICAL DATA (WS FORM: F-6)
STATION: HORSESHOE BAY
MONTH: OCTOBER
YEAR: 2021
LATITUDE: 30 31 N
LONGITUDE: 98 22 W
TEMPERATURE IN F: :PCPN: SNOW: WIND :SUNSHINE: SKY :PK WND
================================================================================
1 2 3 4 5 6A 6B 7 8 9 10 11 12 13 14 15 16 17 18
12Z AVG MX 2MIN
DY MAX MIN AVG DEP HDD CDD WTR SNW DPTH SPD SPD DIR MIN PSBL S-S WX SPD DR
================================================================================
1 83 66 75 M 0 10 1.39 M M 2.8 10 330 M M 4 3 17 90
2 86 68 77 M 0 12 0.36 M M 1.4 6 50 M M 4 M M
3 89 65 77 M 0 12 0.01 M M 1.1 6 320 M M 1 M M
4 89 61 75 M 0 10 0.00 M M 2.3 8 20 M M 0 16 300
5 88 56 72 M 0 7 0.00 M M 2.5 6 10 M M 1 M M
6 88 58 73 M 0 8 0.00 M M 1.7 6 150 M M 2 M M
7 90 61 76 M 0 11 0.00 M M 5.8 12 190 M M 0 18 170
8 91 68 80 M 0 15 0.00 M M 5.8 10 180 M M 0 17 190
9 89 63 76 M 0 11 0.00 M M 5.7 10 180 M M 0 21 180
10 90 64 77 M 0 12 0.07 M M 10.3 20 330 M M 7 3 36 330
11 83 58 71 M 0 6 0.00 M M 2.5 8 150 M M 3 M M
12 87 70 79 M 0 14 0.19 M M 7.9 15 140 M M 7 13 25 150
13 87 67 77 M 0 12 0.97 M M 7.2 13 180 M M 9 3 32 160
14 83 67 75 M 0 10 0.00 M M 1.6 7 100 M M 6 128 M M
15 85 62 74 M 0 9 0.00 M M 7.0 15 350 M M 4 23 340
16 73 47 60 M 5 0 0.00 M M 4.9 13 10 M M 0 20 30
17 74 43 59 M 6 0 0.00 M M 2.0 7 130 M M 0 M M
18 78 46 62 M 3 0 0.00 M M 3.5 9 170 M M 0 M M
19 81 55 68 M 0 3 0.00 M M 4.8 9 150 M M 2 20 150
20 82 63 73 M 0 8 0.00 M M 2.1 8 160 M M 7 16 160
21 84 61 73 M 0 8 0.00 M M 0.4 3 90 M M 2 M M
22 86 60 73 M 0 8 0.00 M M 1.8 6 180 M M 1 M M
23 87 67 77 M 0 12 0.00 M M 6.7 13 180 M M 3 21 190
24 87 69 78 M 0 13 0.00 M M 6.1 12 170 M M 6 22 170
25 90 65 78 M 0 13 0.00 M M 3.5 9 160 M M 1 M M
26 86 71 79 M 0 14 0.06 M M 9.1 20 170 M M 6 30 170
27 77 58 68 M 0 3 0.49 M M 9.9 20 310 M M 2 3 33 310
28 76 55 66 M 0 1 0.00 M M 9.9 25 330 M M 0 38 320
29 73 47 60 M 5 0 0.00 M M 7.6 17 340 M M 0 29 320
30 83 41 62 M 3 0 0.00 M M 2.8 7 180 M M 0 M M
31 83 46 65 M 0 0 0.00 M M 3.8 9 170 M M 0 20 140
================================================================================
SM 2608 1848 22 242 3.54 M 144.3 M 78
================================================================================
AV 84.1 59.6 4.7 FASTST M M 3 MAX(MPH)
MISC ----> 25 330 38 320
================================================================================
NOTES:
# LAST OF SEVERAL OCCURRENCES
COLUMN 17 PEAK WIND IN M.P.H.
PRELIMINARY LOCAL CLIMATOLOGICAL DATA (WS FORM: F-6) , PAGE 2
STATION: HORSESHOE BAY
MONTH: OCTOBER
YEAR: 2021
LATITUDE: 30 31 N
LONGITUDE: 98 22 W
[TEMPERATURE DATA] [PRECIPITATION DATA] SYMBOLS USED IN COLUMN 16
AVERAGE MONTHLY: 71.9 TOTAL FOR MONTH: 3.54 1 = FOG OR MIST
DPTR FM NORMAL: 0.0 DPTR FM NORMAL: M 2 = FOG REDUCING VISIBILITY
HIGHEST: 91 ON 8 GRTST 24HR 1.39 ON 1- 1 TO 1/4 MILE OR LESS
LOWEST: 41 ON 30 3 = THUNDER
SNOW, ICE PELLETS, HAIL 4 = ICE PELLETS
TOTAL MONTH: M 5 = HAIL
GRTST 24HR M ON M 6 = FREEZING RAIN OR DRIZZLE
GRTST DEPTH: M ON M 7 = DUSTSTORM OR SANDSTORM:
VSBY 1/2 MILE OR LESS
8 = SMOKE OR HAZE
[NO. OF DAYS WITH] [WEATHER - DAYS WITH] 9 = BLOWING SNOW
X = TORNADO
MAX 32 OR BELOW: 0 0.01 INCH OR MORE: 8
MAX 90 OR ABOVE: 4 0.10 INCH OR MORE: 5
MIN 32 OR BELOW: 0 0.50 INCH OR MORE: 2
MIN 0 OR BELOW: 0 1.00 INCH OR MORE: 1
[HDD (BASE 65) ]
TOTAL THIS MO. 22 CLEAR (SCALE 0-3) 21
DPTR FM NORMAL M PTCLDY (SCALE 4-7) 9
TOTAL FM JUL 1 22 CLOUDY (SCALE 8-10) 1
DPTR FM NORMAL M
[CDD (BASE 65) ]
TOTAL THIS MO. 242
DPTR FM NORMAL M [PRESSURE DATA]
TOTAL FM JAN 1 2682 HIGHEST SLP M ON M
DPTR FM NORMAL M LOWEST SLP M ON M
[REMARKS]
#FINAL-10-21#