000
CXUS53 KGID 012124 AAA
CF6EAR
PRELIMINARY LOCAL CLIMATOLOGICAL DATA (WS FORM: F-6)
STATION: KEARNEY NE
MONTH: JULY
YEAR: 2023
LATITUDE: 40 43 N
LONGITUDE: 99 0 W
TEMPERATURE IN F: :PCPN: SNOW: WIND :SUNSHINE: SKY :PK WND
================================================================================
1 2 3 4 5 6A 6B 7 8 9 10 11 12 13 14 15 16 17 18
12Z AVG MX 2MIN
DY MAX MIN AVG DEP HDD CDD WTR SNW DPTH SPD SPD DIR MIN PSBL S-S WX SPD DR
================================================================================
1 78 63 71 -3 0 6 0.00 M M 9.4 21 360 M M 4 M M
2 85 59 72 -2 0 7 0.00 M M 6.1 9 190 M M 0 1 M M
3 88 61 75 1 0 10 0.00 M M 8.2 14 170 M M 0 18 160
4 88 65 77 3 0 12 T M M 10.4 28 350 M M 2 37 350
5 72 58 65 -9 0 0 T M M 12.1 20 10 M M 8 22 20
6 70 57 64 -10 1 0 T M M 6.7 14 130 M M 9 M M
7 80 62 71 -4 0 6 0.10 M M M M M M M M M M
8 71 52 62 -13 3 0 T M M 5.7 12 10 M M 4 M M
9 80 54 67 -8 0 2 0.00 M M 7.2 15 210 M M 0 1 21 210
10 89 61 75 0 0 10 0.33 M M 13.0 24 30 M M 1 3 35 310
11 88 62 75 0 0 10 0.00 M M 9.5 23 30 M M 0 28 30
12 85 66 76 1 0 11 0.00 M M 7.1 28 360 M M 3 18 33 360
13 86 64 75 0 0 10 0.04 M M 4.9 14 270 M M 2 12 20 270
14 79 64 72 -3 0 7 0.31 M M 7.5 21 20 M M 2 3 32 340
15 86 63 75 0 0 10 0.00 M M 6.0 9 310 M M 0 M M
16 86 64 75 0 0 10 0.34 M M 6.9 16 10 M M 1 13 24 10
17 78 64 71 -4 0 6 0.00 M M 9.6 16 50 M M 1 18 M M
18 83 61 72 -3 0 7 0.32 M M 10.9 28 90 M M 4 13 37 310
19 80 64 72 -3 0 7 0.00 M M 7.0 15 50 M M 5 12 M M
20 79 66 73 -2 0 8 T M M 7.4 14 20 M M 2 M M
21 81 65 73 -2 0 8 T M M 4.7 9 200 M M 2 M M
22 88 62 75 0 0 10 T M M 7.2 18 280 M M 0 3 39 250
23 91 59 75 0 0 10 0.00 M M 6.7 14 150 M M 0 M M
24 93 65 79 4 0 14 0.00 M M 6.8 12 180 M M 0 M M
25 95 68 82 7 0 17 0.00 M M 8.0 15 90 M M 0 1 32 350
26 98 73 86 11 0 21 0.00 M M 6.4 10 290 M M 0 30 240
27 97 68 83 8 0 18 T M M 10.1 27 220 M M 1 3 36 250
28 101 68 85 10 0 20 0.00 M M 7.7 16 20 M M 0 22 20
29 84 64 74 -1 0 9 0.47 M M 11.6 38 10 M M 1 138 54 330
30 88 67 78 3 0 13 0.00 M M 9.9 18 90 M M 2 25 90
31 84 67 76 1 0 11 0.09 M M 10.9 22 160 M M 6 13 38 170
================================================================================
SM 2631 1956 4 290 2.00 M 245.6 M 60
================================================================================
AV 84.9 63.1 8.2 FASTST M M 2 MAX(MPH)
MISC ----> 38 10 M M
================================================================================
NOTES:
# LAST OF SEVERAL OCCURRENCES
COLUMN 17 PEAK WIND IN M.P.H.
PRELIMINARY LOCAL CLIMATOLOGICAL DATA (WS FORM: F-6) , PAGE 2
STATION: KEARNEY NE
MONTH: JULY
YEAR: 2023
LATITUDE: 40 43 N
LONGITUDE: 99 0 W
[TEMPERATURE DATA] [PRECIPITATION DATA] SYMBOLS USED IN COLUMN 16
AVERAGE MONTHLY: 74.0 TOTAL FOR MONTH: 2.00 1 = FOG OR MIST
DPTR FM NORMAL: -0.8 DPTR FM NORMAL: -1.36 2 = FOG REDUCING VISIBILITY
HIGHEST: 101 ON 28 GRTST 24HR 0.47 ON 29-29 TO 1/4 MILE OR LESS
LOWEST: 52 ON 8 3 = THUNDER
SNOW, ICE PELLETS, HAIL 4 = ICE PELLETS
TOTAL MONTH: M 5 = HAIL
GRTST 24HR M ON M 6 = FREEZING RAIN OR DRIZZLE
GRTST DEPTH: M ON M 7 = DUSTSTORM OR SANDSTORM:
VSBY 1/2 MILE OR LESS
8 = SMOKE OR HAZE
[NO. OF DAYS WITH] [WEATHER - DAYS WITH] 9 = BLOWING SNOW
X = TORNADO
MAX 32 OR BELOW: 0 0.01 INCH OR MORE: 8
MAX 90 OR ABOVE: 6 0.10 INCH OR MORE: 6
MIN 32 OR BELOW: 0 0.50 INCH OR MORE: 0
MIN 0 OR BELOW: 0 1.00 INCH OR MORE: 0
[HDD (BASE 65) ]
TOTAL THIS MO. 4 CLEAR (SCALE 0-3) 23
DPTR FM NORMAL 4 PTCLDY (SCALE 4-7) 6
TOTAL FM JUL 1 4 CLOUDY (SCALE 8-10) 2
DPTR FM NORMAL 4
[CDD (BASE 65) ]
TOTAL THIS MO. 290
DPTR FM NORMAL -16 [PRESSURE DATA]
TOTAL FM JAN 1 542 HIGHEST SLP 30.20 ON 29
DPTR FM NORMAL 10 LOWEST SLP 29.78 ON 26
[REMARKS]
#FINAL-07-23#