000
CXUS54 KEWX 011010
CF6ECU
PRELIMINARY LOCAL CLIMATOLOGICAL DATA (WS FORM: F-6)
STATION: EDWARDS COUNTY AIRPORT
MONTH: OCTOBER
YEAR: 2023
LATITUDE: 29 57 N
LONGITUDE: 100 10 W
TEMPERATURE IN F: :PCPN: SNOW: WIND :SUNSHINE: SKY :PK WND
================================================================================
1 2 3 4 5 6A 6B 7 8 9 10 11 12 13 14 15 16 17 18
12Z AVG MX 2MIN
DY MAX MIN AVG DEP HDD CDD WTR SNW DPTH SPD SPD DIR MIN PSBL S-S WX SPD DR
================================================================================
1 84 70 77 M 0 12 0.01 M M 8.7 17 140 M M 6 23 140
2 81 68 75 M 0 10 0.03 M M 9.0 17 110 M M 7 1 22 130
3 84 68 76 M 0 11 0.02 M M 9.3 14 150 M M 6 1 23 140
4 90 72 81 M 0 16 0.00 M M 10.3 18 140 M M 4 24 150
5 77 64 71 M 0 6 0.66 M M 6.2 17 350 M M 6 35 0
6 79 63 71 M 0 6 0.00 M M 6.1 12 60 M M 1 15 99
7 75 59 67 M 0 2 0.00 M M 6.0 13 50 M M 1 22 40
8 73 54 64 M 1 0 0.00 M M 7.4 12 180 M M 0 18 200
9 79 54 67 M 0 2 0.00 M M 8.7 13 170 M M 0 23 180
10 73 63 68 M 0 3 0.00 M M 12.0 16 150 M M 9 23 170
11 75 61 68 M 0 3 0.00 M M 12.0 18 170 M M 9 1 24 160
12 81 64 73 M 0 8 0.00 M M 13.4 20 160 M M 6 26 170
13 84 66 75 M 0 10 0.00 M M 8.3 18 150 M M 7 1 25 150
14 73 59 66 M 0 1 0.00 M M 8.7 17 40 M M 7 30 40
15 72 55 64 M 1 0 0.00 M M 8.3 15 350 M M 3 22 10
16 75 48 62 M 3 0 0.00 M M 6.4 14 330 M M 0 20 330
17 75 48 62 M 3 0 0.00 M M 8.0 14 160 M M 0 21 180
18 81 52 67 M 0 2 0.00 M M 12.4 18 180 M M 0 26 180
19 84 59 72 M 0 7 0.00 M M 6.7 12 20 M M 2 20 20
20 90 66 78 M 0 13 0.00 M M 4.5 7 200 M M 0 12 99
21 88 66 77 M 0 12 0.00 M M 8.2 14 140 M M 0 21 150
22 81 64 73 M 0 8 0.00 M M 10.2 15 140 M M 5 22 150
23 75 68 72 M 0 7 0.15 M M 12.1 18 140 M M 9 1 29 140
24 77 68 73 M 0 8 0.27 M M 14.7 20 140 M M 10 1 30 140
25 72 64 68 M 0 3 2.22 M M 12.7 23 150 M M 10 1 32 150
26 84 63 74 M 0 9 0.99 M M 8.2 17 270 M M 7 12 25 270
27 82 72 77 M 0 12 0.32 M M 11.0 15 160 M M 9 1 20 160
28 75 68 72 M 0 7 0.39 M M 10.4 17 140 M M 8 25 160
29 77 36 57 M 8 0 0.15 M M 15.3 23 350 M M 10 33 10
30 41 36 39 M 26 0 0.11 M M 15.0 21 360 M M 10 32 360
31 55 39 47 M 18 0 0.00 M M 8.0 14 10 M M 4 21 350
================================================================================
SM 2392 1857 60 178 5.32 M 297.9 M 156
================================================================================
AV 77.2 59.9 9.6 FASTST M M 5 MAX(MPH)
MISC ----> 23 350 35 0
================================================================================
NOTES:
# LAST OF SEVERAL OCCURRENCES
COLUMN 17 PEAK WIND IN M.P.H.
PRELIMINARY LOCAL CLIMATOLOGICAL DATA (WS FORM: F-6) , PAGE 2
STATION: EDWARDS COUNTY AIRPORT
MONTH: OCTOBER
YEAR: 2023
LATITUDE: 29 57 N
LONGITUDE: 100 10 W
[TEMPERATURE DATA] [PRECIPITATION DATA] SYMBOLS USED IN COLUMN 16
AVERAGE MONTHLY: 68.5 TOTAL FOR MONTH: 5.32 1 = FOG OR MIST
DPTR FM NORMAL: 0.0 DPTR FM NORMAL: M 2 = FOG REDUCING VISIBILITY
HIGHEST: 90 ON 20, 4 GRTST 24HR 2.22 ON 25-25 TO 1/4 MILE OR LESS
LOWEST: 36 ON 29,30 3 = THUNDER
SNOW, ICE PELLETS, HAIL 4 = ICE PELLETS
TOTAL MONTH: M 5 = HAIL
GRTST 24HR M ON M 6 = FREEZING RAIN OR DRIZZLE
GRTST DEPTH: M ON M 7 = DUSTSTORM OR SANDSTORM:
VSBY 1/2 MILE OR LESS
8 = SMOKE OR HAZE
[NO. OF DAYS WITH] [WEATHER - DAYS WITH] 9 = BLOWING SNOW
X = TORNADO
MAX 32 OR BELOW: 0 0.01 INCH OR MORE: 12
MAX 90 OR ABOVE: 2 0.10 INCH OR MORE: 9
MIN 32 OR BELOW: 0 0.50 INCH OR MORE: 3
MIN 0 OR BELOW: 0 1.00 INCH OR MORE: 1
[HDD (BASE 65) ]
TOTAL THIS MO. 60 CLEAR (SCALE 0-3) 10
DPTR FM NORMAL M PTCLDY (SCALE 4-7) 13
TOTAL FM JUL 1 60 CLOUDY (SCALE 8-10) 8
DPTR FM NORMAL M
[CDD (BASE 65) ]
TOTAL THIS MO. 178
DPTR FM NORMAL M [PRESSURE DATA]
TOTAL FM JAN 1 2931 HIGHEST SLP M ON M
DPTR FM NORMAL M LOWEST SLP M ON M
[REMARKS]
#FINAL-10-23#