000
CXUS55 KGJT 020826
CLMEEO
CLIMATE REPORT
NATIONAL WEATHER SERVICE GRAND JUNCTION CO
126 AM MST SAT MAR 02 2024
...................................
...THE MEEKER CO CLIMATE SUMMARY FOR THE MONTH OF FEBRUARY 2024...
CLIMATE NORMAL PERIOD 1991 TO 2020
CLIMATE RECORD PERIOD 9999 TO 9999
WEATHER OBSERVED NORMAL DEPART LAST YEAR`S
VALUE DATE(S) VALUE FROM VALUE DATE(S)
NORMAL
................................................................
TEMPERATURE (F)
HIGHEST 50 02/25 MM MM 46 02/05
02/26
LOWEST -5 02/28 MM MM -21 02/16
AVG. MAXIMUM 39.9 39.3 0.6 31.6
AVG. MINIMUM 14.7 13.4 1.3 0.9
MEAN 27.3 26.4 0.9 16.2
DAYS MAX >= 90 0 0.0 0.0 0
DAYS MAX <= 32 5 6.8 -1.8 15
DAYS MIN <= 32 28 26.9 1.1 28
DAYS MIN <= 0 3 4.6 -1.6 17
PRECIPITATION (INCHES)
TOTALS 2.39 0.76 1.63 0.80
DAILY AVG. 0.08 0.03 0.05 0.03
DAYS >= .01 13 10.0 3.0 9
DAYS >= .10 8 3.4 4.6 4
DAYS >= .50 1 0.0 1.0 0
DAYS >= 1.00 0 0.0 0.0 0
GREATEST
24 HR. TOTAL 0.62 02/02 TO 02/03 0.25
SNOWFALL (INCHES)
TOTALS MM MM MM MM
SINCE 7/1 MM MM MM MM
SNOWDEPTH AVG. MM MM
DAYS >= 1.0 MM MM MM MM
GREATEST
SNOW DEPTH MM MM MM
24 HR TOTAL MM MM
DEGREE DAYS
HEATING TOTAL 1088 1082 6 1358
SINCE 7/1 5569 5618 -49 6161
COOLING TOTAL 0 0 0 0
SINCE 1/1 0 0 0 0
................................................................
WIND (MPH)
AVERAGE WIND SPEED 4.7
HIGHEST WIND SPEED/DIRECTION 35/210 DATE 02/26
HIGHEST GUST SPEED/DIRECTION 49/190 DATE 02/26
49/240 02/27
SKY COVER
POSSIBLE SUNSHINE (PERCENT) MM
AVERAGE SKY COVER 0.50
NUMBER OF DAYS FAIR 12
NUMBER OF DAYS PC 6
NUMBER OF DAYS CLOUDY 11
AVERAGE RH (PERCENT) 73
WEATHER CONDITIONS. NUMBER OF DAYS WITH
THUNDERSTORM 0 MIXED PRECIP 0
HEAVY RAIN 0 RAIN 1
LIGHT RAIN 4 FREEZING RAIN 0
LT FREEZING RAIN 0 HAIL 0
HEAVY SNOW 4 SNOW 8
LIGHT SNOW 15 SLEET 0
FOG 15 FOG W/VIS <= 1/4 MILE 5
HAZE 0
- INDICATES NEGATIVE NUMBERS.
R INDICATES RECORD WAS SET OR TIED.
MM INDICATES DATA IS MISSING.
T INDICATES TRACE AMOUNT.
$$