000
CXUS54 KBMX 011010
CF6EET
PRELIMINARY LOCAL CLIMATOLOGICAL DATA (WS FORM: F-6)
STATION: SHELBY COUNTY AIRPORT
MONTH: AUGUST
YEAR: 2022
LATITUDE: 33 10 N
LONGITUDE: 86 47 W
TEMPERATURE IN F: :PCPN: SNOW: WIND :SUNSHINE: SKY :PK WND
================================================================================
1 2 3 4 5 6A 6B 7 8 9 10 11 12 13 14 15 16 17 18
12Z AVG MX 2MIN
DY MAX MIN AVG DEP HDD CDD WTR SNW DPTH SPD SPD DIR MIN PSBL S-S WX SPD DR
================================================================================
1 90 74 82 0 0 17 0.00 0.0 0 3.2 12 200 M M 1 3 18 210
2 90 73 82 0 0 17 0.00 0.0 0 3.5 14 220 M M 6 3 20 230
3 88 71 80 -2 0 15 0.00 0.0 0 3.1 8 180 M M 5 1 11 180
4 91 72 82 0 0 17 0.00 0.0 0 3.2 15 170 M M 2 21 170
5 93 73 83 1 0 18 0.00 0.0 0 1.4 9 160 M M 1 13 190
6 91 74 83 1 0 18 0.01 0.0 0 1.0 17 170 M M 1 13 22 180
7 93 73 83 1 0 18 1.25 0.0 0 2.3 22 20 M M 2 13 27 30
8 87 72 80 -2 0 15 T 0.0 0 1.9 13 170 M M 1 13 16 180
9 90 71 81 -1 0 16 T 0.0 0 3.0 14 180 M M 4 13 22 180
10 91 72 82 0 0 17 0.00 0.0 0 5.2 14 170 M M 1 18 170
11 89 71 80 -1 0 15 1.07 0.0 0 2.1 10 170 M M 5 123 15 170
12 90 72 81 0 0 16 0.00 0.0 0 1.1 8 350 M M 5 18 12 350
13 90 69 80 -1 0 15 0.00 0.0 0 1.1 7 350 M M 1 9 110
14 92 70 81 0 0 16 0.00 0.0 0 2.3 10 160 M M 1 14 160
15 93 72 83 2 0 18 0.28 0.0 0 2.7 13 300 M M 2 13 18 290
16 89 70 80 -1 0 15 0.00 0.0 0 2.3 12 360 M M 1 1 17 300
17 79 70 75 -6 0 10 0.62 0.0 0 0.8 10 300 M M 7 1 15 300
18 85 70 78 -3 0 13 0.01 0.0 0 1.5 8 160 M M 6 1 11 180
19 85 72 79 -2 0 14 0.30 0.0 0 3.3 13 170 M M 6 1 15 170
20 86 72 79 -2 0 14 0.23 0.0 0 2.9 20 180 M M 5 138 26 190
21 85 72 79 -2 0 14 0.07 0.0 0 3.7 12 210 M M 7 1 17 210
22 78 72 75 -5 0 10 0.37 0.0 0 0.7 10 320 M M 8 1 15 320
23 81 70 76 -4 0 11 0.50 0.0 0 1.3 9 280 M M 9 13 13 290
24 76 70 73 -7 0 8 0.06 0.0 0 0.6 9 160 M M 7 1 11 140
25 84 72 78 -2 0 13 0.02 0.0 0 2.2 9 180 M M 8 1 11 180
26 89 73 81 1 0 16 0.00 0.0 0 1.3 7 320 M M 6 1 10 310
27 91 72 82 2 0 17 0.00 0.0 0 1.7 15 160 M M 2 13 20 160
28 92 70 81 1 0 16 0.00 0.0 0 2.5 10 160 M M 1 14 140
29 92 73 83 3 0 18 0.00 0.0 0 1.4 9 140 M M 1 11 140
30 90 72 81 1 0 16 0.21 0.0 0 1.2 17 310 M M 2 13 23 300
31 89 69 79 0 0 14 0.00 0.0 0 3.0 12 300 M M 2 1 15 300
================================================================================
SM 2729 2218 0 467 5.00 0.0 67.5 M 116
================================================================================
AV 88.0 71.5 2.2 FASTST M M 4 MAX(MPH)
MISC ----> 22 20 27 30
================================================================================
NOTES:
# LAST OF SEVERAL OCCURRENCES
COLUMN 17 PEAK WIND IN M.P.H.
PRELIMINARY LOCAL CLIMATOLOGICAL DATA (WS FORM: F-6) , PAGE 2
STATION: SHELBY COUNTY AIRPORT
MONTH: AUGUST
YEAR: 2022
LATITUDE: 33 10 N
LONGITUDE: 86 47 W
[TEMPERATURE DATA] [PRECIPITATION DATA] SYMBOLS USED IN COLUMN 16
AVERAGE MONTHLY: 79.8 TOTAL FOR MONTH: 5.00 1 = FOG OR MIST
DPTR FM NORMAL: -1.1 DPTR FM NORMAL: 0.28 2 = FOG REDUCING VISIBILITY
HIGHEST: 93 ON 7,15 GRTST 24HR 1.25 ON 7- 7 TO 1/4 MILE OR LESS
LOWEST: 69 ON 31,13 3 = THUNDER
SNOW, ICE PELLETS, HAIL 4 = ICE PELLETS
TOTAL MONTH: 0.0 INCH 5 = HAIL
GRTST 24HR 0.0 6 = FREEZING RAIN OR DRIZZLE
GRTST DEPTH: 0 7 = DUSTSTORM OR SANDSTORM:
VSBY 1/2 MILE OR LESS
8 = SMOKE OR HAZE
[NO. OF DAYS WITH] [WEATHER - DAYS WITH] 9 = BLOWING SNOW
X = TORNADO
MAX 32 OR BELOW: 0 0.01 INCH OR MORE: 14
MAX 90 OR ABOVE: 16 0.10 INCH OR MORE: 9
MIN 32 OR BELOW: 0 0.50 INCH OR MORE: 4
MIN 0 OR BELOW: 0 1.00 INCH OR MORE: 2
[HDD (BASE 65) ]
TOTAL THIS MO. 0 CLEAR (SCALE 0-3) 16
DPTR FM NORMAL 0 PTCLDY (SCALE 4-7) 13
TOTAL FM JUL 1 0 CLOUDY (SCALE 8-10) 2
DPTR FM NORMAL 0
[CDD (BASE 65) ]
TOTAL THIS MO. 467
DPTR FM NORMAL -26 [PRESSURE DATA]
TOTAL FM JAN 1 1925 HIGHEST SLP 30.23 ON 7
DPTR FM NORMAL 190 LOWEST SLP 29.83 ON 15
[REMARKS]
#FINAL-08-22#