000
CXUS54 KBMX 011010
CF6EET
PRELIMINARY LOCAL CLIMATOLOGICAL DATA (WS FORM: F-6)
STATION: SHELBY COUNTY AIRPORT
MONTH: MARCH
YEAR: 2022
LATITUDE: 33 10 N
LONGITUDE: 86 47 W
TEMPERATURE IN F: :PCPN: SNOW: WIND :SUNSHINE: SKY :PK WND
================================================================================
1 2 3 4 5 6A 6B 7 8 9 10 11 12 13 14 15 16 17 18
12Z AVG MX 2MIN
DY MAX MIN AVG DEP HDD CDD WTR SNW DPTH SPD SPD DIR MIN PSBL S-S WX SPD DR
================================================================================
1 70 37 54 1 11 0 0.00 0.0 0 1.7 9 290 M M 0 13 320
2 78 39 59 5 6 0 0.00 0.0 0 1.5 8 200 M M 0 11 200
3 78 43 61 7 4 0 0.00 0.0 0 1.9 10 310 M M 0 13 320
4 84 46 65 11 0 0 0.00 0.0 0 2.7 13 160 M M 0 18 150
5 83 50 67 13 0 2 0.00 0.0 0 5.7 20 170 M M 2 27 180
6 79 58 69 14 0 4 T 0.0 0 3.8 15 170 M M 5 18 21 180
7 80 52 66 11 0 1 0.07 0.0 M 8.4 23 290 M M 7 33 300
8 52 47 50 -5 15 0 0.42 0.0 0 4.2 10 10 M M 9 13 15 20
9 54 46 50 -5 15 0 0.51 0.0 0 4.8 17 320 M M 7 13 25 320
10 70 45 58 2 7 0 0.00 0.0 0 1.2 8 310 M M 3 11 360
11 72 43 58 2 7 0 0.34 0.0 0 4.4 23 330 M M 7 1238 38 310
12 43 29 36 -20 29 0 0.19 T 0 11.2 24 320 M M 4 1 37 360
13 59 25 42 -14 23 0 0.00 0.0 0 1.2 9 230 M M 0 12 190
14 68 36 52 -4 13 0 0.00 0.0 0 3.6 13 150 M M 2 19 140
15 61 50 56 -1 9 0 1.21 0.0 0 4.9 14 140 M M 7 1 20 150
16 68 52 60 3 5 0 0.25 0.0 M 2.5 10 250 M M 9 123 13 240
17 76 46 61 4 4 0 0.00 0.0 0 2.5 13 160 M M 4 12 18 160
18 66 56 61 3 4 0 1.30 0.0 0 5.4 21 290 M M 8 123 36 300
19 64 46 55 -3 10 0 0.00 0.0 0 5.7 16 300 M M 1 23 310
20 73 40 57 -1 8 0 0.00 0.0 0 2.7 14 330 M M 0 1 20 320
21 77 44 61 3 4 0 0.00 0.0 0 3.9 15 170 M M 0 19 140
22 78 56 67 9 0 2 2.74 0.0 0 7.6 23 180 M M 7 123 32 140
23 70 50 60 1 5 0 0.33 0.0 0 7.2 18 250 M M 5 1 27 240
24 68 45 57 -2 8 0 0.00 0.0 0 4.6 18 300 M M 2 26 300
25 67 48 58 -1 7 0 0.00 0.0 0 6.1 20 310 M M 3 28 300
26 68 48 58 -1 7 0 0.00 0.0 0 8.2 21 270 M M 0 34 290
27 68 43 56 -4 9 0 0.00 0.0 0 2.7 13 300 M M 1 18 310
28 75 43 59 -1 6 0 0.00 0.0 0 2.5 8 280 M M 2 11 340
29 81 53 67 7 0 2 0.00 0.0 0 4.1 13 180 M M 3 20 170
30 86 63 75 15 0 10 1.09 0.0 0 14.8 30 170 M M 3 13 44 160
31 65 53 59 -1 6 0 0.01 0.0 0 5.6 15 290 M M 5 20 250
================================================================================
SM 2181 1432 222 21 8.46 T 147.3 M 106
================================================================================
AV 70.4 46.2 4.8 FASTST M M 3 MAX(MPH)
MISC ----> 30 170 44 160
================================================================================
NOTES:
# LAST OF SEVERAL OCCURRENCES
COLUMN 17 PEAK WIND IN M.P.H.
PRELIMINARY LOCAL CLIMATOLOGICAL DATA (WS FORM: F-6) , PAGE 2
STATION: SHELBY COUNTY AIRPORT
MONTH: MARCH
YEAR: 2022
LATITUDE: 33 10 N
LONGITUDE: 86 47 W
[TEMPERATURE DATA] [PRECIPITATION DATA] SYMBOLS USED IN COLUMN 16
AVERAGE MONTHLY: 58.3 TOTAL FOR MONTH: 8.46 1 = FOG OR MIST
DPTR FM NORMAL: 1.3 DPTR FM NORMAL: 3.06 2 = FOG REDUCING VISIBILITY
HIGHEST: 86 ON 30 GRTST 24HR 3.07 ON 22-23 TO 1/4 MILE OR LESS
LOWEST: 25 ON 13 3 = THUNDER
SNOW, ICE PELLETS, HAIL 4 = ICE PELLETS
TOTAL MONTH: T 5 = HAIL
GRTST 24HR T ON 12-12 6 = FREEZING RAIN OR DRIZZLE
GRTST DEPTH: 0 7 = DUSTSTORM OR SANDSTORM:
VSBY 1/2 MILE OR LESS
8 = SMOKE OR HAZE
[NO. OF DAYS WITH] [WEATHER - DAYS WITH] 9 = BLOWING SNOW
X = TORNADO
MAX 32 OR BELOW: 0 0.01 INCH OR MORE: 12
MAX 90 OR ABOVE: 0 0.10 INCH OR MORE: 10
MIN 32 OR BELOW: 2 0.50 INCH OR MORE: 5
MIN 0 OR BELOW: 0 1.00 INCH OR MORE: 4
[HDD (BASE 65) ]
TOTAL THIS MO. 222 CLEAR (SCALE 0-3) 18
DPTR FM NORMAL -50 PTCLDY (SCALE 4-7) 11
TOTAL FM JUL 1 1865 CLOUDY (SCALE 8-10) 2
DPTR FM NORMAL -393
[CDD (BASE 65) ]
TOTAL THIS MO. 21
DPTR FM NORMAL -1 [PRESSURE DATA]
TOTAL FM JAN 1 41 HIGHEST SLP 30.49 ON 13
DPTR FM NORMAL 12 LOWEST SLP 29.56 ON 31
[REMARKS]
#FINAL-03-22#