000
CXUS54 KEPZ 180001
CF6ELP
PRELIMINARY LOCAL CLIMATOLOGICAL DATA (WS FORM: F-6)
STATION: EL PASO
MONTH: AUGUST
YEAR: 2020
LATITUDE: 31 47 N
LONGITUDE: 106 24 W
TEMPERATURE IN F: :PCPN: SNOW: WIND :SUNSHINE: SKY :PK WND
================================================================================
1 2 3 4 5 6A 6B 7 8 9 10 11 12 13 14 15 16 17 18
12Z AVG MX 2MIN
DY MAX MIN AVG DEP HDD CDD WTR SNW DPTH SPD SPD DIR MIN PSBL S-S WX SPD DR
================================================================================
1 99 77 88 6 0 23 T 0.0 0 9.3 33 350 M M 6 3 45 340
2 100 74 87 5 0 22 T 0.0 0 9.3 32 30 M M 5 78 42 20
3 99 73 86 4 0 21 0.00 0.0 0 4.6 21 150 M M 4 27 150
4 102 76 89 7 0 24 0.00 0.0 0 7.6 25 200 M M 5 3 34 200
5 104 74 89 7 0 24 0.01 0.0 0 8.1 23 130 M M 3 8 35 130
6 99 80 90 8 0 25 T 0.0 0 6.8 31 360 M M 7 3 39 360
7 101 76 89 7 0 24 T 0.0 0 8.6 31 80 M M 7 3 44 70
8 99 75 87 5 0 22 0.04 0.0 0 5.6 22 340 M M 3 3 26 360
9 102 73 88 6 0 23 T 0.0 0 4.7 25 350 M M 5 3 35 340
10 105 75 90 8 0 25 0.00 0.0 0 7.4 22 200 M M 4 32 200
11 106 80 93 11 0 28 0.00 0.0 0 6.7 20 200 M M 3 27 200
12 107 81 94 13 0 29 0.00 0.0 0 7.4 21 80 M M 4 29 90
13 106 81 94 13 0 29 T 0.0 0 6.5 16 360 M M 5 21 360
14 107 78 93 12 0 28 0.00 0.0 0 7.9 28 20 M M 4 36 10
15 106 79 93 12 0 28 0.00 0.0 0 8.6 25 40 M M 5 36 20
16 100 80 90 9 0 25 T 0.0 0 9.6 32 30 M M 4 37 40 30
17 97 74 86 5 0 21 T 0.0 0 7.3 24 40 M M 6 3 30 40
18 98 71 85 4 0 20 0.00 0.0 0 6.5 20 20 M M 2 26 30
19 100 69 85 4 0 20 0.00 0.0 0 4.2 13 190 M M 1 18 190
20 103 75 89 8 0 24 0.00 0.0 0 6.1 16 250 M M 3 22 260
21 102 73 88 7 0 23 T 0.0 0 6.6 23 90 M M 3 32 90
22 103 74 89 8 0 24 T 0.0 0 6.1 22 230 M M 3 3 29 230
23 102 75 89 8 0 24 0.00 0.0 0 4.6 17 110 M M 4 22 130
24 98 74 86 5 0 21 0.00 0.0 0 6.9 18 110 M M 3 26 110
25 96 71 84 4 0 19 0.00 0.0 0 6.8 17 120 M M 2 23 140
26 98 72 85 5 0 20 0.00 0.0 0 5.8 14 160 M M 1 20 260
27 100 73 87 7 0 22 0.00 0.0 0 4.5 13 160 M M 1 20 180
28 104 76 90 10 0 25 0.00 0.0 0 4.9 15 190 M M 2 20 210
29 104 78 91 11 0 26 0.00 0.0 0 5.7 18 330 M M 4 28 310
30 92 75 84 4 0 19 T 0.0 0 6.3 17 270 M M 7 22 270
31 96 76 86 6 0 21 T 0.0 0 15.7 29 250 M M 8 38 250
================================================================================
SM 3135 2338 0 729 0.05 0.0 216.7 M 124
================================================================================
AV101.1 75.4 7.0 FASTST M M 4 MAX(MPH)
MISC ----> 33 350 45 340
================================================================================
NOTES:
# LAST OF SEVERAL OCCURRENCES
COLUMN 17 PEAK WIND IN M.P.H.
PRELIMINARY LOCAL CLIMATOLOGICAL DATA (WS FORM: F-6) , PAGE 2
STATION: EL PASO
MONTH: AUGUST
YEAR: 2020
LATITUDE: 31 47 N
LONGITUDE: 106 24 W
[TEMPERATURE DATA] [PRECIPITATION DATA] SYMBOLS USED IN COLUMN 16
AVERAGE MONTHLY: 88.3 TOTAL FOR MONTH: 0.05 1 = FOG OR MIST
DPTR FM NORMAL: 7.2 DPTR FM NORMAL: -1.96 2 = FOG REDUCING VISIBILITY
HIGHEST: 107 ON 14,12 GRTST 24HR 0.04 ON 8- 8 TO 1/4 MILE OR LESS
LOWEST: 69 ON 19 3 = THUNDER
SNOW, ICE PELLETS, HAIL 4 = ICE PELLETS
TOTAL MONTH: 0.0 INCH 5 = HAIL
GRTST 24HR 0.0 6 = FREEZING RAIN OR DRIZZLE
GRTST DEPTH: 0 7 = DUSTSTORM OR SANDSTORM:
VSBY 1/2 MILE OR LESS
8 = SMOKE OR HAZE
[NO. OF DAYS WITH] [WEATHER - DAYS WITH] 9 = BLOWING SNOW
X = TORNADO
MAX 32 OR BELOW: 0 0.01 INCH OR MORE: 2
MAX 90 OR ABOVE: 31 0.10 INCH OR MORE: 0
MIN 32 OR BELOW: 0 0.50 INCH OR MORE: 0
MIN 0 OR BELOW: 0 1.00 INCH OR MORE: 0
[HDD (BASE 65) ]
TOTAL THIS MO. 0 CLEAR (SCALE 0-3) 10
DPTR FM NORMAL 0 PTCLDY (SCALE 4-7) 21
TOTAL FM JUL 1 0 CLOUDY (SCALE 8-10) 0
DPTR FM NORMAL 0
[CDD (BASE 65) ]
TOTAL THIS MO. 729
DPTR FM NORMAL 231 [PRESSURE DATA]
TOTAL FM JAN 1 2733 HIGHEST SLP 30.05 ON 18
DPTR FM NORMAL 804 LOWEST SLP 29.57 ON 20
[REMARKS]
#FINAL-08-20#