000
CXUS54 KEPZ 010943
CLMELP
CLIMATE REPORT
NATIONAL WEATHER SERVICE EL PASO TX/SANTA TERESA NM
343 AM MDT SAT APR 01 2023
...................................
...THE EL PASO CLIMATE SUMMARY FOR THE MONTH OF MARCH 2023...
CLIMATE NORMAL PERIOD 1991 TO 2020
CLIMATE RECORD PERIOD 1879 TO 2023
WEATHER OBSERVED NORMAL DEPART LAST YEAR`S
VALUE DATE(S) VALUE FROM VALUE DATE(S)
NORMAL
................................................................
TEMPERATURE (F)
RECORD
HIGH 93 03/22/2017
03/20/1907
06/17/2215507
LOW 14 03/03/1971
HIGHEST 82 03/10 74 8 88 03/27
LOWEST 31 03/19 37 -6 25 03/13
AVG. MAXIMUM 72.2 71.9 0.3 71.5
AVG. MINIMUM 46.1 45.5 0.6 41.1
MEAN 59.1 58.7 0.4 56.3
DAYS MAX >= 90 0 0.1 -0.1 0
DAYS MAX <= 32 0 0.0 0.0 0
DAYS MIN <= 32 1 1.9 -0.9 5
DAYS MIN <= 0 0 0.0 0.0 0
PRECIPITATION (INCHES)
RECORD
MAXIMUM 2.26 1958
MINIMUM 0.00 2011
TOTALS 0.05 0.24 -0.19 0.15
DAYS >= .01 4 2
DAYS >= .10 0 1
DAYS >= .50 0 0
DAYS >= 1.00 0 0
GREATEST
24 HR. TOTAL 0.03 03/16 TO 03/17
SNOWFALL (INCHES)
TOTALS T 0.5
SNOWDEPTH AVG. 0 0
DAYS >= TRACE 1 1
GREATEST
SNOW DEPTH 0
24 HR TOTAL MM
DEGREE DAYS
HEATING TOTAL 192 215 -23 270
SINCE 7/1 2065 2138 -73 MM
COOLING TOTAL 17 20 -3 8
SINCE 1/1 17 21 -4 MM
FREEZE DATES
RECORD
EARLIEST 10/16/1880
LATEST 05/02/1967
EARLIEST 11/17
LATEST 03/13
................................................................
WIND (MPH)
AVERAGE WIND SPEED 11.2
HIGHEST WIND SPEED/DIRECTION 41/290 DATE 03/02
HIGHEST GUST SPEED/DIRECTION 57/290 DATE 03/02
SKY COVER
AVERAGE SKY COVER 0.47
AVERAGE RH (PERCENT) 29
WEATHER CONDITIONS. NUMBER OF DAYS WITH
THUNDERSTORM 0 MIXED PRECIP 0
HEAVY RAIN 0 RAIN 0
LIGHT RAIN 6 FREEZING RAIN 0
LT FREEZING RAIN 0 HAIL 0
HEAVY SNOW 0 SNOW 0
LIGHT SNOW 1 SLEET 0
FOG 1 FOG W/VIS <= 1/4 MILE 0
HAZE 2
- INDICATES NEGATIVE NUMBERS.
R INDICATES RECORD WAS SET OR TIED.
MM INDICATES DATA IS MISSING.
T INDICATES TRACE AMOUNT.
$$