000
CXUS56 KLKN 071138
CF6ELY
PRELIMINARY LOCAL CLIMATOLOGICAL DATA (WS FORM: F-6)
STATION: ELY AIRPORT NV
MONTH: JUNE
YEAR: 2021
LATITUDE: 39 16 N
LONGITUDE: 114 51 W
TEMPERATURE IN F: :PCPN: SNOW: WIND :SUNSHINE: SKY :PK WND
================================================================================
1 2 3 4 5 6A 6B 7 8 9 10 11 12 13 14 15 16 17 18
12Z AVG MX 2MIN
DY MAX MIN AVG DEP HDD CDD WTR SNW DPTH SPD SPD DIR MIN PSBL S-S WX SPD DR
================================================================================
1 85 37 61 5 4 0 0.00 0.0 0 7.6 20 350 M M 0 25 10
2 89 42 66 9 0 1 0.00 0.0 0 9.0 17 360 M M 0 23 50
3 93 45 69 12 0 4 0.00 0.0 0 7.6 16 360 M M 0 22 50
4 90 50 70 13 0 5 0.00 0.0 0 8.9 29 270 M M 1 3 37 280
5 89 49 69 11 0 4 0.02 0.0 0 10.3 25 270 M M 1 3 35 270
6 90 45 68 10 0 3 0.00 0.0 0 14.3 30 220 M M 0 39 200
7 84 56 70 12 0 5 0.00 0.0 0 17.7 31 210 M M 0 38 200
8 80 44 62 3 3 0 0.00 0.0 0 17.0 31 180 M M 0 8 42 180
9 79 56 68 9 0 3 0.00 0.0 0 26.2 37 210 M M 0 8 48 200
10 64 30 47 -12 18 0 0.00 0.0 0 10.6 38 210 M M 0 8 51 210
11 80 24 52 -8 13 0 0.00 0.0 0 8.6 17 230 M M 0 24 250
12 88 36 62 2 3 0 0.00 0.0 0 8.2 20 230 M M 0 26 230
13 91 41 66 6 0 1 0.00 0.0 0 13.2 26 220 M M 0 36 220
14 93 48 71 10 0 6 0.00 0.0 0 15.7 31 180 M M 0 39 170
15 96 61 79 18 0 14 0.00 0.0 0 15.8 38 220 M M 0 8 51 200
16 97 48 73 12 0 8 0.00 0.0 0 7.4 29 210 M M 0 8 36 220
17 95 50 73 11 0 8 T 0.0 0 8.3 28 270 M M 1 36 260
18 91 51 71 9 0 6 T 0.0 0 7.7 31 130 M M 0 40 130
19 92 49 71 9 0 6 0.00 0.0 0 9.4 23 200 M M 0 8 30 200
20 96 49 73 10 0 8 0.00 0.0 0 8.3 21 290 M M 0 29 330
21 96 49 73 10 0 8 0.00 0.0 0 8.7 20 220 M M 0 29 190
22 89 51 70 6 0 5 0.00 0.0 0 13.6 28 230 M M 0 8 35 210
23 83 57 70 6 0 5 0.00 0.0 0 11.5 24 210 M M 1 8 31 190
24 75 43 59 -5 6 0 0.10 0.0 0 9.4 33 10 M M 4 13 39 20
25 83 40 62 -2 3 0 0.00 0.0 0 9.2 26 20 M M 1 33 20
26 86 46 66 1 0 1 0.00 0.0 0 9.8 21 20 M M 0 29 10
27 89 44 67 2 0 2 0.00 0.0 0 8.8 20 50 M M 0 26 360
28 90 48 69 3 0 4 0.00 0.0 0 8.7 20 20 M M 0 25 10
29 91 48 70 4 0 5 0.00 0.0 0 10.0 23 160 M M 2 3 29 160
30 82 49 66 0 0 1 T 0.0 0 9.4 29 10 M M 3 3 38 10
================================================================================
SM 2626 1386 50 113 0.12 0.0 330.9 M 14
================================================================================
AV 87.5 46.2 11.0 FASTST M M 0 MAX(MPH)
MISC ----> # 38 210 # 51 210
================================================================================
NOTES:
# LAST OF SEVERAL OCCURRENCES
COLUMN 17 PEAK WIND IN M.P.H.
PRELIMINARY LOCAL CLIMATOLOGICAL DATA (WS FORM: F-6) , PAGE 2
STATION: ELY AIRPORT NV
MONTH: JUNE
YEAR: 2021
LATITUDE: 39 16 N
LONGITUDE: 114 51 W
[TEMPERATURE DATA] [PRECIPITATION DATA] SYMBOLS USED IN COLUMN 16
AVERAGE MONTHLY: 66.9 TOTAL FOR MONTH: 0.12 1 = FOG OR MIST
DPTR FM NORMAL: 5.6 DPTR FM NORMAL: -0.44 2 = FOG REDUCING VISIBILITY
HIGHEST: 97 ON 16 GRTST 24HR 0.10 ON 24-24 TO 1/4 MILE OR LESS
LOWEST: 24 ON 11 3 = THUNDER
SNOW, ICE PELLETS, HAIL 4 = ICE PELLETS
TOTAL MONTH: 0.0 INCH 5 = HAIL
GRTST 24HR 0.0 6 = FREEZING RAIN OR DRIZZLE
GRTST DEPTH: 0 7 = DUSTSTORM OR SANDSTORM:
VSBY 1/2 MILE OR LESS
8 = SMOKE OR HAZE
[NO. OF DAYS WITH] [WEATHER - DAYS WITH] 9 = BLOWING SNOW
X = TORNADO
MAX 32 OR BELOW: 0 0.01 INCH OR MORE: 2
MAX 90 OR ABOVE: 14 0.10 INCH OR MORE: 1
MIN 32 OR BELOW: 2 0.50 INCH OR MORE: 0
MIN 0 OR BELOW: 0 1.00 INCH OR MORE: 0
[HDD (BASE 65) ]
TOTAL THIS MO. 50 CLEAR (SCALE 0-3) 29
DPTR FM NORMAL -98 PTCLDY (SCALE 4-7) 1
TOTAL FM JUL 1 6979 CLOUDY (SCALE 8-10) 0
DPTR FM NORMAL -189
[CDD (BASE 65) ]
TOTAL THIS MO. 113
DPTR FM NORMAL 77 [PRESSURE DATA]
TOTAL FM JAN 1 113 HIGHEST SLP 30.12 ON 11
DPTR FM NORMAL 75 LOWEST SLP 29.50 ON 6
[REMARKS]
#FINAL-06-21#