000
CXUS53 KTOP 010810
CF6EMP
PRELIMINARY LOCAL CLIMATOLOGICAL DATA (WS FORM: F-6)
STATION: EMPORIA KS
MONTH: SEPTEMBER
YEAR: 2022
LATITUDE: 38 19 N
LONGITUDE: 96 12 W
TEMPERATURE IN F: :PCPN: SNOW: WIND :SUNSHINE: SKY :PK WND
================================================================================
1 2 3 4 5 6A 6B 7 8 9 10 11 12 13 14 15 16 17 18
12Z AVG MX 2MIN
DY MAX MIN AVG DEP HDD CDD WTR SNW DPTH SPD SPD DIR MIN PSBL S-S WX SPD DR
================================================================================
1 92 60 76 2 0 11 0.00 M M M M M M M 0 8 M M
2 88 65 77 3 0 12 0.00 M M 6.5 12 110 M M 0 17 130
3 89 61 75 2 0 10 0.00 M M M M M M M 1 M M
4 85 57 71 -2 0 6 0.00 M M M M M M M 1 M M
5 85 62 74 1 0 9 0.00 M M M M M M M 3 128 M M
6 90 60 75 3 0 10 0.00 M M 5.1 10 120 M M 3 12 15 120
7 88 62 75 3 0 10 0.00 M M 5.5 14 70 M M 1 1 20 100
8 88 58 73 1 0 8 0.00 M M 5.8 13 140 M M 0 16 150
9 91 60 76 5 0 11 0.00 M M 6.7 12 140 M M 0 17 150
10 72 58 65 -6 0 0 0.48 M M 8.8 18 10 M M 7 1 26 340
11 77 50 64 -7 1 0 0.00 M M 6.0 15 320 M M 1 8 22 340
12 85 53 69 -1 0 4 0.00 M M 6.4 18 260 M M 0 8 26 260
13 91 58 75 5 0 10 0.00 M M 8.0 16 230 M M 0 26 180
14 90 62 76 6 0 11 0.00 M M 12.7 21 140 M M 2 30 160
15 87 59 73 4 0 8 0.00 M M 12.9 24 160 M M 0 32 160
16 86 64 75 6 0 10 0.06 M M 10.7 17 150 M M 5 24 160
17 95 70 83 14 0 18 0.01 M M 13.5 33 330 M M 1 38 58 350
18 100 69 85 17 0 20 0.03 M M 14.0 26 200 M M 1 13 37 200
19 100 68 84 16 0 19 0.00 M M 10.4 22 190 M M 0 29 180
20 100 70 85 18 0 20 0.00 M M 12.6 24 220 M M 0 33 200
21 92 58 75 8 0 10 T M M 11.5 28 20 M M 3 39 20
22 65 55 60 -7 5 0 0.48 M M 8.5 21 40 M M 9 1 29 50
23 79 56 68 2 0 3 T M M 7.3 17 220 M M 5 1 25 220
24 89 52 71 5 0 6 0.00 M M 3.3 9 180 M M 0 12 12 180
25 80 55 68 2 0 3 0.00 M M 8.4 22 320 M M 0 32 320
26 78 47 63 -2 2 0 0.00 M M M M M M M 0 M M
27 88 53 71 6 0 6 0.00 M M M M M M M 2 M M
28 78 51 65 1 0 0 0.00 M M 12.8 22 60 M M 0 30 50
29 78 47 63 -1 2 0 0.00 M M 10.1 18 140 M M 0 25 140
30 81 49 65 1 0 0 0.00 M M 9.2 16 120 M M 0 24 150
================================================================================
SM 2587 1749 10 235 1.06 M 216.7 M 45
================================================================================
AV 86.2 58.3 9.0 FASTST M M 2 MAX(MPH)
MISC ----> 33 330 58 350
================================================================================
NOTES:
# LAST OF SEVERAL OCCURRENCES
COLUMN 17 PEAK WIND IN M.P.H.
PRELIMINARY LOCAL CLIMATOLOGICAL DATA (WS FORM: F-6) , PAGE 2
STATION: EMPORIA KS
MONTH: SEPTEMBER
YEAR: 2022
LATITUDE: 38 19 N
LONGITUDE: 96 12 W
[TEMPERATURE DATA] [PRECIPITATION DATA] SYMBOLS USED IN COLUMN 16
AVERAGE MONTHLY: 72.3 TOTAL FOR MONTH: 1.06 1 = FOG OR MIST
DPTR FM NORMAL: 3.3 DPTR FM NORMAL: -2.19 2 = FOG REDUCING VISIBILITY
HIGHEST: 100 ON 20,19 GRTST 24HR 0.48 ON 21-22 TO 1/4 MILE OR LESS
LOWEST: 47 ON 29,26 3 = THUNDER
SNOW, ICE PELLETS, HAIL 4 = ICE PELLETS
TOTAL MONTH: M 5 = HAIL
GRTST 24HR M ON M 6 = FREEZING RAIN OR DRIZZLE
GRTST DEPTH: M ON M 7 = DUSTSTORM OR SANDSTORM:
VSBY 1/2 MILE OR LESS
8 = SMOKE OR HAZE
[NO. OF DAYS WITH] [WEATHER - DAYS WITH] 9 = BLOWING SNOW
X = TORNADO
MAX 32 OR BELOW: 0 0.01 INCH OR MORE: 5
MAX 90 OR ABOVE: 10 0.10 INCH OR MORE: 2
MIN 32 OR BELOW: 0 0.50 INCH OR MORE: 0
MIN 0 OR BELOW: 0 1.00 INCH OR MORE: 0
[HDD (BASE 65) ]
TOTAL THIS MO. 10 CLEAR (SCALE 0-3) 26
DPTR FM NORMAL -38 PTCLDY (SCALE 4-7) 3
TOTAL FM JUL 1 10 CLOUDY (SCALE 8-10) 1
DPTR FM NORMAL -39
[CDD (BASE 65) ]
TOTAL THIS MO. 235
DPTR FM NORMAL 67 [PRESSURE DATA]
TOTAL FM JAN 1 1814 HIGHEST SLP M ON M
DPTR FM NORMAL 416 LOWEST SLP 29.76 ON 9
[REMARKS]
#FINAL-09-22#