000
CXUS53 KDMX 010810
CF6EST
PRELIMINARY LOCAL CLIMATOLOGICAL DATA (WS FORM: F-6)
STATION: ESTHERVILLE IA
MONTH: APRIL
YEAR: 2021
LATITUDE: 43 24 N
LONGITUDE: 94 45 W
TEMPERATURE IN F: :PCPN: SNOW: WIND :SUNSHINE: SKY :PK WND
================================================================================
1 2 3 4 5 6A 6B 7 8 9 10 11 12 13 14 15 16 17 18
12Z AVG MX 2MIN
DY MAX MIN AVG DEP HDD CDD WTR SNW DPTH SPD SPD DIR MIN PSBL S-S WX SPD DR
================================================================================
1 48 11 30 -10 35 0 0.00 0.0 0 9.4 20 170 M M 0 27 170
2 67 32 50 9 15 0 0.00 0.0 0 22.9 39 180 M M 0 50 210
3 70 34 52 11 13 0 0.00 0.0 0 9.4 17 30 M M 0 26 350
4 81 33 57 15 8 0 0.00 0.0 0 9.4 16 310 M M 0 23 210
5 83 43 63 21 2 0 0.08 0.0 0 18.2 32 200 M M 1 3 45 210
6 75 46 61 18 4 0 0.57 0.0 0 9.2 31 170 M M 4 138 37 180
7 63 47 55 12 10 0 0.25 0.0 0 12.9 22 350 M M 8 13 29 160
8 54 46 50 6 15 0 0.17 0.0 0 11.5 20 130 M M 10 13 25 140
9 48 43 46 2 19 0 0.06 0.0 0 14.5 26 320 M M 10 1 33 300
10 53 35 44 0 21 0 0.00 0.0 0 14.5 25 350 M M 4 32 360
11 56 32 44 -1 21 0 0.00 0.0 0 13.8 26 300 M M 5 34 300
12 51 36 44 -1 21 0 0.00 0.0 0 26.0 37 300 M M 8 53 280
13 38 30 34 -12 31 0 0.00 0.0 0 21.9 38 290 M M 9 52 300
14 46 27 37 -9 28 0 0.00 0.0 0 17.5 24 340 M M 9 37 330
15 49 30 40 -7 25 0 0.00 0.0 0 10.8 20 340 M M 9 1 26 330
16 53 37 45 -2 20 0 0.00 0.0 0 7.2 16 340 M M 9 21 340
17 57 33 45 -3 20 0 0.00 0.0 0 11.7 22 330 M M 6 28 330
18 64 30 47 -1 18 0 0.03 M 0 16.6 32 350 M M 6 1 42 350
19 41 24 33 -15 32 0 0.00 0.0 0 18.7 29 340 M M 6 38 330
20 43 21 32 -17 33 0 0.00 0.0 0 13.0 26 340 M M 4 36 350
21 44 22 33 -16 32 0 0.00 0.0 0 13.2 24 300 M M 7 36 330
22 60 29 45 -5 20 0 0.00 0.0 0 13.0 22 230 M M 2 37 240
23 62 37 50 0 15 0 0.00 0.0 0 14.8 24 210 M M 8 32 210
24 51 29 40 -10 25 0 0.00 0.0 0 14.3 24 340 M M 5 31 330
25 47 30 39 -12 26 0 0.29 M 0 15.7 31 130 M M 5 12 40 140
26 73 41 57 6 8 0 0.22 0.0 0 14.8 25 30 M M 2 13 31 30
27 52 41 47 -5 18 0 0.07 0.0 0 15.9 28 30 M M 7 1 36 30
28 59 39 49 -3 16 0 0.02 0.0 0 10.0 20 40 M M 7 12 24 40
29 67 39 53 1 12 0 0.00 0.0 0 13.8 30 350 M M 0 1 40 350
30 69 44 57 4 8 0 0.00 0.0 0 11.0 20 160 M M 3 26 170
================================================================================
SM 1724 1021 571 0 1.76 0.0 425.6 M 154
================================================================================
AV 57.5 34.0 14.2 FASTST M M 5 MAX(MPH)
MISC ----> 39 180 53 280
================================================================================
NOTES:
# LAST OF SEVERAL OCCURRENCES
COLUMN 17 PEAK WIND IN M.P.H.
PRELIMINARY LOCAL CLIMATOLOGICAL DATA (WS FORM: F-6) , PAGE 2
STATION: ESTHERVILLE IA
MONTH: APRIL
YEAR: 2021
LATITUDE: 43 24 N
LONGITUDE: 94 45 W
[TEMPERATURE DATA] [PRECIPITATION DATA] SYMBOLS USED IN COLUMN 16
AVERAGE MONTHLY: 45.8 TOTAL FOR MONTH: 1.76 1 = FOG OR MIST
DPTR FM NORMAL: -1.0 DPTR FM NORMAL: -1.54 2 = FOG REDUCING VISIBILITY
HIGHEST: 83 ON 5 GRTST 24HR 0.71 ON 6- 7 TO 1/4 MILE OR LESS
LOWEST: 11 ON 1 3 = THUNDER
SNOW, ICE PELLETS, HAIL 4 = ICE PELLETS
TOTAL MONTH: 0.0 INCH 5 = HAIL
GRTST 24HR 0.0 6 = FREEZING RAIN OR DRIZZLE
GRTST DEPTH: 0 7 = DUSTSTORM OR SANDSTORM:
VSBY 1/2 MILE OR LESS
8 = SMOKE OR HAZE
[NO. OF DAYS WITH] [WEATHER - DAYS WITH] 9 = BLOWING SNOW
X = TORNADO
MAX 32 OR BELOW: 0 0.01 INCH OR MORE: 10
MAX 90 OR ABOVE: 0 0.10 INCH OR MORE: 5
MIN 32 OR BELOW: 13 0.50 INCH OR MORE: 1
MIN 0 OR BELOW: 0 1.00 INCH OR MORE: 0
[HDD (BASE 65) ]
TOTAL THIS MO. 571 CLEAR (SCALE 0-3) 9
DPTR FM NORMAL 25 PTCLDY (SCALE 4-7) 14
TOTAL FM JUL 1 7437 CLOUDY (SCALE 8-10) 7
DPTR FM NORMAL -24
[CDD (BASE 65) ]
TOTAL THIS MO. 0
DPTR FM NORMAL -2 [PRESSURE DATA]
TOTAL FM JAN 1 0 HIGHEST SLP M ON M
DPTR FM NORMAL -2 LOWEST SLP 29.38 ON 8
[REMARKS]
#FINAL-04-21#