000
CXUS53 KPAH 020218
CLAEVV

INDCLMEWA 000
TTAA00 KPAH 020215


CLIMATE REPORT
NATIONAL WEATHER SERVICE PADUCAH KY
805 PM CST WED JAN 1 2014

...................................

...THE EVANSVILLE IN PRELIMINARY CLIMATE SUMMARY FOR THE YEAR OF 2013...

CLIMATE NORMAL PERIOD 1981 TO 2010
CLIMATE RECORD PERIOD 1896 TO 2013

WEATHER         OBSERVED          NORMAL  DEPART  LAST YEAR`S
                 VALUE   DATE(S)  VALUE   FROM    VALUE  DATE(S)
                                          NORMAL
................................................................
TEMPERATURE (F)
RECORD
 HIGH             111   07/28/1930
 LOW              -23   02/02/1951
HIGHEST            97   08/31                        107  07/05
                                                          06/29
                                                          06/28
LOWEST              5   12/12                         12  12/30
                                                          01/14
AVG. MAXIMUM     65.6              66.9    -1.3     71.2
AVG. MINIMUM     46.0              45.8     0.2     48.3
MEAN             55.8              56.4    -0.6     59.7
DAYS MAX >= 90     30              38.0    -8.0       70
DAYS MAX <= 32     14              15.5    -1.5        4
DAYS MAX >= 95      5
DAYS MAX >= 100     0
DAYS MIN <= 32    106              92.6    13.4       82
DAYS MIN <= 0       0               1.8    -1.8        0

PRECIPITATION (INCHES)
RECORD
 MAXIMUM        70.03   2011
 MINIMUM         0.01   1910
TOTALS          53.59             45.31    8.28    33.13
DAILY AVG.       0.15              0.12    0.03     0.09
DAYS >= .01       131             115.5    15.5      105
DAYS >= .10        72              74.9    -2.9       64
DAYS >= .50        36              30.8     5.2       20
DAYS >= 1.00       17              11.9     5.1        6
DAYS >= 0.25       48
DAYS >= 2.00        2
GREATEST
 24 HR. TOTAL    4.47
 STORM TOTAL       MM
 (MM/DD(HH))

SNOWFALL (INCHES)
RECORDS
 TOTAL           41.0   1918
 24 HR TOTAL     19.3   12/22/2004 TO 12/22/2004
TOTALS            8.8              11.8    -3.0     11.1
 LIQUID EQUIV    0.88              1.50   -0.62
SINCE 7/1         7.2               3.5     3.7     10.7
 LIQUID 7/1      0.72
SNOWDEPTH AVG.      0
DAYS >= TRACE      31              10.4    20.6       17
DAYS >= 1.0         1               3.5    -2.5
GREATEST
 SNOW DEPTH         6   12/07
 24 HR TOTAL      6.7   MM
 STORM TOTAL       MM
 (MM/DD(HH))

DEGREE_DAYS
HEATING TOTAL    4712              4549     163     3656
 SINCE 7/1         MM              1772      MM

FREEZE DATES
RECORD
 EARLIEST     10/03/1974
 LATEST       05/10/1966
EARLIEST                        10/23
LATEST                          04/10
.................................................................

WIND (MPH)
AVERAGE WIND SPEED              6.2
HIGHEST WIND SPEED/DIRECTION    33/190    DATE  05/30
HIGHEST GUST SPEED/DIRECTION    49/190    DATE  05/30

SKY COVER
POSSIBLE SUNSHINE (PERCENT)   MM
AVERAGE SKY COVER           0.40
NUMBER OF DAYS FAIR          198
NUMBER OF DAYS PC            109
NUMBER OF DAYS CLOUDY         58

AVERAGE RH (PERCENT)     69

WEATHER CONDITIONS. NUMBER OF DAYS WITH
THUNDERSTORM              0     MIXED PRECIP               0
HEAVY RAIN               58     RAIN                      76
LIGHT RAIN              144     FREEZING RAIN              3
LT FREEZING RAIN          4     HAIL                       1
HEAVY SNOW                0     SNOW                       4
LIGHT SNOW               26     SLEET                      5
FOG                     192     FOG W/VIS <= 1/4 MILE     16
HAZE                    101

-  INDICATES NEGATIVE NUMBERS.
R  INDICATES RECORD WAS SET OR TIED.
MM INDICATES DATA IS MISSING.
T  INDICATES TRACE AMOUNT.

&&

RMKS: 8TH WETTEST ON RECORD. THE RECORD IS 70.04 SET IN 2011.

$$
