000
CXUS53 KPAH 031713
CLAEVV

INDCLMEWA 000
TTAA00 KPAH 031709


CLIMATE REPORT
NATIONAL WEATHER SERVICE PADUCAH KY
1107 AM CST WED JAN 3 2018

...................................

...THE EVANSVILLE IN CLIMATE SUMMARY FOR THE YEAR OF 2017...

CLIMATE NORMAL PERIOD 1981 TO 2010
CLIMATE RECORD PERIOD 1896 TO 2018

WEATHER         OBSERVED          NORMAL  DEPART  LAST YEAR`S
                 VALUE   DATE(S)  VALUE   FROM    VALUE  DATE(S)
                                          NORMAL
................................................................
TEMPERATURE (F)
RECORD
 HIGH             111   07/28/1930
 LOW              -23   02/02/1951
HIGHEST            99   07/22                         99  06/16
LOWEST              5   01/07                          8  01/11
AVG. MAXIMUM     69.2              66.9     2.3     69.1
AVG. MINIMUM     48.7              45.8     2.9     48.9
MEAN             59.0              56.4     2.6     59.0
DAYS MAX >= 90     30              38.0    -8.0       51
DAYS MAX <= 32     12              15.5    -3.5       14
DAYS MAX >= 95      4
DAYS MAX >= 100     0
DAYS MIN <= 32     75              92.6   -17.6       78
DAYS MIN <= 0       0               1.8    -1.8        0

PRECIPITATION (INCHES)
RECORD
 MAXIMUM        70.03   2011
 MINIMUM         0.01   1910
TOTALS          43.48             45.31   -1.83    49.58
DAILY AVG.       0.12              0.12    0.00     0.14
DAYS >= .01       116             115.5     0.5      116
DAYS >= .10        67              74.9    -7.9       79
DAYS >= .50        28              30.8    -2.8       37
DAYS >= 1.00       12              11.9     0.1       12
DAYS >= 0.25       38
DAYS >= 2.00        3
GREATEST
 24 HR. TOTAL    2.83
 STORM TOTAL       MM
 (MM/DD(HH))

SNOWFALL (INCHES)
RECORDS
 TOTAL           41.0   1918
 24 HR TOTAL     19.3   12/22/2004 TO 12/22/2004
TOTALS            1.4              11.8   -10.4     14.2
 LIQUID EQUIV    0.14              1.50   -1.36
SINCE 7/1           T               3.5    -3.5        T
 LIQUID 7/1        MM
SNOWDEPTH AVG.      0
DAYS >= TRACE      16              10.4     5.6       22
DAYS >= 1.0         0               3.5    -3.5
GREATEST
 SNOW DEPTH         T   12/25
 24 HR TOTAL      0.7   MM
 STORM TOTAL       MM
 (MM/DD(HH))

DEGREE_DAYS
HEATING TOTAL    3623              4549    -926     3870
 SINCE 7/1         MM              1772      MM

FREEZE DATES
RECORD
 EARLIEST     10/03/1974
 LATEST       05/10/1966
EARLIEST                        10/23
LATEST                          04/10
.................................................................

WIND (MPH)
AVERAGE WIND SPEED              6.8
HIGHEST WIND SPEED/DIRECTION    35/300    DATE  03/01
HIGHEST GUST SPEED/DIRECTION    61/300    DATE  03/01

SKY COVER
POSSIBLE SUNSHINE (PERCENT)   MM
AVERAGE SKY COVER           0.40
NUMBER OF DAYS FAIR          211
NUMBER OF DAYS PC             89
NUMBER OF DAYS CLOUDY         65

AVERAGE RH (PERCENT)     68

WEATHER CONDITIONS. NUMBER OF DAYS WITH
THUNDERSTORM              0     MIXED PRECIP               0
HEAVY RAIN               50     RAIN                      61
LIGHT RAIN              128     FREEZING RAIN              0
LT FREEZING RAIN          0     HAIL                       0
HEAVY SNOW                0     SNOW                       1
LIGHT SNOW               15     SLEET                      0
FOG                     158     FOG W/VIS <= 1/4 MILE     17
HAZE                     43

-  INDICATES NEGATIVE NUMBERS.
R  INDICATES RECORD WAS SET OR TIED.
MM INDICATES DATA IS MISSING.
T  INDICATES TRACE AMOUNT.

RMK: THE AVERAGE TEMPERATURE OF 59.0 DEGREES TIES AS THE 7TH
WARMEST YEAR ON RECORD (59.0 DEGREES ALSO OCCURRED IN 2016).
THE WARMEST YEAR ON RECORD IS 60.6 DEGREES SET IN 1921.

$$
