000
CXUS53 KPAH 011152
CLAEVV

INDCLMEWA 000
TTAA00 KPAH 011148


CLIMATE REPORT
NATIONAL WEATHER SERVICE PADUCAH KY
531 AM CST THU JAN 1 2015

...................................

...THE EVANSVILLE IN CLIMATE SUMMARY FOR THE YEAR OF 2014...

CLIMATE NORMAL PERIOD 1981 TO 2010
CLIMATE RECORD PERIOD 1896 TO 2014

WEATHER         OBSERVED          NORMAL  DEPART  LAST YEAR`S
                 VALUE   DATE(S)  VALUE   FROM    VALUE  DATE(S)
                                          NORMAL
................................................................
TEMPERATURE (F)
RECORD
 HIGH             111   07/28/1930
 LOW              -23   02/02/1951
HIGHEST            96   08/27                         97  08/31
LOWEST             -4   01/07                          5  12/12
AVG. MAXIMUM     64.7              66.9    -2.2     65.6
AVG. MINIMUM     45.6              45.8    -0.2     46.0
MEAN             55.2              56.4    -1.2     55.8
DAYS MAX >= 90     28              38.0   -10.0       30
DAYS MAX <= 32     24              15.5     8.5       14
DAYS MAX >= 95      2
DAYS MAX >= 100     0
DAYS MIN <= 32     99              92.6     6.4      106
DAYS MIN <= 0       2               1.8     0.2        0

PRECIPITATION (INCHES)
RECORD
 MAXIMUM        70.03   2011
 MINIMUM         0.01   1910
TOTALS          47.21             45.31    1.90    53.59
DAILY AVG.       0.13              0.12    0.01     0.15
DAYS >= .01       126             115.5    10.5      131
DAYS >= .10        74              74.9    -0.9       72
DAYS >= .50        31              30.8     0.2       36
DAYS >= 1.00        9              11.9    -2.9       17
DAYS >= 0.25       55
DAYS >= 2.00        4
GREATEST
 24 HR. TOTAL    5.50
 STORM TOTAL       MM
 (MM/DD(HH))

SNOWFALL (INCHES)
RECORDS
 TOTAL           41.0   1918
 24 HR TOTAL     19.3   12/22/2004 TO 12/22/2004
TOTALS            7.8              11.8    -4.0      8.8
 LIQUID EQUIV    0.78              1.50   -0.72
SINCE 7/1         2.4               3.5    -1.1      7.2
 LIQUID 7/1      0.24
SNOWDEPTH AVG.      0
DAYS >= TRACE      33              10.4    22.6       31
DAYS >= 1.0         3               3.5    -0.5
GREATEST
 SNOW DEPTH         2   11/17
                        03/04
                        03/03
 24 HR TOTAL      1.8   MM
 STORM TOTAL       MM
 (MM/DD(HH))

DEGREE_DAYS
HEATING TOTAL    4930              4549     381     4712
 SINCE 7/1         MM              1772      MM

FREEZE DATES
RECORD
 EARLIEST     10/03/1974
 LATEST       05/10/1966
EARLIEST                        10/23
LATEST                          04/10
.................................................................

WIND (MPH)
AVERAGE WIND SPEED              7.0
HIGHEST WIND SPEED/DIRECTION    48/230    DATE  05/09
HIGHEST GUST SPEED/DIRECTION    67/240    DATE  05/09

SKY COVER
POSSIBLE SUNSHINE (PERCENT)   MM
AVERAGE SKY COVER           0.30
NUMBER OF DAYS FAIR          200
NUMBER OF DAYS PC             99
NUMBER OF DAYS CLOUDY         66

AVERAGE RH (PERCENT)     68

WEATHER CONDITIONS. NUMBER OF DAYS WITH
THUNDERSTORM              0     MIXED PRECIP               0
HEAVY RAIN               52     RAIN                      68
LIGHT RAIN              133     FREEZING RAIN              1
LT FREEZING RAIN          2     HAIL                       0
HEAVY SNOW                0     SNOW                       3
LIGHT SNOW               37     SLEET                      2
FOG                     175     FOG W/VIS <= 1/4 MILE      9
HAZE                    141

-  INDICATES NEGATIVE NUMBERS.
R  INDICATES RECORD WAS SET OR TIED.
MM INDICATES DATA IS MISSING.
T  INDICATES TRACE AMOUNT.

$$
