000
CXUS53 KPAH 011658
CLAEVV

INDCLMEWA 000
TTAA00 KPAH 011652


CLIMATE REPORT
NATIONAL WEATHER SERVICE PADUCAH KY
1051 AM CST SUN JAN 1 2012

...................................

...THE EVANSVILLE IN CLIMATE SUMMARY FOR THE YEAR OF 2011...

CLIMATE NORMAL PERIOD 1981 TO 2010
CLIMATE RECORD PERIOD 1896 TO 2011

WEATHER         OBSERVED          NORMAL  DEPART  LAST YEAR`S
                 VALUE   DATE(S)  VALUE   FROM    VALUE  DATE(S)
                                          NORMAL
................................................................
TEMPERATURE (F)
RECORD
 HIGH             111   07/28/1930
 LOW              -23   02/02/1951
HIGHEST           100   09/03                        102  08/04
                        09/02
LOWEST              4   01/21                          1  01/31
AVG. MAXIMUM     67.6              66.9     0.7     67.8
AVG. MINIMUM     47.8              45.8     2.0     46.2
MEAN             57.7              56.4     1.3     57.0
DAYS MAX >= 90     55              38.0    17.0       77
DAYS MAX <= 32     16              15.5     0.5       35
DAYS MAX >= 95     16
DAYS MAX >= 100     2
DAYS MIN <= 32     80              92.6   -12.6       99
DAYS MIN <= 0       0               1.8    -1.8        0

PRECIPITATION (INCHES)
RECORD
 MAXIMUM        66.18   2006
 MINIMUM         0.01   1910
TOTALS          70.03R            45.31   24.72    32.78
DAILY AVG.       0.19              0.12    0.07     0.09
DAYS >= .01       127             115.5    11.5      103
DAYS >= .10        87              74.9    12.1       63
DAYS >= .50        49              30.8    18.2       20
DAYS >= 1.00       22              11.9    10.1        8
DAYS >= 0.25       68
DAYS >= 2.00       10
GREATEST
 24 HR. TOTAL    3.74
 STORM TOTAL       MM
 (MM/DD(HH))

SNOWFALL (INCHES)
RECORDS
 TOTAL           41.0   1918
 24 HR TOTAL     19.3   12/22/2004 TO 12/22/2004
TOTALS            9.0              11.8    -2.8     21.9
 LIQUID EQUIV    0.90              1.50   -0.60
SINCE 7/1         0.1               3.5    -3.4      6.6
 LIQUID 7/1      0.01
SNOWDEPTH AVG.      0
DAYS >= TRACE      21              10.4    10.6       32
DAYS >= 1.0         2               3.5    -1.5
GREATEST
 SNOW DEPTH         3   01/21
 24 HR TOTAL      3.1   MM
 STORM TOTAL       MM
 (MM/DD(HH))

DEGREE_DAYS
HEATING TOTAL    4195              4549    -354     4676
 SINCE 7/1         MM              1772      MM

FREEZE DATES
RECORD
 EARLIEST     10/03/1974
 LATEST       05/10/1966
EARLIEST                        10/23
LATEST                          04/10
.................................................................

WIND (MPH)
AVERAGE WIND SPEED              6.5
HIGHEST WIND SPEED/DIRECTION    55/250    DATE  04/19
HIGHEST GUST SPEED/DIRECTION    76/250    DATE  04/19

SKY COVER
POSSIBLE SUNSHINE (PERCENT)   MM
AVERAGE SKY COVER           0.40
NUMBER OF DAYS FAIR          201
NUMBER OF DAYS PC             78
NUMBER OF DAYS CLOUDY         86

AVERAGE RH (PERCENT)     68

WEATHER CONDITIONS. NUMBER OF DAYS WITH
THUNDERSTORM              0     MIXED PRECIP               0
HEAVY RAIN               64     RAIN                      80
LIGHT RAIN              145     FREEZING RAIN              1
LT FREEZING RAIN          1     HAIL                       0
HEAVY SNOW                1     SNOW                       5
LIGHT SNOW               21     SLEET                      0
FOG                     198     FOG W/VIS <= 1/4 MILE     20
HAZE                    138

-  INDICATES NEGATIVE NUMBERS.
R  INDICATES RECORD WAS SET OR TIED.
MM INDICATES DATA IS MISSING.
T  INDICATES TRACE AMOUNT.

$$

RMKS: WETTEST YEAR ON RECORD. OLD RECORD WAS 66.18 INCHES SET
IN 2006.

$$
