000
CXUS53 KPAH 060324 CCA
CLAEVV

INDCLMEWA 000
TTAA00 KPAH 060131


CLIMATE REPORT...CORRECTION TO AVG AND MEAN TEMPS/DEPARTURES
NATIONAL WEATHER SERVICE PADUCAH KY
659 PM CST TUE JAN 5 2010

...................................

...THE EVANSVILLE IN CLIMATE SUMMARY FOR THE YEAR OF 2009...

CLIMATE NORMAL PERIOD 1971 TO 2000
CLIMATE RECORD PERIOD 1896 TO 2010

WEATHER         OBSERVED          NORMAL  DEPART  LAST YEAR`S
                 VALUE   DATE(S)  VALUE   FROM    VALUE  DATE(S)
                                          NORMAL
................................................................
TEMPERATURE (F)
RECORD
 HIGH             111   07/28/1930
 LOW              -23   02/02/1951
HIGHEST            97   06/26                         95  07/29
                                                          07/20
LOWEST                  01/16                          5  12/22
AVG. MAXIMUM     65.9              66.7    -0.8     66.0
AVG. MINIMUM     46.2              45.6     0.6     45.5
MEAN             56.1              56.0     0.1     55.8
DAYS MAX >= 90     24              42.0   -18.0       36
DAYS MAX <= 32     14              23.0    -9.0       23
DAYS MAX >= 95      5
DAYS MAX >= 100     0
DAYS MIN <= 32     65              98.0   -33.0      104
DAYS MIN <= 0       1               4.0    -3.0        0

PRECIPITATION (INCHES)
RECORD
 MAXIMUM        66.18   2006
 MINIMUM         0.01   1910
TOTALS          50.21             44.27    5.94    53.88
DAILY AVG.       0.14             10.78  -10.64     0.15
DAYS >= .01       112             115.0    -3.0      125
DAYS >= .10        79                MM      MM       80
DAYS >= .50        32                MM      MM       29
DAYS >= 1.00       13              11.0     2.0       11
DAYS >= 0.25       59
DAYS >= 2.00        2
GREATEST
 24 HR. TOTAL    2.77
 STORM TOTAL       MM
 (MM/DD(HH))

SNOWFALL (INCHES)
RECORDS
 TOTAL           41.0   1918
 24 HR TOTAL     19.3   12/22/2004 TO 12/22/2004
TOTALS            6.5              14.2    -7.7     10.5
 LIQUID EQUIV    0.65              1.50   -0.85
SINCE 7/1         0.0               3.7    -3.7      0.1
 LIQUID 7/1      0.00
SNOWDEPTH AVG.      0
DAYS >= TRACE      16              13.3     2.7       34
DAYS >= 1.0         3               5.0    -2.0
GREATEST
 SNOW DEPTH         3   01/28
 24 HR TOTAL      2.7   MM
 STORM TOTAL       MM
 (MM/DD(HH))

DEGREE_DAYS
HEATING TOTAL    4413              4617    -204     4675
 SINCE 7/1       1733              1769    -036

FREEZE DATES
RECORD
 EARLIEST     10/03/1974
 LATEST       05/10/1966
EARLIEST                        10/23
LATEST                          04/10
.................................................................

WIND (MPH)
AVERAGE WIND SPEED              6.2
HIGHEST WIND SPEED/DIRECTION    44/230    DATE  02/11
HIGHEST GUST SPEED/DIRECTION    59/200    DATE  02/11

SKY COVER
POSSIBLE SUNSHINE (PERCENT)   MM

NUMBER OF DAYS FAIR          188
NUMBER OF DAYS PC             88
NUMBER OF DAYS CLOUDY         58

AVERAGE RH (PERCENT)     69

WEATHER CONDITIONS. NUMBER OF DAYS WITH
THUNDERSTORM             49     MIXED PRECIP               0
HEAVY RAIN               59     RAIN                      66
LIGHT RAIN              129     FREEZING RAIN              3
LT FREEZING RAIN          2     HAIL                       0
HEAVY SNOW                0     SNOW                       2
LIGHT SNOW               16     SLEET                      1
FOG                     191     FOG W/VIS <= 1/4 MILE     23
HAZE                     90

-  INDICATES NEGATIVE NUMBERS.
R  INDICATES RECORD WAS SET OR TIED.
MM INDICATES DATA IS MISSING.
T  INDICATES TRACE AMOUNT.

&&

FOR EVANSVILLE INDIANA...

...JULY WAS THE SECOND COLDEST ON RECORD WITH A MEAN TEMPERATURE
OF 73.4 DEGREES.
...IT WAS THE 4TH WETTEST OCTOBER ON RECORD WITH 8.21 INCHES, AND
THE 7TH COOLEST WITH A MEAN TEMPERATURE OF 53.7 DEGREES.

$$
