000
CXUS53 KPAH 020021
CLAEVV
CLIMATE REPORT
NATIONAL WEATHER SERVICE PADUCAH KY
621 PM CST MON JAN 01 2024
...................................
...THE EVANSVILLE IN CLIMATE SUMMARY FOR THE YEAR OF 2023...
CLIMATE NORMAL PERIOD 1991 TO 2020
CLIMATE RECORD PERIOD 1896 TO 2023
WEATHER OBSERVED NORMAL DEPART LAST YEAR`S
VALUE DATE(S) VALUE FROM VALUE DATE(S)
NORMAL
................................................................
TEMPERATURE (F)
RECORD
HIGH 111 07/28/1930
LOW -23 02/02/1951
HIGHEST 100 07/28 101 07/05
LOWEST 17 02/03 -6 12/23
02/04
AVG. MAXIMUM 70.0 67.2 2.8 67.4
AVG. MINIMUM 48.4 47.1 1.3 46.3
MEAN 59.2 57.2 2.0 56.9
DAYS MAX >= 90 32 41.0 -9.0 44
DAYS MAX <= 32 2 15.7 -13.7 18
DAYS MIN <= 32 66 90.4 -24.4 96
DAYS MIN <= 0 0 1.0 -1.0 2
PRECIPITATION (INCHES)
RECORD
MAXIMUM 70.03 2011
MINIMUM 0.01 1910
TOTALS 41.63 47.91 -6.28 45.32
DAILY AVG. 0.11 0.13 -0.02 0.12
DAYS >= .01 103 118.0 -15.0 104
DAYS >= .10 58 76.4 -18.4 64
DAYS >= .50 23 32.2 -9.2 30
DAYS >= 1.00 11 12.9 -1.9 13
GREATEST
24 HR. TOTAL 3.73
SNOWFALL (INCHES)
RECORDS
TOTAL 41.0 1918
24 HR TOTAL 19.3 12/22/2004 TO 12/22/2004
TOTALS 0.9 10.8 -9.9 10.0
LIQUID EQUIV 0.10 1.50 -1.40
SINCE 7/1 T 3.2 -3.2 MM
LIQUID 7/1 -0.10
SNOWDEPTH AVG. 0
DAYS >= TRACE 14 8.3 5.7 20
DAYS >= 1.0 0 3.2 -3.2
GREATEST
SNOW DEPTH 1 01/31
02/01
DEGREE DAYS
HEATING TOTAL 3463 4340 -877 4502
SINCE 7/1 1305 1684 -379
FREEZE DATES
RECORD
EARLIEST 10/03/1974
LATEST 05/10/1966
EARLIEST 10/31
LATEST 04/24
................................................................
WIND (MPH)
AVERAGE WIND SPEED 6.3
HIGHEST WIND SPEED/DIRECTION 46/240 DATE 04/05
HIGHEST GUST SPEED/DIRECTION 62/260 DATE 04/05
SKY COVER
POSSIBLE SUNSHINE (PERCENT) MM
AVERAGE SKY COVER 0.35
NUMBER OF DAYS FAIR 203
NUMBER OF DAYS PC 106
NUMBER OF DAYS CLOUDY 55
AVERAGE RH (PERCENT) 67
WEATHER CONDITIONS. NUMBER OF DAYS WITH
THUNDERSTORM 45 MIXED PRECIP 0
HEAVY RAIN 42 RAIN 56
LIGHT RAIN 125 FREEZING RAIN 1
LT FREEZING RAIN 2 HAIL 1
HEAVY SNOW 0 SNOW 1
LIGHT SNOW 11 SLEET 1
FOG 153 FOG W/VIS <= 1/4 MILE 12
HAZE 51
- INDICATES NEGATIVE NUMBERS.
R INDICATES RECORD WAS SET OR TIED.
MM INDICATES DATA IS MISSING.
T INDICATES TRACE AMOUNT.
[REMARKS}: 5TH WARMEST AND 2ND LEAST SNOWIEST YEAR ON RECORD IN EVANSVILLE.
$$