000
CDUS43 KPAH 270632
CLIEVV


CLIMATE REPORT
NATIONAL WEATHER SERVICE PADUCAH KY
1229 AM CST MON FEB 27 2017


...................................

...THE EVANSVILLE IN CLIMATE SUMMARY FOR FEBRUARY 26 2017...

CLIMATE NORMAL PERIOD 1981 TO 2010
CLIMATE RECORD PERIOD 1896 TO 2017


WEATHER ITEM   OBSERVED TIME   RECORD YEAR NORMAL DEPARTURE LAST
                VALUE   (LST)  VALUE       VALUE  FROM      YEAR
                                                  NORMAL
..................................................................
TEMPERATURE (F)
 YESTERDAY
  MAXIMUM         53    233 PM  72    1996  50      3       42
                                      1917
  MINIMUM         22    453 AM   4    1934  30     -8       29
  AVERAGE         38                        40     -2       36

PRECIPITATION (IN)
  YESTERDAY        0.00          2.37 1955   0.12  -0.12     0.00
  MONTH TO DATE    0.81                      2.95  -2.14     4.07
  SINCE DEC 1      7.00                      9.81  -2.81    11.27
  SINCE JAN 1      3.08                      6.05  -2.97     6.07

SNOWFALL (IN)
  YESTERDAY        0.0           0.7  2002   0.1   -0.1      0.0
  MONTH TO DATE    T                         3.6   -3.6      3.3
  SINCE DEC 1      0.4                      10.2   -9.8     14.2
  SINCE JUL 1      0.4                      10.5  -10.1     14.2
  SNOW DEPTH       0

DEGREE DAYS
 HEATING
  YESTERDAY       27                        25      2       29
  MONTH TO DATE  489                       746   -257      676
  SINCE DEC 1   2152                      2664   -512     2157
  SINCE JUL 1   2682                      3525   -843     2766

 COOLING
  YESTERDAY        0                         0      0        0
  MONTH TO DATE    0                         0      0        0
  SINCE DEC 1      0                         0      0        3
  SINCE JAN 1      0                         0      0        0
..................................................................


WIND (MPH)
  HIGHEST WIND SPEED    17   HIGHEST WIND DIRECTION    SW (220)
  HIGHEST GUST SPEED    20   HIGHEST GUST DIRECTION    SE (140)
  AVERAGE WIND SPEED     5.6


SKY COVER
  AVERAGE SKY COVER 0.3


WEATHER CONDITIONS
 THE FOLLOWING WEATHER WAS RECORDED YESTERDAY.
  NO SIGNIFICANT WEATHER WAS OBSERVED.


RELATIVE HUMIDITY (PERCENT)
 HIGHEST    75
 LOWEST     21
 AVERAGE    48

..........................................................


THE EVANSVILLE IN CLIMATE NORMALS FOR TODAY
                         NORMAL    RECORD    YEAR
 MAXIMUM TEMPERATURE (F)   50        77      1996
 MINIMUM TEMPERATURE (F)   30        -1      1934


SUNRISE AND SUNSET
FEBRUARY 27 2017......SUNRISE   624 AM CST   SUNSET   542 PM CST
FEBRUARY 28 2017......SUNRISE   623 AM CST   SUNSET   543 PM CST


-  INDICATES NEGATIVE NUMBERS.
R  INDICATES RECORD WAS SET OR TIED.
MM INDICATES DATA IS MISSING.
T  INDICATES TRACE AMOUNT.




$$
