000
CDUS43 KPAH 012236
CLIEVV


CLIMATE REPORT
NATIONAL WEATHER SERVICE PADUCAH KY
434 PM CST SUN FEB 1 2015


...................................

...THE EVANSVILLE IN CLIMATE SUMMARY FOR FEBRUARY 1 2015...
VALID TODAY AS OF 0400 PM LOCAL TIME.

CLIMATE NORMAL PERIOD 1981 TO 2010
CLIMATE RECORD PERIOD 1896 TO 2015


WEATHER ITEM   OBSERVED TIME   RECORD YEAR NORMAL DEPARTURE LAST
                VALUE   (LST)  VALUE       VALUE  FROM      YEAR
                                                  NORMAL
..................................................................
TEMPERATURE (F)
 TODAY
  MAXIMUM         48    359 PM  71    1911  42      6       60
  MINIMUM         37    330 AM  -5    1951  25     12       36
  AVERAGE                                   33              48

PRECIPITATION (IN)
  TODAY            0.62          2.07 1988   0.12   0.50     0.50
  MONTH TO DATE    0.62                      0.12   0.50     0.50
  SINCE DEC 1      7.02                      6.98   0.04     9.52
  SINCE JAN 1      3.59                      3.22   0.37     2.19

SNOWFALL (IN)
  TODAY            0.0                                       0.0
  MONTH TO DATE    0.0                                       0.0
  SINCE JUL 1      2.6                                       7.8
  SNOW DEPTH       0

..................................................................


WIND (MPH)
  HIGHEST WIND SPEED    17   HIGHEST WIND DIRECTION     W (270)
  HIGHEST GUST SPEED    22   HIGHEST GUST DIRECTION     W (260)




..........................................................


THE EVANSVILLE IN CLIMATE NORMALS FOR TOMORROW
                         NORMAL    RECORD    YEAR
 MAXIMUM TEMPERATURE (F)   43        63      1911
 MINIMUM TEMPERATURE (F)   25       -23      1951


SUNRISE AND SUNSET
FEBRUARY  1 2015......SUNRISE   655 AM CST   SUNSET   513 PM CST
FEBRUARY  2 2015......SUNRISE   654 AM CST   SUNSET   514 PM CST


-  INDICATES NEGATIVE NUMBERS.
R  INDICATES RECORD WAS SET OR TIED.
MM INDICATES DATA IS MISSING.
T  INDICATES TRACE AMOUNT.




$$
