000
CDUS43 KPAH 240627
CLIEVV


CLIMATE REPORT
NATIONAL WEATHER SERVICE PADUCAH KY
1226 AM CST TUE JAN 24 2017

...................................

...THE EVANSVILLE IN CLIMATE SUMMARY FOR JANUARY 23 2017...

CLIMATE NORMAL PERIOD 1981 TO 2010
CLIMATE RECORD PERIOD 1896 TO 2017

WEATHER ITEM   OBSERVED TIME   RECORD YEAR NORMAL DEPARTURE LAST
                VALUE   (LST)  VALUE       VALUE  FROM      YEAR
                                                  NORMAL
..................................................................
TEMPERATURE (F)
 YESTERDAY
  MAXIMUM         51   1206 AM  72    1967  41     10       35
  MINIMUM         42   1159 PM -14    1963  24     18       16
  AVERAGE         47                        32     15       26

PRECIPITATION (IN)
  YESTERDAY        0.00          1.16 1996   0.10  -0.10     0.00
  MONTH TO DATE    2.26                      2.26   0.00     1.97
  SINCE DEC 1      6.18                      6.02   0.16     7.17
  SINCE JAN 1      2.26                      2.26   0.00     1.97

SNOWFALL (IN)
  YESTERDAY        0.0           2.6  1977   0.2   -0.2      0.0
  MONTH TO DATE    0.4                       2.5   -2.1     10.9
  SINCE DEC 1      0.4                       5.7   -5.3     10.9
  SINCE JUL 1      0.4                       6.0   -5.6     10.9
  SNOW DEPTH       0

DEGREE DAYS
 HEATING
  YESTERDAY       18                        33    -15       39
  MONTH TO DATE  554                       754   -200      769
  SINCE DEC 1   1454                      1665   -211     1298
  SINCE JUL 1   1984                      2526   -542     1907

 COOLING
  YESTERDAY        0                         0      0        0
  MONTH TO DATE    0                         0      0        0
  SINCE DEC 1      0                         0      0        3
  SINCE JAN 1      0                         0      0        0
..................................................................

WIND (MPH)
  HIGHEST WIND SPEED    23   HIGHEST WIND DIRECTION     N (340)
  HIGHEST GUST SPEED    33   HIGHEST GUST DIRECTION     N (340)
  AVERAGE WIND SPEED    12.3

SKY COVER
  AVERAGE SKY COVER 1.0

WEATHER CONDITIONS
 THE FOLLOWING WEATHER WAS RECORDED YESTERDAY.
  HAZE

RELATIVE HUMIDITY (PERCENT)
 HIGHEST    89
 LOWEST     70
 AVERAGE    80
..........................................................

THE EVANSVILLE IN CLIMATE NORMALS FOR TODAY
                         NORMAL    RECORD    YEAR
 MAXIMUM TEMPERATURE (F)   41        76      1943
 MINIMUM TEMPERATURE (F)   24       -15      1963

SUNRISE AND SUNSET
JANUARY 24 2017.......SUNRISE   700 AM CST   SUNSET   505 PM CST
JANUARY 25 2017.......SUNRISE   700 AM CST   SUNSET   506 PM CST

-  INDICATES NEGATIVE NUMBERS.
R  INDICATES RECORD WAS SET OR TIED.
MM INDICATES DATA IS MISSING.
T  INDICATES TRACE AMOUNT.

$$
