292
CDUS43 KPAH 040632
CLIEVV


CLIMATE REPORT
NATIONAL WEATHER SERVICE PADUCAH KY
129 AM CDT WED MAY 4 2016


...................................

...THE EVANSVILLE IN CLIMATE SUMMARY FOR MAY 3 2016...

CLIMATE NORMAL PERIOD 1981 TO 2010
CLIMATE RECORD PERIOD 1896 TO 2016


WEATHER ITEM   OBSERVED TIME   RECORD YEAR NORMAL DEPARTURE LAST
                VALUE   (LST)  VALUE       VALUE  FROM      YEAR
                                                  NORMAL
..................................................................
TEMPERATURE (F)
 YESTERDAY
  MAXIMUM         64    355 PM  89    1959  73     -9       80
  MINIMUM         50   1023 PM  34    2005  50      0       53
  AVERAGE         57                        62     -5       67

PRECIPITATION (IN)
  YESTERDAY        0.00          2.46 1942   0.18  -0.18     0.00
  MONTH TO DATE    0.13                      0.51  -0.38     0.00
  SINCE MAR 1     11.49                      9.12   2.37    13.47
  SINCE JAN 1     17.83                     15.39   2.44    19.00

SNOWFALL (IN)
  YESTERDAY        0.0                       0.0    0.0      0.0
  MONTH TO DATE    0.0                       0.0    0.0      0.0
  SINCE MAR 1      T                         1.1   -1.1      8.5
  SINCE JUL 1     14.2                      11.8    2.4     18.5
  SNOW DEPTH       0

DEGREE DAYS
 HEATING
  YESTERDAY        8                         5      3        0
  MONTH TO DATE   14                        15     -1       12
  SINCE MAR 1    660                       896   -236      827
  SINCE JUL 1   3478                      4470   -992     4663

 COOLING
  YESTERDAY        0                         1     -1        2
  MONTH TO DATE    2                         3     -1        2
  SINCE MAR 1     24                        30     -6       30
  SINCE JAN 1     24                        30     -6       30
..................................................................


WIND (MPH)
  HIGHEST WIND SPEED    15   HIGHEST WIND DIRECTION    NW (320)
  HIGHEST GUST SPEED    21   HIGHEST GUST DIRECTION     N (360)
  AVERAGE WIND SPEED     6.5


SKY COVER
  AVERAGE SKY COVER 0.7


WEATHER CONDITIONS
 THE FOLLOWING WEATHER WAS RECORDED YESTERDAY.
  NO SIGNIFICANT WEATHER WAS OBSERVED.


RELATIVE HUMIDITY (PERCENT)
 HIGHEST    89
 LOWEST     44
 AVERAGE    67

..........................................................


THE EVANSVILLE IN CLIMATE NORMALS FOR TODAY
                         NORMAL    RECORD    YEAR
 MAXIMUM TEMPERATURE (F)   74        91      1959
 MINIMUM TEMPERATURE (F)   51        32      1976


SUNRISE AND SUNSET
MAY  4 2016...........SUNRISE   550 AM CDT   SUNSET   744 PM CDT
MAY  5 2016...........SUNRISE   549 AM CDT   SUNSET   745 PM CDT


-  INDICATES NEGATIVE NUMBERS.
R  INDICATES RECORD WAS SET OR TIED.
MM INDICATES DATA IS MISSING.
T  INDICATES TRACE AMOUNT.




$$
