000
CDUS43 KPAH 200629
CLIEVV


CLIMATE REPORT
NATIONAL WEATHER SERVICE PADUCAH KY
1227 AM CST MON NOV 20 2017


...................................

...THE EVANSVILLE IN CLIMATE SUMMARY FOR NOVEMBER 19 2017...

CLIMATE NORMAL PERIOD 1981 TO 2010
CLIMATE RECORD PERIOD 1896 TO 2017


WEATHER ITEM   OBSERVED TIME   RECORD YEAR NORMAL DEPARTURE LAST
                VALUE   (LST)  VALUE       VALUE  FROM      YEAR
                                                  NORMAL
..................................................................
TEMPERATURE (F)
 YESTERDAY
  MAXIMUM         42   1208 AM  81    1930  55    -13       48
  MINIMUM         26   1055 PM  14    1914  35     -9       33
  AVERAGE         34                        45    -11       41

PRECIPITATION (IN)
  YESTERDAY        0.00          2.25 1950   0.16  -0.16     0.00
  MONTH TO DATE    1.68                      2.66  -0.98     0.70
  SINCE SEP 1      8.63                      8.96  -0.33     5.20
  SINCE JAN 1     41.04                     39.88   1.16    43.66

SNOWFALL (IN)
  YESTERDAY        0.0           2.0  1969   0.0    0.0      0.0
  MONTH TO DATE    0.0                       0.0    0.0      0.0
  SINCE SEP 1      0.0                       0.2   -0.2      0.0
  SINCE JUL 1      0.0                       0.2   -0.2      0.0
  SNOW DEPTH       0

DEGREE DAYS
 HEATING
  YESTERDAY       31                        20     11       24
  MONTH TO DATE  320                       309     11      198
  SINCE SEP 1    554                       611    -57      306
  SINCE JUL 1    554                       612    -58      306

 COOLING
  YESTERDAY        0                         0      0        0
  MONTH TO DATE    2                         0      2       11
  SINCE SEP 1    277                       196     81      389
  SINCE JAN 1   1567                      1395    172     1775
..................................................................


WIND (MPH)
  HIGHEST WIND SPEED    17   HIGHEST WIND DIRECTION    NW (300)
  HIGHEST GUST SPEED    22   HIGHEST GUST DIRECTION     W (280)
  AVERAGE WIND SPEED     7.1


SKY COVER
  AVERAGE SKY COVER 0.4


WEATHER CONDITIONS
 THE FOLLOWING WEATHER WAS RECORDED YESTERDAY.
  NO SIGNIFICANT WEATHER WAS OBSERVED.


RELATIVE HUMIDITY (PERCENT)
 HIGHEST    85
 LOWEST     46
 AVERAGE    66

..........................................................


THE EVANSVILLE IN CLIMATE NORMALS FOR TODAY
                         NORMAL    RECORD    YEAR
 MAXIMUM TEMPERATURE (F)   54        75      1913
 MINIMUM TEMPERATURE (F)   35        12      1914


SUNRISE AND SUNSET
NOVEMBER 20 2017......SUNRISE   637 AM CST   SUNSET   435 PM CST
NOVEMBER 21 2017......SUNRISE   638 AM CST   SUNSET   434 PM CST


-  INDICATES NEGATIVE NUMBERS.
R  INDICATES RECORD WAS SET OR TIED.
MM INDICATES DATA IS MISSING.
T  INDICATES TRACE AMOUNT.




$$
