000
CDUS43 KPAH 280634
CLIEVV


CLIMATE REPORT
NATIONAL WEATHER SERVICE PADUCAH KY
132 AM CDT SUN MAY 28 2017


...................................

...THE EVANSVILLE IN CLIMATE SUMMARY FOR MAY 27 2017...

CLIMATE NORMAL PERIOD 1981 TO 2010
CLIMATE RECORD PERIOD 1896 TO 2017


WEATHER ITEM   OBSERVED TIME   RECORD YEAR NORMAL DEPARTURE LAST
                VALUE   (LST)  VALUE       VALUE  FROM      YEAR
                                                  NORMAL
..................................................................
TEMPERATURE (F)
 YESTERDAY
  MAXIMUM         88    133 PM  96    1911  80      8       85
  MINIMUM         68   1159 PM  35    1961  58     10       65
  AVERAGE         78                        69      9       75

PRECIPITATION (IN)
  YESTERDAY        T             3.49 2008   0.17  -0.17      T
  MONTH TO DATE    3.89                      4.67  -0.78     3.99
  SINCE MAR 1     17.63                     13.28   4.35    15.35
  SINCE JAN 1     20.90                     19.55   1.35    21.69

SNOWFALL (IN)
  YESTERDAY        0.0           0.0  2002   0.0    0.0      0.0
                                      2001
  MONTH TO DATE    0.0                       0.0    0.0      0.0
  SINCE MAR 1      1.0                       1.1   -0.1       T
  SINCE JUL 1      1.4                      11.8  -10.4     14.2
  SNOW DEPTH       0

DEGREE DAYS
 HEATING
  YESTERDAY        0                         1     -1        0
  MONTH TO DATE   73                        82     -9      114
  SINCE MAR 1    693                       963   -270      760
  SINCE JUL 1   3392                      4537  -1145     3578

 COOLING
  YESTERDAY       13                         5      8       10
  MONTH TO DATE  131                        84     47       42
  SINCE MAR 1    192                       111     81       64
  SINCE JAN 1    192                       111     81       64
..................................................................


WIND (MPH)
  HIGHEST WIND SPEED    18   HIGHEST WIND DIRECTION     W (250)
  HIGHEST GUST SPEED    25   HIGHEST GUST DIRECTION     W (270)
  AVERAGE WIND SPEED     7.0


SKY COVER
  AVERAGE SKY COVER 0.5


WEATHER CONDITIONS
 THE FOLLOWING WEATHER WAS RECORDED YESTERDAY.
  FOG
  HAZE


RELATIVE HUMIDITY (PERCENT)
 HIGHEST    90
 LOWEST     56
 AVERAGE    73

..........................................................


THE EVANSVILLE IN CLIMATE NORMALS FOR TODAY
                         NORMAL    RECORD    YEAR
 MAXIMUM TEMPERATURE (F)   81        98      1911
 MINIMUM TEMPERATURE (F)   58        43      1961


SUNRISE AND SUNSET
MAY 28 2017...........SUNRISE   531 AM CDT   SUNSET   805 PM CDT
MAY 29 2017...........SUNRISE   530 AM CDT   SUNSET   805 PM CDT


-  INDICATES NEGATIVE NUMBERS.
R  INDICATES RECORD WAS SET OR TIED.
MM INDICATES DATA IS MISSING.
T  INDICATES TRACE AMOUNT.




$$
