000
CDUS43 KPAH 010647
CLIEVV


CLIMATE REPORT
NATIONAL WEATHER SERVICE PADUCAH KY
143 AM CDT FRI AUG 1 2014


...................................

...THE EVANSVILLE IN CLIMATE SUMMARY FOR JULY 31 2014...

CLIMATE NORMAL PERIOD 1981 TO 2010
CLIMATE RECORD PERIOD 1896 TO 2014


WEATHER ITEM   OBSERVED TIME   RECORD YEAR NORMAL DEPARTURE LAST
                VALUE   (LST)  VALUE       VALUE  FROM      YEAR
                                                  NORMAL
..................................................................
TEMPERATURE (F)
 YESTERDAY
  MAXIMUM         86    339 PM 102    1935  88     -2       81
  MINIMUM         60    449 AM  52    1971  67     -7       69
  AVERAGE         73                        78     -5       75

PRECIPITATION (IN)
  YESTERDAY        0.00          3.12 1950   0.11  -0.11      T
  MONTH TO DATE    4.02                      3.92   0.10     3.59
  SINCE JUN 1      7.89                      7.70   0.19    11.14
  SINCE JAN 1     29.38                     27.94   1.44    33.69

SNOWFALL (IN)
  YESTERDAY        0.0          MM      MM   0.0    0.0      0.0
  MONTH TO DATE    0.0                       0.0    0.0      0.0
  SINCE JUN 1      0.0                       0.0    0.0      0.0
  SINCE JUL 1      0.0                       0.0    0.0      0.0
  SNOW DEPTH       0

DEGREE DAYS
 HEATING
  YESTERDAY        0                         0      0        0
  MONTH TO DATE    0                         0      0        0
  SINCE JUN 1      0                         6     -6        1
  SINCE JUL 1      0                         0      0        0

 COOLING
  YESTERDAY        8                        13     -5       10
  MONTH TO DATE  295                       403   -108      351
  SINCE JUN 1    657                       701    -44      647
  SINCE JAN 1    868                       836     32      818
..................................................................


WIND (MPH)
  HIGHEST WIND SPEED    10   HIGHEST WIND DIRECTION    SW (210)
  HIGHEST GUST SPEED    15   HIGHEST GUST DIRECTION    SW (210)
  AVERAGE WIND SPEED     1.9


SKY COVER
  AVERAGE SKY COVER 0.0


WEATHER CONDITIONS
 THE FOLLOWING WEATHER WAS RECORDED YESTERDAY.
  FOG


RELATIVE HUMIDITY (PERCENT)
 HIGHEST    90
 LOWEST     34
 AVERAGE    62

..........................................................


THE EVANSVILLE IN CLIMATE NORMALS FOR TODAY
                         NORMAL    RECORD    YEAR
 MAXIMUM TEMPERATURE (F)   88       100      1935
 MINIMUM TEMPERATURE (F)   67        54      1971


SUNRISE AND SUNSET
AUGUST  1 2014........SUNRISE   553 AM CDT   SUNSET   759 PM CDT
AUGUST  2 2014........SUNRISE   554 AM CDT   SUNSET   758 PM CDT


-  INDICATES NEGATIVE NUMBERS.
R  INDICATES RECORD WAS SET OR TIED.
MM INDICATES DATA IS MISSING.
T  INDICATES TRACE AMOUNT.




$$
