000
CDUS43 KPAH 230630
CLIEVV


CLIMATE REPORT
NATIONAL WEATHER SERVICE PADUCAH KY
128 AM CDT SUN JUL 23 2017


...................................

...THE EVANSVILLE IN CLIMATE SUMMARY FOR JULY 22 2017...

CLIMATE NORMAL PERIOD 1981 TO 2010
CLIMATE RECORD PERIOD 1896 TO 2017


WEATHER ITEM   OBSERVED TIME   RECORD YEAR NORMAL DEPARTURE LAST
                VALUE   (LST)  VALUE       VALUE  FROM      YEAR
                                                  NORMAL
..................................................................
TEMPERATURE (F)
 YESTERDAY
  MAXIMUM         99    246 PM 107    1901  88     11       86
  MINIMUM         78    540 AM  50    1966  67     11       74
                                      1947
  AVERAGE         89                        78     11       80

PRECIPITATION (IN)
  YESTERDAY        0.00          1.46 1997   0.13  -0.13     0.28
  MONTH TO DATE    1.45                      2.87  -1.42     6.66
  SINCE JUN 1      5.05                      6.65  -1.60    11.03
  SINCE JAN 1     26.05                     26.89  -0.84    32.78

SNOWFALL (IN)
  YESTERDAY        0.0          MM      MM   0.0    0.0      0.0
  MONTH TO DATE    0.0                       0.0    0.0      0.0
  SINCE JUN 1      0.0                       0.0    0.0      0.0
  SINCE JUL 1      0.0                       0.0    0.0      0.0
  SNOW DEPTH       0

DEGREE DAYS
 HEATING
  YESTERDAY        0                         0      0        0
  MONTH TO DATE    0                         0      0        0
  SINCE JUN 1      0                         6     -6        0
  SINCE JUL 1      0                         0      0        0

 COOLING
  YESTERDAY       24                        13     11       15
  MONTH TO DATE  338                       286     52      302
  SINCE JUN 1    644                       584     60      688
  SINCE JAN 1    869                       719    150      793
..................................................................


WIND (MPH)
  HIGHEST WIND SPEED    28   HIGHEST WIND DIRECTION    SW (220)
  HIGHEST GUST SPEED    34   HIGHEST GUST DIRECTION    SW (220)
  AVERAGE WIND SPEED    11.0


SKY COVER
  AVERAGE SKY COVER 0.1


WEATHER CONDITIONS
 THE FOLLOWING WEATHER WAS RECORDED YESTERDAY.
  FOG
  HAZE


RELATIVE HUMIDITY (PERCENT)
 HIGHEST    91
 LOWEST     39
 AVERAGE    65

..........................................................


THE EVANSVILLE IN CLIMATE NORMALS FOR TODAY
                         NORMAL    RECORD    YEAR
 MAXIMUM TEMPERATURE (F)   88       104      1901
 MINIMUM TEMPERATURE (F)   67        47      1947


SUNRISE AND SUNSET
JULY 23 2017..........SUNRISE   546 AM CDT   SUNSET   807 PM CDT
JULY 24 2017..........SUNRISE   547 AM CDT   SUNSET   806 PM CDT


-  INDICATES NEGATIVE NUMBERS.
R  INDICATES RECORD WAS SET OR TIED.
MM INDICATES DATA IS MISSING.
T  INDICATES TRACE AMOUNT.




$$
