000
CDUS43 KPAH 272134
CLIEVV


CLIMATE REPORT
NATIONAL WEATHER SERVICE PADUCAH KY
431 PM CDT SAT SEP 27 2014


...................................

...THE EVANSVILLE IN CLIMATE SUMMARY FOR SEPTEMBER 27 2014...
VALID TODAY AS OF 0400 PM LOCAL TIME.

CLIMATE NORMAL PERIOD 1981 TO 2010
CLIMATE RECORD PERIOD 1896 TO 2014


WEATHER ITEM   OBSERVED TIME   RECORD YEAR NORMAL DEPARTURE LAST
                VALUE   (LST)  VALUE       VALUE  FROM      YEAR
                                                  NORMAL
..................................................................
TEMPERATURE (F)
 TODAY
  MAXIMUM         85    251 PM  94    1998  77      8       82
  MINIMUM         56    417 AM  34    1942  52      4       53
  AVERAGE         71                        64      7       68

PRECIPITATION (IN)
  TODAY            0.00          1.65 1945   0.10  -0.10     0.00
  MONTH TO DATE    2.55                      2.73  -0.18     2.25
  SINCE SEP 1      2.55                      2.73  -0.18     2.25
  SINCE JAN 1     36.73                     33.65   3.08    37.58

SNOWFALL (IN)
  TODAY            0.0                                       0.0
  MONTH TO DATE    0.0                                       0.0
  SINCE JUL 1      0.0                                       0.0
  SNOW DEPTH       0

..................................................................


WIND (MPH)
  HIGHEST WIND SPEED    13   HIGHEST WIND DIRECTION     E (80)
  HIGHEST GUST SPEED    16   HIGHEST GUST DIRECTION    NE (60)




..........................................................


THE EVANSVILLE IN CLIMATE NORMALS FOR TOMORROW
                         NORMAL    RECORD    YEAR
 MAXIMUM TEMPERATURE (F)   76        94      1939
 MINIMUM TEMPERATURE (F)   51        31      1942


SUNRISE AND SUNSET
SEPTEMBER 27 2014.....SUNRISE   642 AM CDT   SUNSET   639 PM CDT
SEPTEMBER 28 2014.....SUNRISE   643 AM CDT   SUNSET   638 PM CDT


-  INDICATES NEGATIVE NUMBERS.
R  INDICATES RECORD WAS SET OR TIED.
MM INDICATES DATA IS MISSING.
T  INDICATES TRACE AMOUNT.




$$
